000
CXUS54 KMRX 191000
CF6TRI
PRELIMINARY LOCAL CLIMATOLOGICAL DATA (WS FORM: F-6)

                                          STATION:   TRI-CITIES      ASOS
                                          MONTH:     OCTOBER
                                          YEAR:      2017
                                          LATITUDE:   36 28 N
                                          LONGITUDE:  82 24 W

  TEMPERATURE IN F:       :PCPN:    SNOW:  WIND      :SUNSHINE: SKY     :PK WND
================================================================================
1   2   3   4   5  6A  6B    7    8   9   10  11  12  13   14  15   16   17  18
                                     12Z  AVG MX 2MIN
DY MAX MIN AVG DEP HDD CDD  WTR  SNW DPTH SPD SPD DIR MIN PSBL S-S WX    SPD DR
================================================================================

 1  78  42  60  -1   5   0 0.00  0.0    0  3.5 14 130   M    M   2        20 120
 2  79  39  59  -2   6   0 0.00  0.0    0  1.6  8 130   M    M   3        11 190
 3  82  44  63   3   2   0 0.00  0.0    0  2.5  9  90   M    M   1 1      13 100
 4  83  44  64   4   1   0 0.00  0.0    0  1.2  7 340   M    M   1         9 260
 5  84  46  65   5   0   0 0.00  0.0    0  0.7  6 340   M    M   3         9 270
 6  85  48  67   8   0   2 0.00  0.0    0  0.9  7 220   M    M   4 1      10 320
 7  86  52  69  10   0   4 0.00  0.0    0  3.5 12 180   M    M   3        17 170
 8  76  68  72  13   0   7 1.31  0.0    0  2.3  9 110   M    M  10 1      13 130
 9  83  68  76  18   0  11 0.12  0.0    0  5.9 17 240   M    M   8 1      21 240
10  86  67  77  19   0  12 0.11  0.0    0  1.5 13 190   M    M   8 1      15 200
11  86  66  76  18   0  11 0.00  0.0    0  4.1 17 260   M    M   7 12     21 250
12  83  60  72  15   0   7 0.00  0.0    0  1.2  8 290   M    M   4        12 280
13  85  59  72  15   0   7 0.00  0.0    0  2.9  9 250   M    M   3        14 250
14  81  57  69  12   0   4 0.00  0.0    0  1.2 10 320   M    M   3        13 290
15  80  56  68  12   0   3 0.21  0.0    0  6.3 20 230   M    M   7 1      26 240
16  63  40  52  -4  13   0 0.23  0.0    0  5.7 14 360   M    M   7 1      18 350
17  67  35  51  -5  14   0 0.00  0.0    0  0.9  8  60   M    M   1 12     12  60
18  72  36  54  -2  11   0 0.00  0.0    0  0.6  6 240   M    M   3         8 240
================================================================================
SM 1439  927        52  68  1.98     0.0  46.5          M       78
================================================================================
AV 79.9 51.5                               2.6 FASTST   M    M   4    MAX(MPH)
                                 MISC ---->  # 20 230               # 26  240
================================================================================
NOTES:
# LAST OF SEVERAL OCCURRENCES

COLUMN 17 PEAK WIND IN M.P.H.

PRELIMINARY LOCAL CLIMATOLOGICAL DATA (WS FORM: F-6) , PAGE 2

                                          STATION:  TRI-CITIES      ASOS
                                          MONTH:    OCTOBER
                                          YEAR:     2017
                                          LATITUDE:   36 28 N
                                          LONGITUDE:  82 24 W

[TEMPERATURE DATA]      [PRECIPITATION DATA]       SYMBOLS USED IN COLUMN 16

AVERAGE MONTHLY: 65.7   TOTAL FOR MONTH:   1.98    1 = FOG OR MIST
DPTR FM NORMAL:   7.5   DPTR FM NORMAL:    0.80    2 = FOG REDUCING VISIBILITY
HIGHEST:    86 ON 11,10 GRTST 24HR  1.31 ON  8- 8      TO 1/4 MILE OR LESS
LOWEST:     35 ON 17                               3 = THUNDER
                        SNOW, ICE PELLETS, HAIL    4 = ICE PELLETS
                        TOTAL MONTH:   0.0 INCH    5 = HAIL
                        GRTST 24HR     0.0         6 = FREEZING RAIN OR DRIZZLE
                        GRTST DEPTH:   0           7 = DUSTSTORM OR SANDSTORM:
                                                       VSBY 1/2 MILE OR LESS
                                                   8 = SMOKE OR HAZE
[NO. OF DAYS WITH]      [WEATHER - DAYS WITH]      9 = BLOWING SNOW
                                                   X = TORNADO
MAX 32 OR BELOW:   0    0.01 INCH OR MORE:   5
MAX 90 OR ABOVE:   0    0.10 INCH OR MORE:   5
MIN 32 OR BELOW:   0    0.50 INCH OR MORE:   1
MIN  0 OR BELOW:   0    1.00 INCH OR MORE:   1

[HDD (BASE 65) ]
TOTAL THIS MO.    52    CLEAR  (SCALE 0-3)   7
DPTR FM NORMAL   -79    PTCLDY (SCALE 4-7)   9
TOTAL FM JUL 1    89    CLOUDY (SCALE 8-10)  2
DPTR FM NORMAL   -95

[CDD (BASE 65) ]
TOTAL THIS MO.    68
DPTR FM NORMAL    59    [PRESSURE DATA]
TOTAL FM JAN 1  1141    HIGHEST SLP M ON M
DPTR FM NORMAL   164    LOWEST  SLP 29.56 ON  8

[REMARKS]
