000
CXUS54 KMRX 231000
CF6TRI
PRELIMINARY LOCAL CLIMATOLOGICAL DATA (WS FORM: F-6)

                                          STATION:   TRI-CITIES      ASOS
                                          MONTH:     JANUARY
                                          YEAR:      2017
                                          LATITUDE:   36 28 N
                                          LONGITUDE:  82 24 W

  TEMPERATURE IN F:       :PCPN:    SNOW:  WIND      :SUNSHINE: SKY     :PK WND
================================================================================
1   2   3   4   5  6A  6B    7    8   9   10  11  12  13   14  15   16   17  18
                                     12Z  AVG MX 2MIN
DY MAX MIN AVG DEP HDD CDD  WTR  SNW DPTH SPD SPD DIR MIN PSBL S-S WX    SPD DR
================================================================================

 1  53  38  46  11  19   0 0.08  0.0    0  1.9  7 340   M    M   7 1      12  30
 2  60  48  54  19  11   0 0.07  0.0    0  3.2  8  70   M    M   9 1      11  60
 3  60  50  55  20  10   0 0.38  0.0    0  7.9 22 230   M    M  10 1      28 230
 4  56  28  42   7  23   0 0.08  0.0    0 11.5 21 270   M    M   6 1      26 290
 5  40  24  32  -3  33   0    T    T    0  3.0 12 350   M    M   8        14 300
 6  33  21  27  -8  38   0 0.10  1.3    0  5.8 12 310   M    M  10 18     14  20
 7  23  11  17 -18  48   0 0.15  2.4    3  7.1 18 340   M    M   6 1      22 340
 8  20   7  14 -21  51   0    T  0.0    2  7.0 14 290   M    M   5        17 280
 9  34   9  22 -13  43   0 0.00  0.0    1  0.9  7 240   M    M   9         8  70
10  51  27  39   4  26   0    T  0.0    1  4.5 18 180   M    M   9        23 170
11  60  44  52  17  13   0 0.32  0.0    0  1.9 16 330   M    M   9 1      21 350
12  67  51  59  24   6   0 0.00  0.0    0  7.4 20 230   M    M   9        23 240
13  62  56  59  24   6   0 0.02  0.0    0  3.1 10 240   M    M  10 1      13 240
14  64  54  59  24   6   0 0.08  0.0    0  5.3 16 240   M    M   9 18     21 240
15  59  53  56  21   9   0    T  0.0    0  3.9 12 290   M    M  10 1      15 300
16  69  52  61  26   4   0 0.00  0.0    0  1.8 20 240   M    M   9 12     23 240
17  63  50  57  22   8   0 0.06  0.0    0  2.9 18 230   M    M  10 1      28 240
18  63  38  51  16  14   0 0.15  0.0    0  7.9 21 290   M    M   5 1      27 290
19  63  35  49  14  16   0 0.00  0.0    0  1.0  8 250   M    M   7 1      10 290
20  66  47  57  22   8   0 0.33  0.0    0  3.8 21 240   M    M   8 1      27 260
21  59  41  50  15  15   0    T    M    0  0.7  6  40   M    M   8 12      8  50
22  69  46  58  23   7   0 0.07    M    0  4.2 16  70   M    M   8 1      22 150
================================================================================
SM 1194  830       414   0  1.89     3.7  96.7          M      181
================================================================================
AV 54.3 37.7                               4.4 FASTST   M    M   8    MAX(MPH)
                                 MISC ---->  # 22 230               # 28  230
================================================================================
NOTES:
# LAST OF SEVERAL OCCURRENCES

COLUMN 17 PEAK WIND IN M.P.H.

PRELIMINARY LOCAL CLIMATOLOGICAL DATA (WS FORM: F-6) , PAGE 2

                                          STATION:  TRI-CITIES      ASOS
                                          MONTH:    JANUARY
                                          YEAR:     2017
                                          LATITUDE:   36 28 N
                                          LONGITUDE:  82 24 W

[TEMPERATURE DATA]      [PRECIPITATION DATA]       SYMBOLS USED IN COLUMN 16

AVERAGE MONTHLY: 46.0   TOTAL FOR MONTH:   1.89    1 = FOG OR MIST
DPTR FM NORMAL:  11.0   DPTR FM NORMAL:   -0.48    2 = FOG REDUCING VISIBILITY
HIGHEST:    69 ON 22,16 GRTST 24HR  0.44 ON  3- 4      TO 1/4 MILE OR LESS
LOWEST:      7 ON  8                               3 = THUNDER
                        SNOW, ICE PELLETS, HAIL    4 = ICE PELLETS
                        TOTAL MONTH:   3.7 INCHES  5 = HAIL
                        GRTST 24HR   2.4 ON   M    6 = FREEZING RAIN OR DRIZZLE
                        GRTST DEPTH:   3 ON  7     7 = DUSTSTORM OR SANDSTORM:
                                                       VSBY 1/2 MILE OR LESS
                                                   8 = SMOKE OR HAZE
[NO. OF DAYS WITH]      [WEATHER - DAYS WITH]      9 = BLOWING SNOW
                                                   X = TORNADO
MAX 32 OR BELOW:   2    0.01 INCH OR MORE:  13
MAX 90 OR ABOVE:   0    0.10 INCH OR MORE:   6
MIN 32 OR BELOW:   7    0.50 INCH OR MORE:   0
MIN  0 OR BELOW:   0    1.00 INCH OR MORE:   0

[HDD (BASE 65) ]
TOTAL THIS MO.   414    CLEAR  (SCALE 0-3)   0
DPTR FM NORMAL  -246    PTCLDY (SCALE 4-7)   9
TOTAL FM JUL 1  1811    CLOUDY (SCALE 8-10) 13
DPTR FM NORMAL  -578

[CDD (BASE 65) ]
TOTAL THIS MO.     0
DPTR FM NORMAL     0    [PRESSURE DATA]
TOTAL FM JAN 1     0    HIGHEST SLP M ON M
DPTR FM NORMAL     0    LOWEST  SLP 29.04 ON 22

[REMARKS]
