000
CXUS56 KPQR 271200
CF6TTD
PRELIMINARY LOCAL CLIMATOLOGICAL DATA (WS FORM: F-6)

                                          STATION:   TROUTDALE OR
                                          MONTH:     FEBRUARY
                                          YEAR:      2017
                                          LATITUDE:   45 33 N
                                          LONGITUDE: 122 25 W

  TEMPERATURE IN F:       :PCPN:    SNOW:  WIND      :SUNSHINE: SKY     :PK WND
================================================================================
1   2   3   4   5  6A  6B    7    8   9   10  11  12  13   14  15   16   17  18
                                     12Z  AVG MX 2MIN
DY MAX MIN AVG DEP HDD CDD  WTR  SNW DPTH SPD SPD DIR MIN PSBL S-S WX    SPD DR
================================================================================

 1  40  35  38  -3  27   0 0.00  0.0    0 23.1 33  90   M    M   3        45  90
 2  40  31  36  -5  29   0    T    M    0 24.3 33  90   M    M   6        45  80
 3  33  29  31 -11  34   0 0.35    M    0 26.8 37  90   M    M   9 16     48  90
 4  50  32  41  -1  24   0 0.41    M    0  9.4 29  80   M    M  10 16     37  80
 5  46  35  41  -1  24   0 2.05    M    0  5.3 16  80   M    M  10 1      20  80
 6  44  31  38  -4  27   0 0.13    M    0  8.0 22 230   M    M   8 18     27 230
 7  39  31  35  -7  30   0 0.09    M    0 14.0 23 100   M    M   7 1      29  90
 8  37  34  36  -6  29   0 0.70    M    0 27.3 39  80   M    M  10 1      50  90
 9  59  37  48   6  17   0 0.42    M    0 15.4 39  80   M    M   9 13     48  80
10  53  39  46   4  19   0 0.06    M    0  7.9 22 240   M    M   7 1      29 230
11  53  39  46   4  19   0 0.00  0.0    0  3.9 20  90   M    M   5        26  90
12  50  36  43   1  22   0 0.00  0.0    0 17.3 28  90   M    M   0        36  90
13  48  39  44   2  21   0 0.00  0.0    0 29.2 38  90   M    M   0        47  90
14  47  38  43   1  22   0    T    M    0 27.9 38  90   M    M   3        49  90
15  43  38  41  -1  24   0 0.61  0.0    0 28.4 37  80   M    M   9 1      46  90
16  51  40  46   3  19   0 1.14    M    0  8.8 26  80   M    M  10 1      32  90
17  55  43  49   6  16   0 0.00  0.0    0 13.2 22  90   M    M   3        26  90
18  48  40  44   1  21   0 0.16    M    0 10.6 23  90   M    M   8 1      31  90
19  53  40  47   4  18   0 0.24    M    0  8.0 20 210   M    M  10 1      29 200
20  50  42  46   3  19   0 0.64    M    0 10.2 23 220   M    M  10 1      28 210
21  47  36  42  -1  23   0 0.64    M    0  5.0 18 210   M    M   9 1      24 220
22  49  33  41  -3  24   0 0.01    M    0  2.1 10 240   M    M   8 12     15 280
23  45  32  39  -5  26   0    T    M    0  2.5 12 260   M    M   9 1      15 270
24  42  32  37  -7  28   0 0.01    M    0  4.6 14  90   M    M   9        16  90
25  49  35  42  -2  23   0    T    M    0  3.8 10  90   M    M   6        12  90
26  45  38  42  -2  23   0 0.26    M    0  3.6 20 240   M    M  10 18     24 250
================================================================================
SM 1216  935       608   0  7.92     0.0 340.6          M      188
================================================================================
AV 46.8 36.0                              13.1 FASTST   M    M   7    MAX(MPH)
                                 MISC ---->  # 39  80               # 50   90
================================================================================
NOTES:
# LAST OF SEVERAL OCCURRENCES

COLUMN 17 PEAK WIND IN M.P.H.

PRELIMINARY LOCAL CLIMATOLOGICAL DATA (WS FORM: F-6) , PAGE 2

                                          STATION:  TROUTDALE OR
                                          MONTH:    FEBRUARY
                                          YEAR:     2017
                                          LATITUDE:   45 33 N
                                          LONGITUDE: 122 25 W

[TEMPERATURE DATA]      [PRECIPITATION DATA]       SYMBOLS USED IN COLUMN 16

AVERAGE MONTHLY: 41.4   TOTAL FOR MONTH:   7.92    1 = FOG OR MIST
DPTR FM NORMAL:  -1.2   DPTR FM NORMAL:    3.20    2 = FOG REDUCING VISIBILITY
HIGHEST:    59 ON  9    GRTST 24HR  2.05 ON  5- 5      TO 1/4 MILE OR LESS
LOWEST:     29 ON  3                               3 = THUNDER
                        SNOW, ICE PELLETS, HAIL    4 = ICE PELLETS
                        TOTAL MONTH:   0.0 INCH    5 = HAIL
                        GRTST 24HR     0.0         6 = FREEZING RAIN OR DRIZZLE
                        GRTST DEPTH:   0           7 = DUSTSTORM OR SANDSTORM:
                                                       VSBY 1/2 MILE OR LESS
                                                   8 = SMOKE OR HAZE
[NO. OF DAYS WITH]      [WEATHER - DAYS WITH]      9 = BLOWING SNOW
                                                   X = TORNADO
MAX 32 OR BELOW:   0    0.01 INCH OR MORE:  17
MAX 90 OR ABOVE:   0    0.10 INCH OR MORE:  13
MIN 32 OR BELOW:   7    0.50 INCH OR MORE:   6
MIN  0 OR BELOW:   0    1.00 INCH OR MORE:   2

[HDD (BASE 65) ]
TOTAL THIS MO.   608    CLEAR  (SCALE 0-3)   4
DPTR FM NORMAL    24    PTCLDY (SCALE 4-7)   8
TOTAL FM JUL 1  3128    CLOUDY (SCALE 8-10) 14
DPTR FM NORMAL  -146

[CDD (BASE 65) ]
TOTAL THIS MO.     0
DPTR FM NORMAL     0    [PRESSURE DATA]
TOTAL FM JAN 1     0    HIGHEST SLP M ON M
DPTR FM NORMAL     0    LOWEST  SLP 29.22 ON  5

[REMARKS]
