000
CXUS54 KTSA 010840
CF6TUL
PRELIMINARY LOCAL CLIMATOLOGICAL DATA (WS FORM: F-6)

                                          STATION:   TULSA OKLAHOMA
                                          MONTH:     SEPTEMBER
                                          YEAR:      2014
                                          LATITUDE:   36 12 N
                                          LONGITUDE:  95 54 W

  TEMPERATURE IN F:       :PCPN:    SNOW:  WIND      :SUNSHINE: SKY     :PK WND
================================================================================
1   2   3   4   5  6A  6B    7    8   9   10  11  12  13   14  15   16   17  18
                                     12Z  AVG MX 2MIN
DY MAX MIN AVG DEP HDD CDD  WTR  SNW DPTH SPD SPD DIR MIN PSBL S-S WX    SPD DR
================================================================================

 1  97  68  83   4   0  18 0.02  0.0    0 15.9 25 170   M    M   7 3      33 160
 2  84  68  76  -2   0  11 1.07  0.0    0  9.1 25 350   M    M   8 13     31 350
 3  94  72  83   5   0  18 0.00  0.0    0 12.9 21 170   M    M   3        27 160
 4  97  78  88  10   0  23 0.00  0.0    0 14.8 23 200   M    M   1        28 160
 5  96  67  82   5   0  17    T  0.0    0 12.0 23 350   M    M   4 3      29 350
 6  75  61  68  -9   0   3 0.19  0.0    0  9.3 16 350   M    M   7 13     21  10
 7  80  58  69  -8   0   4 0.00  0.0    0  5.4 10  30   M    M   3        13  90
 8  89  63  76   0   0  11 0.00  0.0    0  8.5 17 180   M    M   3        21 170
 9  96  76  86  10   0  21 0.00  0.0    0 17.0 26 170   M    M   2        32 160
10  91  71  81   6   0  16    T  0.0    0 15.9 26 190   M    M   8 8      35 190
11  73  62  68  -7   0   3    T  0.0    0 13.1 21  40   M    M  10 1      26 350
12  62  54  58 -17   7   0 0.07  0.0    0 13.1 21 360   M    M  10 1      30 360
13  67  52  60 -14   5   0 0.00  0.0    0  7.7 20  40   M    M   9        25  30
14  80  51  66  -8   0   1    T  0.0    0  7.1 17 170   M    M   7 1      21 170
15  88  69  79   6   0  14 0.01  0.0    0  9.8 17 180   M    M   9        22 180
16  78  66  72  -1   0   7 0.00  0.0    0  5.2 13  10   M    M   7        15  10
17  94  71  83  11   0  18 0.00  0.0    0  9.9 22 150   M    M   6 1      29 120
18  86  65  76   4   0  11 0.48  0.0    0  7.5 24 340   M    M   7 13     30 330
19  83  67  75   3   0  10 0.00  0.0    0  6.5 14 140   M    M   5 1      18 140
20  89  68  79   8   0  14 0.00  0.0    0  7.6 16 190   M    M   3 18     20 190
21  84  60  72   1   0   7 0.35  0.0    0  7.0 17  50   M    M   7 13     23 360
22  79  51  65  -5   0   0 0.00  0.0    0  4.9 12  60   M    M   3        15  60
23  79  54  67  -3   0   2 0.00  0.0    0  9.0 16 130   M    M   5        22 120
24  83  59  71   2   0   6 0.00  0.0    0  7.1 14 120   M    M   7        17 170
25  85  57  71   2   0   6 0.00  0.0    0  6.2 14 150   M    M   8        18 140
26  84  62  73   5   0   8 0.00  0.0    0  5.4 15 180   M    M   6        19 180
27  85  59  72   4   0   7 0.00  0.0    0  5.7 15 150   M    M   3 18     19 170
28  87  57  72   4   0   7 0.00  0.0    0  3.1 13 150   M    M   1 18     15 150
29  88  60  74   7   0   9 0.00  0.0    0  4.5 12 180   M    M   2 1      13 180
30  88  59  74   7   0   9 0.00  0.0    0  9.8 21 160   M    M   3        27 170
================================================================================
SM 2541 1885        12 281  2.19     0.0 271.0          M      164
================================================================================
AV 84.7 62.8                               9.0 FASTST   M    M   5    MAX(MPH)
                                 MISC ---->  # 26 170               # 35  190
================================================================================
NOTES:
# LAST OF SEVERAL OCCURRENCES

COLUMN 17 PEAK WIND IN M.P.H.

PRELIMINARY LOCAL CLIMATOLOGICAL DATA (WS FORM: F-6) , PAGE 2

                                          STATION:  TULSA OKLAHOMA
                                          MONTH:    SEPTEMBER
                                          YEAR:     2014
                                          LATITUDE:   36 12 N
                                          LONGITUDE:  95 54 W

[TEMPERATURE DATA]      [PRECIPITATION DATA]       SYMBOLS USED IN COLUMN 16

AVERAGE MONTHLY: 73.8   TOTAL FOR MONTH:   2.19    1 = FOG OR MIST
DPTR FM NORMAL:   0.8   DPTR FM NORMAL:   -2.07    2 = FOG REDUCING VISIBILITY
HIGHEST:    97 ON  4, 1 GRTST 24HR  1.07 ON  2- 2      TO 1/4 MILE OR LESS
LOWEST:     51 ON 22,14                            3 = THUNDER
                        SNOW, ICE PELLETS, HAIL    4 = ICE PELLETS
                        TOTAL MONTH:   0.0 INCH    5 = HAIL
                        GRTST 24HR     0.0         6 = FREEZING RAIN OR DRIZZLE
                        GRTST DEPTH:   0           7 = DUSTSTORM OR SANDSTORM:
                                                       VSBY 1/2 MILE OR LESS
                                                   8 = SMOKE OR HAZE
[NO. OF DAYS WITH]      [WEATHER - DAYS WITH]      9 = BLOWING SNOW
                                                   X = TORNADO
MAX 32 OR BELOW:   0    0.01 INCH OR MORE:   7
MAX 90 OR ABOVE:   7    0.10 INCH OR MORE:   4
MIN 32 OR BELOW:   0    0.50 INCH OR MORE:   1
MIN  0 OR BELOW:   0    1.00 INCH OR MORE:   1

[HDD (BASE 65) ]
TOTAL THIS MO.    12    CLEAR  (SCALE 0-3)   9
DPTR FM NORMAL   -12    PTCLDY (SCALE 4-7)  16
TOTAL FM JUL 1    13    CLOUDY (SCALE 8-10)  5
DPTR FM NORMAL   -11

[CDD (BASE 65) ]
TOTAL THIS MO.   281
DPTR FM NORMAL    17    [PRESSURE DATA]
TOTAL FM JAN 1  1934    HIGHEST SLP 30.38 ON 13
DPTR FM NORMAL   -31    LOWEST  SLP 29.60 ON 10

[REMARKS]
#FINAL-09-14#
