000
CXUS55 KREV 010921
CF6TVL

PRELIMINARY LOCAL CLIMATOLOGICAL DATA (WS FORM: F-6)

                                          STATION:   SOUTH LAKE TAHOE CA
                                          MONTH:     FEBRUARY
                                          YEAR:      2015
                                          LATITUDE:   38 53 N
                                          LONGITUDE: 119 60 W

  TEMPERATURE IN F:       :PCPN:    SNOW:  WIND      :SUNSHINE: SKY     :PK WND
================================================================================
1   2   3   4   5  6A  6B    7    8   9   10  11  12  13   14  15   16   17  18
                                     12Z  AVG MX 2MIN
DY MAX MIN AVG DEP HDD CDD  WTR  SNW DPTH SPD SPD DIR MIN PSBL S-S WX    SPD DR
================================================================================

 1  59  20  40  10  25   0 0.00  0.0    0  2.5  9  40   M    M   M        12  20
 2  57  28  43  13  22   0 0.00  0.0    0  5.4 17 190   M    M   M        22 190
 3  59  34  47  17  18   0 0.00  0.0    0  6.6 17 200   M    M   M        28 210
 4  62  31  47  17  18   0 0.00  0.0    0  5.8 23 190   M    M   M        34 190
 5  60  29  45  15  20   0 0.00  0.0    0 14.2 30 210   M    M   M        53 200
 6  58  36  47  17  18   0 1.10    T    0 25.4 48 190   M    M   M        66 190
 7  49  37  43  13  22   0 1.25  0.0    0  8.4 30 200   M    M   M 1      51 210
 8  49  32  41  11  24   0 1.30  0.0    0  7.4 26 180   M    M   M 1238   52 180
 9  45  28  37   7  28   0 0.21    T    0  8.1 29 190   M    M   M 18     43 190
10  49  21  35   5  30   0 0.00  0.0    0  2.2 12  40   M    M   M        15  30
11  54  26  40  10  25   0 0.00  0.0    0  1.7 12  30   M    M   M        12  40
12  61  29  45  15  20   0 0.00  0.0    0  2.1 10  30   M    M   M        14  10
13  65  29  47  17  18   0 0.00  0.0    0  2.2 10  30   M    M   M        14  30
14  62  30  46  15  19   0 0.00  0.0    0  2.7 13  30   M    M   M        16  20
15  58  27  43  12  22   0 0.00  0.0    0  2.1  9  40   M    M   M        12  40
16  60  24  42  11  23   0 0.00  0.0    0  2.8 10  30   M    M   M        14  30
17  63  25  44  13  21   0 0.00  0.0    0  1.9 10  30   M    M   M        12  30
18  64  27  46  15  19   0 0.00  0.0    0  2.2  9  30   M    M   M        13  30
19  62  27  45  14  20   0 0.00  0.0    0  2.8  9  30   M    M   M        12  30
20  57  25  41   9  24   0 0.00  0.0    0  2.4  9  20   M    M   M        13  30
21  56  25  41   9  24   0 0.00  0.0    0  5.6 18  90   M    M   M        29  70
22  39  26  33   1  32   0    T    T    0  8.9 22  20   M    M   M        36  20
23  37  21  29  -3  36   0 0.00  0.0    0  4.5 17  30   M    M   M        26  90
24  55  16  36   4  29   0 0.00  0.0    0  2.2 12  20   M    M   M        17  20
25  58  19  39   7  26   0 0.00  0.0    0  2.3 10  30   M    M   M        15  40
26  52  23  38   6  27   0 0.00  0.0    0  2.8 13  30   M    M   M        20  20
27  44  31  38   5  27   0 0.11  1.4    0  5.3 18 190   M    M   M 18     28 190
28  37  29  33   0  32   0 0.28  2.4    1  4.1 10 360   M    M   M 1      17  30
================================================================================
SM 1531  755       669   0  4.25     3.8 144.6          M        M
================================================================================
AV 54.7 27.0                               5.2 FASTST   M    M  -1    MAX(MPH)
                                 MISC ---->  # 48 190               # 66  190
================================================================================
NOTES:
# LAST OF SEVERAL OCCURRENCES

COLUMN 17 PEAK WIND IN M.P.H.

PRELIMINARY LOCAL CLIMATOLOGICAL DATA (WS FORM: F-6) , PAGE 2

                                          STATION:  SOUTH LAKE TAHOE CA
                                          MONTH:    FEBRUARY
                                          YEAR:     2015
                                          LATITUDE:   38 53 N
                                          LONGITUDE: 119 60 W

[TEMPERATURE DATA]      [PRECIPITATION DATA]       SYMBOLS USED IN COLUMN 16

AVERAGE MONTHLY: 40.8   TOTAL FOR MONTH:   4.25    1 = FOG OR MIST
DPTR FM NORMAL:   9.9   DPTR FM NORMAL:    1.63    2 = FOG REDUCING VISIBILITY
HIGHEST:    65 ON 13    GRTST 24HR  1.99 ON  6- 7      TO 1/4 MILE OR LESS
LOWEST:     16 ON 24                               3 = THUNDER
                        SNOW, ICE PELLETS, HAIL    4 = ICE PELLETS
                        TOTAL MONTH:   3.8 INCHES  5 = HAIL
                        GRTST 24HR   2.4 ON   M    6 = FREEZING RAIN OR DRIZZLE
                        GRTST DEPTH:   1 ON 28     7 = DUSTSTORM OR SANDSTORM:
                                                       VSBY 1/2 MILE OR LESS
                                                   8 = SMOKE OR HAZE
[NO. OF DAYS WITH]      [WEATHER - DAYS WITH]      9 = BLOWING SNOW
                                                   X = TORNADO
MAX 32 OR BELOW:   0    0.01 INCH OR MORE:   6
MAX 90 OR ABOVE:   0    0.10 INCH OR MORE:   6
MIN 32 OR BELOW:  25    0.50 INCH OR MORE:   3
MIN  0 OR BELOW:   0    1.00 INCH OR MORE:   3

[HDD (BASE 65) ]
TOTAL THIS MO.   669    CLEAR  (SCALE 0-3)   0
DPTR FM NORMAL  -286    PTCLDY (SCALE 4-7)   0
TOTAL FM JUL 1  3839    CLOUDY (SCALE 8-10)  0
DPTR FM NORMAL -1398

[CDD (BASE 65) ]
TOTAL THIS MO.     0
DPTR FM NORMAL     0    [PRESSURE DATA]
TOTAL FM JAN 1     0    HIGHEST SLP M ON M
DPTR FM NORMAL     0    LOWEST  SLP 29.53 ON 28

[REMARKS]

THE AVERAGE TEMPERATURE FOR FEBRUARY 2015 AT SOUTH LAKE TAHOE WAS
40.8 DEGREES.  THIS IS 9.9 DEGREES ABOVE NORMAL.  THIS MAKES
FEBRUARY 2015 THE WARMEST FEBRUARY ON RECORD AT SOUTH LAKE TAHOE.

THE WARMEST TEMPERATURE FOR THE MONTH WAS 65 DEGREES WHICH WAS
RECORDED ON THE 13TH.  THE LOWEST READING FOR FEBRUARY WAS 16
DEGREES WHICH OCCURRED ON THE 24TH.

FOR FEBRUARY 2015 SOUTH LAKE TAHOE RECORDED A TOTAL OF 4.25 INCHES
OF PRECIPITATION.  THIS IS 1.63 INCHES ABOVE NORMAL.  A TOTAL OF 3.8
INCHES OF SNOWFALL WAS REPORTED FOR FEBRUARY.

THE AVERAGE WIND SPEED FOR THE MONTH WAS 5.2 MPH.  THE HIGHEST WIND
GUST FOR THE MONTH WAS 66 MPH FROM THE SOUTH WHICH OCCURRED ON THE
6TH.


#FINAL-02-15#
