164
CXUS54 KJAN 271414
CF6TVR
PRELIMINARY LOCAL CLIMATOLOGICAL DATA (WS FORM: F-6)

                                          STATION:   VICKSBURG
                                          MONTH:     MAY
                                          YEAR:      2016
                                          LATITUDE:   32 20 N
                                          LONGITUDE:  91  2 W

  TEMPERATURE IN F:       :PCPN:    SNOW:  WIND      :SUNSHINE: SKY     :PK WND
================================================================================
1   2   3   4   5  6A  6B    7    8   9   10  11  12  13   14  15   16   17  18
                                     12Z  AVG MX 2MIN
DY MAX MIN AVG DEP HDD CDD  WTR  SNW DPTH SPD SPD DIR MIN PSBL S-S WX    SPD DR
================================================================================

 1  85  68  77   8   0  12 1.08  0.0    0  8.3 16 130   M    M   4 123    19 110
 2  73  65  69   0   0   4 0.01  0.0    0  4.8 16  10   M    M   7 1      21  10
 3  76  57  67  -2   0   2 0.00  0.0    0  9.7 18  10   M    M   5        23  10
 4  81  53  67  -3   0   2 0.00  0.0    0  6.9 16 280   M    M   1 1      22 280
 5  77  56  67  -3   0   2 0.00  0.0    0 10.9 22  10   M    M   0        28  10
 6  76  53  65  -5   0   0 0.00  0.0    0  6.7 18  20   M    M   0 1      21  20
 7  84  53  69  -1   0   4 0.00  0.0    0  4.6 13 110   M    M   0 1      15 100
 8  84  57  71   0   0   6 0.00  0.0    0  7.7 21 140   M    M   0        29 140
 9  80  67  74   3   0   9    T  0.0    0 10.9 22 140   M    M   2        30  60
10  88  70  79   8   0  14 0.00  0.0    0  9.8 16 180   M    M   5        25 170
11  87  69  78   6   0  13 0.00  0.0    0  7.4 16 130   M    M   2        20 140
12  89  68  79   7   0  14 0.00  0.0    0  5.9 17  20   M    M   2 12     22  20
13  84  59  72   0   0   7 0.00  0.0    0  9.7  M   M   M    M   0         M  M
14  87  55  71  -1   0   6 0.00  0.0    0 10.2 23  20   M    M   0 1      29  30
15  78  61  70  -3   0   5 0.00  0.0    0  8.7 18 110   M    M   4        25 100
16  75  63  69  -4   0   4 0.01  0.0    0 11.5 20 120   M    M   4        23 120
17  80  65  73   0   0   8 0.19  0.0    0  7.7 17 100   M    M   7 1      21 100
18  80  62  71  -2   0   6 0.00  0.0    0 12.8 24  20   M    M   6 12     28  20
19  82  62  72  -2   0   7 0.03  0.0    0  7.5 28 130   M    M   5        37 130
20  90  67  79   5   0  14 0.00  0.0    0  3.6 10 270   M    M   4 1      20 250
21  88  64  76   2   0  11 0.00  0.0    0  4.9 13  10   M    M   2 1      17  10
22  86  61  74   0   0   9 0.00  0.0    0  5.7 13  20   M    M   0        16  60
23  88  57  73  -2   0   8 0.00  0.0    0  3.4 14 180   M    M   0 1      19 170
24  91  64  78   3   0  13 0.00  0.0    M  5.6 16 150   M    M   0        24 150
25  91  71  81   6   0  16 0.42  0.0    0  8.1 17 140   M    M   4 138    27 300
26  91  73  82   7   0  17    T  0.0    0  8.5 18 160   M    M   5 3      23 160
================================================================================
SM 2171 1620         0 213  1.74     0.0 201.5          M       69
================================================================================
AV 83.5 62.3                               7.8 FASTST   M    M   3    MAX(MPH)
                                 MISC ---->  # 28 130               # 37  130
================================================================================
NOTES:
# LAST OF SEVERAL OCCURRENCES

COLUMN 17 PEAK WIND IN M.P.H.

PRELIMINARY LOCAL CLIMATOLOGICAL DATA (WS FORM: F-6) , PAGE 2

                                          STATION:  VICKSBURG
                                          MONTH:    MAY
                                          YEAR:     2016
                                          LATITUDE:   32 20 N
                                          LONGITUDE:  91  2 W

[TEMPERATURE DATA]      [PRECIPITATION DATA]       SYMBOLS USED IN COLUMN 16

AVERAGE MONTHLY: 72.9   TOTAL FOR MONTH:   1.74    1 = FOG OR MIST
DPTR FM NORMAL:   0.8   DPTR FM NORMAL:   -2.57    2 = FOG REDUCING VISIBILITY
HIGHEST:    91 ON 26,25 GRTST 24HR  1.12 ON 30- 1      TO 1/4 MILE OR LESS
LOWEST:     53 ON  7, 6                            3 = THUNDER
                        SNOW, ICE PELLETS, HAIL    4 = ICE PELLETS
                        TOTAL MONTH:   0.0 INCH    5 = HAIL
                        GRTST 24HR     0.0         6 = FREEZING RAIN OR DRIZZLE
                        GRTST DEPTH:   0           7 = DUSTSTORM OR SANDSTORM:
                                                       VSBY 1/2 MILE OR LESS
                                                   8 = SMOKE OR HAZE
[NO. OF DAYS WITH]      [WEATHER - DAYS WITH]      9 = BLOWING SNOW
                                                   X = TORNADO
MAX 32 OR BELOW:   0    0.01 INCH OR MORE:   6
MAX 90 OR ABOVE:   4    0.10 INCH OR MORE:   3
MIN 32 OR BELOW:   0    0.50 INCH OR MORE:   1
MIN  0 OR BELOW:   0    1.00 INCH OR MORE:   1

[HDD (BASE 65) ]
TOTAL THIS MO.     0    CLEAR  (SCALE 0-3)  14
DPTR FM NORMAL    -9    PTCLDY (SCALE 4-7)  12
TOTAL FM JUL 1  1507    CLOUDY (SCALE 8-10)  0
DPTR FM NORMAL  -843

[CDD (BASE 65) ]
TOTAL THIS MO.   213
DPTR FM NORMAL    16    [PRESSURE DATA]
TOTAL FM JAN 1   441    HIGHEST SLP M ON M
DPTR FM NORMAL   126    LOWEST  SLP 29.79 ON 20

[REMARKS]
