000
CXUS55 KBOI 301002
CF6TWF
PRELIMINARY LOCAL CLIMATOLOGICAL DATA (WS FORM: F-6)

                                          STATION:   TWIN FALLS ID
                                          MONTH:     JUNE
                                          YEAR:      2015
                                          LATITUDE:   42 28 N
                                          LONGITUDE: 114 29 W

  TEMPERATURE IN F:       :PCPN:    SNOW:  WIND      :SUNSHINE: SKY     :PK WND
================================================================================
1   2   3   4   5  6A  6B    7    8   9   10  11  12  13   14  15   16   17  18
                                     12Z  AVG MX 2MIN
DY MAX MIN AVG DEP HDD CDD  WTR  SNW DPTH SPD SPD DIR MIN PSBL S-S WX    SPD DR
================================================================================

 1  77  55  66   5   0   1 0.05    M    M  9.5 25 280   M    M   1 3      31 280
 2  76  56  66   5   0   1 0.00    M    M 10.4 21 250   M    M   1        26 250
 3  72  51  62   1   3   0 0.00    M    M  8.7 15  30   M    M   1        18 250
 4  72  53  63   2   2   0 0.00    M    M  7.9 12 260   M    M   1         M  M
 5  74  51  63   1   2   0 0.05    M    M  6.8 17 210   M    M   5 3      23 210
 6  80  50  65   3   0   0 0.05    M    M  6.9 26 310   M    M   3 3      34 320
 7  84  50  67   5   0   2 0.00    M    M  5.9 13 180   M    M   1        15 180
 8  91  63  77  15   0  12 0.00    M    M  7.3 15 170   M    M   0        19 180
 9  94  63  79  16   0  14 0.00    M    M  8.9 17 150   M    M   0        21 140
10  86  60  73  10   0   8    T    M    M 10.0 24 280   M    M   1        30 270
11  87  55  71   8   0   6 0.00    M    M 10.4 17 280   M    M   0        20 280
12  87  62  75  11   0  10 0.00    M    M 17.1 30 260   M    M   0        36 260
13  83  57  70   6   0   5 0.00    M    M 12.1 17 210   M    M   0        23 210
14  84  56  70   6   0   5 0.00    M    M  8.7 16 210   M    M   0        20 210
15  91  49  70   5   0   5 0.00    M    M  8.6 15 300   M    M   0        19 330
16  88  55  72   7   0   7 0.00    M    M  9.1 15 280   M    M   0        20 320
17  93  58  76  11   0  11 0.00    M    M  7.8 16 320   M    M   0        21 320
18  95  61  78  12   0  13 0.00    M    M  8.5 15 190   M    M   0        20 190
19  87  64  76  10   0  11 0.00    M    M 15.3 28 250   M    M   0        33 250
20  85  59  72   6   0   7 0.00    M    M  8.5 14 300   M    M   0        18 340
21  94  58  76   9   0  11 0.00    M    M 11.8 29 270   M    M   0        37 270
22  86  60  73   6   0   8 0.00    M    M  8.7 21 220   M    M   0        27 220
23  92  60  76   9   0  11 0.00    M    M  8.5 16 330   M    M   0        19 310
24  94  64  79  11   0  14 0.00    M    M  9.7 15 310   M    M   0        19 310
25  95  66  81  13   0  16 0.00    M    M 12.6 17 290   M    M   0        23 280
26  98  63  81  13   0  16 0.00    M    M  8.1 16 190   M    M   0        20 190
27 102  64  83  14   0  18 0.00    M    M  6.9 14 290   M    M   0 8      16 290
28 101  64  83  14   0  18 0.00    M    M  8.5 16 150   M    M   0        22 220
29  99  67  83  13   0  18 0.01    M    M  8.9 26 170   M    M   1 3      34 180
================================================================================
SM 2547 1694         7 248  0.16    M    272.1          M       15
================================================================================
AV 87.8 58.4                               9.4 FASTST   M    M   1    MAX(MPH)
                                 MISC ---->  # 30 260               # 37  270
================================================================================
NOTES:
# LAST OF SEVERAL OCCURRENCES

COLUMN 17 PEAK WIND IN M.P.H.

PRELIMINARY LOCAL CLIMATOLOGICAL DATA (WS FORM: F-6) , PAGE 2

                                          STATION:  TWIN FALLS ID
                                          MONTH:    JUNE
                                          YEAR:     2015
                                          LATITUDE:   42 28 N
                                          LONGITUDE: 114 29 W

[TEMPERATURE DATA]      [PRECIPITATION DATA]       SYMBOLS USED IN COLUMN 16

AVERAGE MONTHLY: 73.1   TOTAL FOR MONTH:   0.16    1 = FOG OR MIST
DPTR FM NORMAL:   8.3   DPTR FM NORMAL:   -0.76    2 = FOG REDUCING VISIBILITY
HIGHEST:   102 ON 27    GRTST 24HR  0.16 ON 31- 1      TO 1/4 MILE OR LESS
LOWEST:     49 ON 15                               3 = THUNDER
                        SNOW, ICE PELLETS, HAIL    4 = ICE PELLETS
                        TOTAL MONTH:    M          5 = HAIL
                        GRTST 24HR    M  ON   M    6 = FREEZING RAIN OR DRIZZLE
                        GRTST DEPTH:  M  ON   M    7 = DUSTSTORM OR SANDSTORM:
                                                       VSBY 1/2 MILE OR LESS
                                                   8 = SMOKE OR HAZE
[NO. OF DAYS WITH]      [WEATHER - DAYS WITH]      9 = BLOWING SNOW
                                                   X = TORNADO
MAX 32 OR BELOW:   0    0.01 INCH OR MORE:   4
MAX 90 OR ABOVE:  13    0.10 INCH OR MORE:   0
MIN 32 OR BELOW:   0    0.50 INCH OR MORE:   0
MIN  0 OR BELOW:   0    1.00 INCH OR MORE:   0

[HDD (BASE 65) ]
TOTAL THIS MO.     7    CLEAR  (SCALE 0-3)  27
DPTR FM NORMAL   -80    PTCLDY (SCALE 4-7)   2
TOTAL FM JUL 1  4835    CLOUDY (SCALE 8-10)  0
DPTR FM NORMAL -1336

[CDD (BASE 65) ]
TOTAL THIS MO.   248
DPTR FM NORMAL   166    [PRESSURE DATA]
TOTAL FM JAN 1   264    HIGHEST SLP M ON M
DPTR FM NORMAL   160    LOWEST  SLP 29.61 ON  9

[REMARKS]
