000
CXUS56 KPQR 291230
CF6UAO
PRELIMINARY LOCAL CLIMATOLOGICAL DATA (WS FORM: F-6)

                                          STATION:   AURORA STATE OR
                                          MONTH:     JULY
                                          YEAR:      2014
                                          LATITUDE:   45 15 N
                                          LONGITUDE: 122 46 W

  TEMPERATURE IN F:       :PCPN:    SNOW:  WIND      :SUNSHINE: SKY     :PK WND
================================================================================
1   2   3   4   5  6A  6B    7    8   9   10  11  12  13   14  15   16   17  18
                                     12Z  AVG MX 2MIN
DY MAX MIN AVG DEP HDD CDD  WTR  SNW DPTH SPD SPD DIR MIN PSBL S-S WX    SPD DR
================================================================================

 1  97  63  80  15   0  15 0.00  0.0    0  8.5 14  10   M    M   0        18 240
 2  82  59  71   5   0   6 0.00  0.0    0  3.9 12 250   M    M   1        16 240
 3  74  59  67   1   0   2 0.00  0.0    0  4.8 15  10   M    M   7 8      22  60
 4  80  54  67   1   0   2 0.00  0.0    0  3.4  9  20   M    M   1        14 300
 5  85  57  71   5   0   6 0.00  0.0    0  3.5 13  40   M    M   0        16  40
 6  88  57  73   7   0   8 0.00  0.0    0  3.9 14  20   M    M   0        16  20
 7  90  62  76   9   0  11 0.00  0.0    0  6.6 16 360   M    M   1        21  10
 8  90  61  76   9   0  11 0.00  0.0    0  7.2 17  20   M    M   0        21  30
 9  86  60  73   6   0   8 0.00  0.0    0  6.2 13 330   M    M   0        18 330
10  86  51  69   2   0   4 0.00  0.0    0  4.2 10  40   M    M   0        13  60
11  86  54  70   2   0   5 0.00  0.0    0  2.3 12 150   M    M   0        15 160
12  94  61  78  10   0  13 0.00  0.0    0  3.1  9 240   M    M   0        14  40
13  73  57  65  -3   0   0 0.03  0.0    0  4.1 14 180   M    M   2 13     19 180
14  89  61  75   7   0  10 0.00  0.0    0  3.1  9  50   M    M   4        12  40
15  94  60  77   9   0  12 0.00  0.0    0  6.1 13  30   M    M   0        16  30
16  94  61  78  10   0  13 0.00    M    M  2.9 21 330   M    M   0 8      26 330
17  85  56  71   3   0   6 0.00    M    M  4.7 17 360   M    M   0        21 350
18  83  52  68  -1   0   3 0.00  0.0    0  5.4 15  10   M    M   0        21  10
19  88  61  75   6   0  10 0.00  0.0    0  4.8 13 170   M    M   3        17 210
20  72  59  66  -3   0   1 0.01  0.0    0  6.0 14  20   M    M   9 1      17  20
21  80  52  66  -3   0   1    T  0.0    0  4.0 13 170   M    M   2        15 170
22  73  58  66  -3   0   1 0.26  0.0    0  2.7 10 190   M    M   9 1      13 180
23  65  57  61  -8   4   0 0.38  0.0    0  8.5 15 180   M    M   9 1      21 200
24  71  56  64  -5   1   0 0.01  0.0    0  8.0 20 180   M    M   7 1      26 190
25  79  51  65  -4   0   0 0.00  0.0    0  5.0 10  60   M    M   0        15 330
26  85  54  70   1   0   5 0.00  0.0    0  6.9 13  20   M    M   0        17  20
27  87  56  72   3   0   7 0.00  0.0    0  5.0 12  10   M    M   0        16  10
28  93  58  76   7   0  11 0.00  0.0    0  5.2 13  10   M    M   0        17  20
================================================================================
SM 2349 1607         5 171  0.69     0.0 140.0          M       55
================================================================================
AV 83.9 57.4                               5.0 FASTST   M    M   2    MAX(MPH)
                                 MISC ---->  # 21 330               # 26  330
================================================================================
NOTES:
# LAST OF SEVERAL OCCURRENCES

COLUMN 17 PEAK WIND IN M.P.H.

PRELIMINARY LOCAL CLIMATOLOGICAL DATA (WS FORM: F-6) , PAGE 2

                                          STATION:  AURORA STATE OR
                                          MONTH:    JULY
                                          YEAR:     2014
                                          LATITUDE:   45 15 N
                                          LONGITUDE: 122 46 W

[TEMPERATURE DATA]      [PRECIPITATION DATA]       SYMBOLS USED IN COLUMN 16

AVERAGE MONTHLY: 70.6   TOTAL FOR MONTH:   0.69    1 = FOG OR MIST
DPTR FM NORMAL:   2.9   DPTR FM NORMAL:    0.05    2 = FOG REDUCING VISIBILITY
HIGHEST:    97 ON  1    GRTST 24HR  0.39 ON 23-24      TO 1/4 MILE OR LESS
LOWEST:     51 ON 25,10                            3 = THUNDER
                        SNOW, ICE PELLETS, HAIL    4 = ICE PELLETS
                        TOTAL MONTH:   0.0 INCH    5 = HAIL
                        GRTST 24HR     0.0         6 = FREEZING RAIN OR DRIZZLE
                        GRTST DEPTH:   0           7 = DUSTSTORM OR SANDSTORM:
                                                       VSBY 1/2 MILE OR LESS
                                                   8 = SMOKE OR HAZE
[NO. OF DAYS WITH]      [WEATHER - DAYS WITH]      9 = BLOWING SNOW
                                                   X = TORNADO
MAX 32 OR BELOW:   0    0.01 INCH OR MORE:   5
MAX 90 OR ABOVE:   7    0.10 INCH OR MORE:   2
MIN 32 OR BELOW:   0    0.50 INCH OR MORE:   0
MIN  0 OR BELOW:   0    1.00 INCH OR MORE:   0

[HDD (BASE 65) ]
TOTAL THIS MO.     5    CLEAR  (SCALE 0-3)  22
DPTR FM NORMAL   -17    PTCLDY (SCALE 4-7)   3
TOTAL FM JUL 1     5    CLOUDY (SCALE 8-10)  3
DPTR FM NORMAL   -17

[CDD (BASE 65) ]
TOTAL THIS MO.   171
DPTR FM NORMAL    67    [PRESSURE DATA]
TOTAL FM JAN 1   204    HIGHEST SLP M ON M
DPTR FM NORMAL    51    LOWEST  SLP 29.68 ON  1

[REMARKS]
