000
CXUS53 KLSX 291600
CF6UIN
PRELIMINARY LOCAL CLIMATOLOGICAL DATA (WS FORM: F-6)

                                          STATION:   QUINCY IL
                                          MONTH:     MARCH
                                          YEAR:      2015
                                          LATITUDE:   39 57 N
                                          LONGITUDE:  91 12 W

  TEMPERATURE IN F:       :PCPN:    SNOW:  WIND      :SUNSHINE: SKY     :PK WND
================================================================================
1   2   3   4   5  6A  6B    7    8   9   10  11  12  13   14  15   16   17  18
                                     12Z  AVG MX 2MIN
DY MAX MIN AVG DEP HDD CDD  WTR  SNW DPTH SPD SPD DIR MIN PSBL S-S WX    SPD DR
================================================================================

 1  28  21  25 -11  40   0 0.16    M    M  4.2 10 310   M    M   7 18     12 310
 2  34  15  25 -11  40   0    T    M    M  5.8 15 150   M    M   2 18     19 140
 3  39  28  34  -3  31   0 0.02    M    M 11.8 22 340   M    M   9 168    27 340
 4  28  13  21 -16  44   0 0.00  0.0    M 12.0 24 340   M    M   4        31 320
 5  18   7  13 -25  52   0 0.00  0.0    M  8.0 17  40   M    M   1        19 330
 6  45   9  27 -11  38   0 0.00  0.0    M 12.1 22 210   M    M   1        27 220
 7  56  35  46   8  19   0 0.00  0.0    M 10.9 20 260   M    M   0        29 240
 8  52  29  41   2  24   0 0.00  0.0    M  8.5 15 130   M    M   0        20 130
 9  54  29  42   3  23   0 0.00  0.0    0  7.6 15 140   M    M   0 18     20  90
10  61  39  50  10  15   0 0.00  0.0    0  5.3  9 200   M    M   6 1      12 220
11  65  37  51  11  14   0 0.00  0.0    0  7.9 15  20   M    M   0 18     17  20
12  63  36  50  10  15   0 0.00  0.0    0  9.2 15 130   M    M   0 18     20 130
13  67  43  55  14  10   0 0.02  0.0    0  4.4 14 130   M    M   2 18     18 140
14  62  43  53  12  12   0 0.00  0.0    0  9.7 20 360   M    M   0 8      23 350
15  69  34  52  10  13   0 0.00  0.0    0 10.4 21 220   M    M   0        26 220
16  78  49  64  22   1   0 0.00  0.0    0 12.5 24 210   M    M   0        31 220
17  58  32  45   3  20   0 0.00  0.0    0 14.2 25  40   M    M   2        33  30
18  48  31  40  -3  25   0 0.00  0.0    0  7.3 16 130   M    M   5        22 140
19  43  37  40  -3  25   0 0.26  0.0    0  6.4 14 130   M    M  10 1      17 120
20  47  36  42  -2  23   0 0.00  0.0    0  8.4 15 220   M    M   7 18     18 220
21  63  38  51   7  14   0 0.00  0.0    0  9.2 18  20   M    M   0 18     22  20
22  60  39  50   6  15   0 0.00  0.0    0 12.1 18 110   M    M   0        23 110
23  45  32  39  -6  26   0 0.01    M    0 12.6 20 130   M    M   8 8      23 130
24  43  31  37  -8  28   0 0.29  0.0    0 13.5 22 110   M    M  10 1368   27 120
25  48  39  44  -2  21   0 0.18  0.0    0  8.6 18 280   M    M   9 18     24 280
26  49  32  41  -5  24   0 0.01  0.0    0 13.3 23 310   M    M   3        32 300
27  42  26  34 -12  31   0    T    M    0  8.1 18  10   M    M   5        22  30
28  44  25  35 -12  30   0 0.00  0.0    0  8.7 13 110   M    M   0        16 120
================================================================================
SM 1409  865       673   0  0.95     0.0 262.7          M       91
================================================================================
AV 50.3 30.9                               9.4 FASTST   M    M   3    MAX(MPH)
                                 MISC ---->  # 25  40               # 33   30
================================================================================
NOTES:
# LAST OF SEVERAL OCCURRENCES

COLUMN 17 PEAK WIND IN M.P.H.

PRELIMINARY LOCAL CLIMATOLOGICAL DATA (WS FORM: F-6) , PAGE 2

                                          STATION:  QUINCY IL
                                          MONTH:    MARCH
                                          YEAR:     2015
                                          LATITUDE:   39 57 N
                                          LONGITUDE:  91 12 W

[TEMPERATURE DATA]      [PRECIPITATION DATA]       SYMBOLS USED IN COLUMN 16

AVERAGE MONTHLY: 40.6   TOTAL FOR MONTH:   0.95    1 = FOG OR MIST
DPTR FM NORMAL:  -0.8   DPTR FM NORMAL:   -1.23    2 = FOG REDUCING VISIBILITY
HIGHEST:    78 ON 16    GRTST 24HR  0.29 ON 24-24      TO 1/4 MILE OR LESS
LOWEST:      7 ON  5                               3 = THUNDER
                        SNOW, ICE PELLETS, HAIL    4 = ICE PELLETS
                        TOTAL MONTH:   0.0 INCH    5 = HAIL
                        GRTST 24HR     0.0         6 = FREEZING RAIN OR DRIZZLE
                        GRTST DEPTH:   0           7 = DUSTSTORM OR SANDSTORM:
                                                       VSBY 1/2 MILE OR LESS
                                                   8 = SMOKE OR HAZE
[NO. OF DAYS WITH]      [WEATHER - DAYS WITH]      9 = BLOWING SNOW
                                                   X = TORNADO
MAX 32 OR BELOW:   3    0.01 INCH OR MORE:   8
MAX 90 OR ABOVE:   0    0.10 INCH OR MORE:   4
MIN 32 OR BELOW:  15    0.50 INCH OR MORE:   0
MIN  0 OR BELOW:   0    1.00 INCH OR MORE:   0

[HDD (BASE 65) ]
TOTAL THIS MO.   673    CLEAR  (SCALE 0-3)  17
DPTR FM NORMAL     7    PTCLDY (SCALE 4-7)   7
TOTAL FM JUL 1  5339    CLOUDY (SCALE 8-10)  4
DPTR FM NORMAL   331

[CDD (BASE 65) ]
TOTAL THIS MO.     0
DPTR FM NORMAL     0    [PRESSURE DATA]
TOTAL FM JAN 1     0    HIGHEST SLP M ON M
DPTR FM NORMAL     0    LOWEST  SLP 29.79 ON  3

[REMARKS]
