000
CXUS53 KLSX 271600
CF6UIN
PRELIMINARY LOCAL CLIMATOLOGICAL DATA (WS FORM: F-6)

                                          STATION:   QUINCY IL
                                          MONTH:     MARCH
                                          YEAR:      2017
                                          LATITUDE:   39 57 N
                                          LONGITUDE:  91 12 W

  TEMPERATURE IN F:       :PCPN:    SNOW:  WIND      :SUNSHINE: SKY     :PK WND
================================================================================
1   2   3   4   5  6A  6B    7    8   9   10  11  12  13   14  15   16   17  18
                                     12Z  AVG MX 2MIN
DY MAX MIN AVG DEP HDD CDD  WTR  SNW DPTH SPD SPD DIR MIN PSBL S-S WX    SPD DR
================================================================================

 1  54  33  44   8  21   0 0.10  0.0    0 17.0 32 290   M    M   8 13     42 290
 2  39  27  33  -3  32   0 0.00  0.0    0  9.0 20 330   M    M   4        24 340
 3  41  21  31  -6  34   0 0.00  0.0    0  8.6 20 140   M    M   0        25 130
 4  69  31  50  13  15   0 0.00  0.0    0  9.9 17 210   M    M   0        25 200
 5  66  51  59  21   6   0 0.00  0.0    0 16.9 25 180   M    M   8        35 210
 6  69  50  60  22   5   0 0.44  0.0    0 19.6 46 250   M    M   7 138    60 270
 7  55  40  48  10  17   0 0.02  0.0    0 15.0 28 250   M    M   1 13     38 250
 8  61  35  48   9  17   0 0.00  0.0    0  9.4 20 260   M    M   0        27 270
 9  56  34  45   6  20   0 0.00  0.0    0 12.3 22 360   M    M   1        29  20
10  39  26  33  -7  32   0 0.00  0.0    0 12.9 22 350   M    M   4        26 350
11  34  23  29 -11  36   0    T    M    0  6.8 17  10   M    M   8 1      19  10
12  40  28  34  -6  31   0    T    M    0  8.4 23 150   M    M   7 1      30 150
13  34  27  31 -10  34   0 0.02    M    M 12.8 21 360   M    M  10 1      25 360
14  32  15  24 -17  41   0    T    M    M 13.5 23  30   M    M   5 8      29  30
15  36  13  25 -17  40   0 0.00  0.0    0  5.2 10 240   M    M   0        13 190
16  51  22  37  -5  28   0 0.00  0.0    0 11.5 20 140   M    M   4        24 130
17  70  40  55  13  10   0 0.00  0.0    0 13.8 24 340   M    M   5        31 340
18  54  33  44   1  21   0 0.00  0.0    0 11.6 22 320   M    M   1        26 320
19  60  31  46   3  19   0 0.01    M    0 12.5 21 140   M    M   3        26 150
20  73  45  59  15   6   0 0.00  0.0    0 10.4 18 360   M    M   0        23 360
21  60  38  49   5  16   0 0.00  0.0    0 12.3 26  20   M    M   1 18     33  20
22  49  31  40  -4  25   0 0.00  0.0    0 12.6 18 120   M    M   3        25  90
23  59  36  48   3  17   0 0.06    M    0 15.0 23 140   M    M   6 18     28 140
24  78  52  65  20   0   0 0.09  0.0    0 11.5 28 210   M    M   4 1      35 220
25  65  55  60  14   5   0 0.40  0.0    0  9.4 16 160   M    M   8 1      22  90
26  55  47  51   5  14   0 0.12  0.0    M  9.4 16 250   M    M  10 1      21 240
================================================================================
SM 1399  884       542   0  1.26     0.0 307.3          M      108
================================================================================
AV 53.8 34.0                              11.8 FASTST   M    M   4    MAX(MPH)
                                 MISC ---->  # 46 250               # 60  270
================================================================================
NOTES:
# LAST OF SEVERAL OCCURRENCES

COLUMN 17 PEAK WIND IN M.P.H.

PRELIMINARY LOCAL CLIMATOLOGICAL DATA (WS FORM: F-6) , PAGE 2

                                          STATION:  QUINCY IL
                                          MONTH:    MARCH
                                          YEAR:     2017
                                          LATITUDE:   39 57 N
                                          LONGITUDE:  91 12 W

[TEMPERATURE DATA]      [PRECIPITATION DATA]       SYMBOLS USED IN COLUMN 16

AVERAGE MONTHLY: 43.9   TOTAL FOR MONTH:   1.26    1 = FOG OR MIST
DPTR FM NORMAL:   2.9   DPTR FM NORMAL:   -0.75    2 = FOG REDUCING VISIBILITY
HIGHEST:    78 ON 24    GRTST 24HR  0.44 ON  6- 6      TO 1/4 MILE OR LESS
LOWEST:     13 ON 15                               3 = THUNDER
                        SNOW, ICE PELLETS, HAIL    4 = ICE PELLETS
                        TOTAL MONTH:   0.0 INCH    5 = HAIL
                        GRTST 24HR     0.0         6 = FREEZING RAIN OR DRIZZLE
                        GRTST DEPTH:   0           7 = DUSTSTORM OR SANDSTORM:
                                                       VSBY 1/2 MILE OR LESS
                                                   8 = SMOKE OR HAZE
[NO. OF DAYS WITH]      [WEATHER - DAYS WITH]      9 = BLOWING SNOW
                                                   X = TORNADO
MAX 32 OR BELOW:   1    0.01 INCH OR MORE:   9
MAX 90 OR ABOVE:   0    0.10 INCH OR MORE:   4
MIN 32 OR BELOW:  12    0.50 INCH OR MORE:   0
MIN  0 OR BELOW:   0    1.00 INCH OR MORE:   0

[HDD (BASE 65) ]
TOTAL THIS MO.   542    CLEAR  (SCALE 0-3)  11
DPTR FM NORMAL   -86    PTCLDY (SCALE 4-7)  13
TOTAL FM JUL 1  3983    CLOUDY (SCALE 8-10)  2
DPTR FM NORMAL  -987

[CDD (BASE 65) ]
TOTAL THIS MO.     0
DPTR FM NORMAL     0    [PRESSURE DATA]
TOTAL FM JAN 1     0    HIGHEST SLP M ON M
DPTR FM NORMAL     0    LOWEST  SLP 29.52 ON  1

[REMARKS]
