000
CXUS56 KEKA 271230
CF6UKI
PRELIMINARY LOCAL CLIMATOLOGICAL DATA (WS FORM: F-6)

                                          STATION:   UKIAH CA
                                          MONTH:     JULY
                                          YEAR:      2015
                                          LATITUDE:   39  7 N
                                          LONGITUDE: 123 12 W

  TEMPERATURE IN F:       :PCPN:    SNOW:  WIND      :SUNSHINE: SKY     :PK WND
================================================================================
1   2   3   4   5  6A  6B    7    8   9   10  11  12  13   14  15   16   17  18
                                     12Z  AVG MX 2MIN
DY MAX MIN AVG DEP HDD CDD  WTR  SNW DPTH SPD SPD DIR MIN PSBL S-S WX    SPD DR
================================================================================

 1 102  62  82  10   0  17 0.00  0.0    0  4.6 18 140   M    M   0        24 160
 2  98  66  82  10   0  17 0.00  0.0    0  6.6 18 140   M    M   1        25 140
 3  97  65  81   9   0  16 0.00  0.0    0  5.8 16 160   M    M   1        24 150
 4 102  64  83  10   0  18 0.00  0.0    0  4.6 16 230   M    M   0        20 270
 5  90  57  74   1   0   9 0.00  0.0    0  7.8 17 140   M    M   0        24 140
 6  91  58  75   2   0  10 0.00  0.0    0  5.6 16 270   M    M   1        21 270
 7  88  56  72  -1   0   7 0.00  0.0    0  3.9 16  10   M    M   0        21  10
 8  91  57  74   1   0   9 0.00  0.0    0  4.2 13 300   M    M   1        16 260
 9  68  59  64 -10   1   0 0.13  0.0    0  4.6 14 140   M    M   8 1      19 140
10  74  59  67  -7   0   2 0.00  0.0    0  2.8 10  10   M    M  10        12  10
11  80  58  69  -5   0   4 0.00  0.0    0  4.4 12 340   M    M   5        15 340
12  82  56  69  -5   0   4 0.00  0.0    0  5.1 16 330   M    M   0        20 340
13  85  57  71  -3   0   6 0.00  0.0    0  5.3 16 350   M    M   0        22 350
14  89  53  71  -3   0   6 0.00  0.0    0  5.0 13  10   M    M   0        17  10
15  96  59  78   4   0  13 0.00  0.0    0  3.3 15 300   M    M   0        24 340
16 100  59  80   6   0  15 0.00  0.0    0  5.3 16 270   M    M   0        23 250
17  98  57  78   3   0  13 0.00  0.0    0  5.7 16 130   M    M   0        22 260
18  91  56  74  -1   0   9 0.00  0.0    0  9.3 18 150   M    M   0        24 150
19  94  56  75   0   0  10 0.00  0.0    0  4.2 20 320   M    M   2        24 320
20  97  64  81   6   0  16 0.00  0.0    0  4.2 14 260   M    M   0        19 340
21  98  62  80   5   0  15 0.00  0.0    0  4.1 16 330   M    M   0        20 340
22  92  54  73  -2   0   8 0.00  0.0    0  4.0 15 340   M    M   0        22 330
23  86  53  70  -5   0   5 0.00  0.0    0  5.6 14  90   M    M   1        22 330
24  91  51  71  -4   0   6 0.00  0.0    0  3.8 17 290   M    M   0        22 280
25  92  52  72  -3   0   7 0.00  0.0    0  3.7 14 250   M    M   0        19 280
26  91  54  73  -2   0   8 0.00  0.0    0  5.9 20 330   M    M   0        27 320
================================================================================
SM 2363 1504         1 250  0.13     0.0 129.4          M       30
================================================================================
AV 90.9 57.8                               5.0 FASTST   M    M   1    MAX(MPH)
                                 MISC ---->  # 20 320               # 27  320
================================================================================
NOTES:
# LAST OF SEVERAL OCCURRENCES

COLUMN 17 PEAK WIND IN M.P.H.

PRELIMINARY LOCAL CLIMATOLOGICAL DATA (WS FORM: F-6) , PAGE 2

                                          STATION:  UKIAH CA
                                          MONTH:    JULY
                                          YEAR:     2015
                                          LATITUDE:   39  7 N
                                          LONGITUDE: 123 12 W

[TEMPERATURE DATA]      [PRECIPITATION DATA]       SYMBOLS USED IN COLUMN 16

AVERAGE MONTHLY: 74.4   TOTAL FOR MONTH:   0.13    1 = FOG OR MIST
DPTR FM NORMAL:   0.4   DPTR FM NORMAL:    0.09    2 = FOG REDUCING VISIBILITY
HIGHEST:   102 ON  4, 1 GRTST 24HR  0.13 ON  9- 9      TO 1/4 MILE OR LESS
LOWEST:     51 ON 24                               3 = THUNDER
                        SNOW, ICE PELLETS, HAIL    4 = ICE PELLETS
                        TOTAL MONTH:   0.0 INCH    5 = HAIL
                        GRTST 24HR     0.0         6 = FREEZING RAIN OR DRIZZLE
                        GRTST DEPTH:   0           7 = DUSTSTORM OR SANDSTORM:
                                                       VSBY 1/2 MILE OR LESS
                                                   8 = SMOKE OR HAZE
[NO. OF DAYS WITH]      [WEATHER - DAYS WITH]      9 = BLOWING SNOW
                                                   X = TORNADO
MAX 32 OR BELOW:   0    0.01 INCH OR MORE:   1
MAX 90 OR ABOVE:  18    0.10 INCH OR MORE:   1
MIN 32 OR BELOW:   0    0.50 INCH OR MORE:   0
MIN  0 OR BELOW:   0    1.00 INCH OR MORE:   0

[HDD (BASE 65) ]
TOTAL THIS MO.     1    CLEAR  (SCALE 0-3)  23
DPTR FM NORMAL     1    PTCLDY (SCALE 4-7)   2
TOTAL FM JUL 1     1    CLOUDY (SCALE 8-10)  1
DPTR FM NORMAL     1

[CDD (BASE 65) ]
TOTAL THIS MO.   250
DPTR FM NORMAL    17    [PRESSURE DATA]
TOTAL FM JAN 1   589    HIGHEST SLP M ON M
DPTR FM NORMAL   192    LOWEST  SLP 29.75 ON 17

[REMARKS]
