000
CXUS53 KSGF 200800
CF6UNO
PRELIMINARY LOCAL CLIMATOLOGICAL DATA (WS FORM: F-6)

                                          STATION:   WEST PLAINS MO
                                          MONTH:     DECEMBER
                                          YEAR:      2014
                                          LATITUDE:   36 52 N
                                          LONGITUDE:  91 55 W

  TEMPERATURE IN F:       :PCPN:    SNOW:  WIND      :SUNSHINE: SKY     :PK WND
================================================================================
1   2   3   4   5  6A  6B    7    8   9   10  11  12  13   14  15   16   17  18
                                     12Z  AVG MX 2MIN
DY MAX MIN AVG DEP HDD CDD  WTR  SNW DPTH SPD SPD DIR MIN PSBL S-S WX    SPD DR
================================================================================

 1  39  25  32  -8  33   0 0.18    M    0 10.9 20  20   M    M  10 16     26  30
 2  34  26  30 -10  35   0 0.00  0.0    0  4.2 10 220   M    M  10 1      14 230
 3  45  26  36  -4  29   0 0.00  0.0    0  3.7 10  20   M    M   8 1      13  30
 4  43  37  40   1  25   0 0.16    M    M  5.0 12 100   M    M  10 12     16  90
 5  57  43  50  11  15   0 0.89    M    M  6.4 15 360   M    M  10 12     20 350
 6  48  37  43   5  22   0 0.00    M    M  9.3 16 350   M    M  10 1      22 350
 7  41  33  37  -1  28   0 0.00    M    M  3.7 10  90   M    M   5 18     13 100
 8  56  34  45   7  20   0 0.00  0.0    0  7.2 16 270   M    M   5 18     20 280
 9  41  26  34  -4  31   0 0.00  0.0    0  8.1 17  10   M    M   3        25  10
10  35  31  33  -4  32   0 0.03    M    M  3.6  8 180   M    M  10 1      12  90
11  40  34  37   0  28   0    T    M    M  3.6  8 120   M    M  10 1      13 160
12  46  36  41   4  24   0 0.00    M    M  3.7  9 200   M    M  10 1      11 210
13  51  43  47  11  18   0 0.00    M    M  4.9  9 150   M    M   9 18     13 150
14  63  44  54  18  11   0 0.00    M    M  7.9 15 160   M    M   5 12     20 130
15  62  40  51  15  14   0 0.68    M    M 11.7 23 270   M    M   8 1      31 280
16  40  28  34  -2  31   0 0.00    M    M 11.6 23 270   M    M  10        35 300
17  40  23  32  -4  33   0 0.34    M    M  3.1  8 250   M    M   4 1      10 240
18  37  32  35   0  30   0 0.02    M    M  3.5  8 110   M    M  10 12     10 120
19  36  34  35   0  30   0 0.00    M    M  4.0  8 110   M    M  10 12     10 120
================================================================================
SM  854  632       489   0  2.30     0.0 116.1          M      157
================================================================================
AV 44.9 33.3                               6.1 FASTST   M    M   8    MAX(MPH)
                                 MISC ---->  # 23 270               # 35  300
================================================================================
NOTES:
# LAST OF SEVERAL OCCURRENCES

COLUMN 17 PEAK WIND IN M.P.H.

PRELIMINARY LOCAL CLIMATOLOGICAL DATA (WS FORM: F-6) , PAGE 2

                                          STATION:  WEST PLAINS MO
                                          MONTH:    DECEMBER
                                          YEAR:     2014
                                          LATITUDE:   36 52 N
                                          LONGITUDE:  91 55 W

[TEMPERATURE DATA]      [PRECIPITATION DATA]       SYMBOLS USED IN COLUMN 16

AVERAGE MONTHLY: 39.1   TOTAL FOR MONTH:   2.30    1 = FOG OR MIST
DPTR FM NORMAL:   1.7   DPTR FM NORMAL:   -0.31    2 = FOG REDUCING VISIBILITY
HIGHEST:    63 ON 14    GRTST 24HR  0.89 ON  5- 5      TO 1/4 MILE OR LESS
LOWEST:     23 ON 17                               3 = THUNDER
                        SNOW, ICE PELLETS, HAIL    4 = ICE PELLETS
                        TOTAL MONTH:   0.0 INCH    5 = HAIL
                        GRTST 24HR     0.0         6 = FREEZING RAIN OR DRIZZLE
                        GRTST DEPTH:   0           7 = DUSTSTORM OR SANDSTORM:
                                                       VSBY 1/2 MILE OR LESS
                                                   8 = SMOKE OR HAZE
[NO. OF DAYS WITH]      [WEATHER - DAYS WITH]      9 = BLOWING SNOW
                                                   X = TORNADO
MAX 32 OR BELOW:   0    0.01 INCH OR MORE:   7
MAX 90 OR ABOVE:   0    0.10 INCH OR MORE:   5
MIN 32 OR BELOW:   8    0.50 INCH OR MORE:   2
MIN  0 OR BELOW:   0    1.00 INCH OR MORE:   0

[HDD (BASE 65) ]
TOTAL THIS MO.   489    CLEAR  (SCALE 0-3)   0
DPTR FM NORMAL   -38    PTCLDY (SCALE 4-7)   7
TOTAL FM JUL 1  1501    CLOUDY (SCALE 8-10) 12
DPTR FM NORMAL   122

[CDD (BASE 65) ]
TOTAL THIS MO.     0
DPTR FM NORMAL     0    [PRESSURE DATA]
TOTAL FM JAN 1  1231    HIGHEST SLP M ON M
DPTR FM NORMAL  -123    LOWEST  SLP 29.65 ON 15

[REMARKS]
