000
CXUS53 KUNR 290945
CF6UNR
PRELIMINARY LOCAL CLIMATOLOGICAL DATA (WS FORM: F-6)

                                          STATION:   EAST RAPID CITY SD
                                          MONTH:     DECEMBER
                                          YEAR:      2014
                                          LATITUDE:   44  4 N
                                          LONGITUDE: 103 13 W

  TEMPERATURE IN F:       :PCPN:    SNOW:  WIND      :SUNSHINE: SKY     :PK WND
================================================================================
1   2   3   4   5  6A  6B    7    8   9   10  11  12  13   14  15   16   17  18
                                     12Z  AVG MX 2MIN
DY MAX MIN AVG DEP HDD CDD  WTR  SNW DPTH SPD SPD DIR MIN PSBL S-S WX    SPD DR
================================================================================

 1  43  -3  20 -10  45   0 0.00  0.0    1 10.6 26 160   M    M   M        39 160
 2  39  23  31   1  34   0 0.00  0.0    T  8.6 22 320   M    M   M        30 330
 3  38  13  26  -3  39   0 0.00  0.0    T  8.6 23 160   M    M   M        32 160
 4  49  29  39  10  26   0 0.00  0.0    T  5.5 12 290   M    M   M        15 290
 5  45  27  36   7  29   0 0.00  0.0    0  6.2 15 330   M    M   M        20 330
 6  46  25  36   8  29   0 0.00  0.0    0  8.9 20 160   M    M   M        26 150
 7  55  38  47  19  18   0 0.00  0.0    0 11.8 30 310   M    M   M        47 300
 8  49  22  36   8  29   0 0.00  0.0    0  6.1 20  10   M    M   M        26  10
 9  47  22  35   7  30   0 0.00  0.0    0  4.6 12 150   M    M   M        15 140
10  61  41  51  23  14   0 0.00  0.0    0  5.6 10 270   M    M   M        16 270
11  70  32  51  24  14   0 0.00  0.0    0  5.4 10 160   M    M   M        14 190
12  66  36  51  24  14   0 0.00  0.0    0  3.8  9 180   M    M   M        12 180
13  62  33  48  21  17   0 0.00  0.0    0  5.6 16 360   M    M   M        26 360
14  47  28  38  11  27   0    T    T    0 16.4 26 330   M    M   M 6      39 330
15  29  20  25  -2  40   0 0.01  0.3    0 18.1 34 330   M    M   M 6      51 320
16  26  17  22  -5  43   0 0.00  0.0    T  7.6 15 140   M    M   M        20 140
17  22  17  20  -7  45   0 0.00  0.0    T  5.8 13 140   M    M   M 12     16 140
18  43  17  30   3  35   0 0.00  0.0    0  4.2  9 160   M    M   M        13 270
19  51  32  42  15  23   0    T  0.0    0  5.7 14  20   M    M   M        17 250
20  50  32  41  15  24   0 0.00  0.0    0  4.9 13  10   M    M   M        16  10
21  48  30  39  13  26   0    T  0.0    0  6.1 28 320   M    M   M        38 320
22  43  26  35   9  30   0 0.06  0.9    0 24.6 44 330   M    M   M        64 330
23  31  22  27   1  38   0 0.03  0.6    1 18.5 34 340   M    M   M 9      55 330
24  42  15  29   3  36   0 0.00  0.0    1  5.2 15 330   M    M   M        21 330
25  35  20  28   2  37   0 0.18  2.9    T 13.4 25  10   M    M   M        33 360
26  21  11  16 -11  49   0    T    T    3  7.4 15  10   M    M   M        22 340
27  27  11  19  -8  46   0 0.00  0.0    3  4.5 10 270   M    M   M        14 260
28  27  13  20  -7  45   0 0.05  1.4    3  4.7 10 290   M    M   M        14 290
================================================================================
SM 1212  649       882   0  0.33     6.1 238.4          M        M
================================================================================
AV 43.3 23.2                               8.5 FASTST   M    M   4    MAX(MPH)
                                 MISC ---->  # 44 330               # 64  330
================================================================================
NOTES:
# LAST OF SEVERAL OCCURRENCES

COLUMN 17 PEAK WIND IN M.P.H.

PRELIMINARY LOCAL CLIMATOLOGICAL DATA (WS FORM: F-6) , PAGE 2

                                          STATION:  EAST RAPID CITY SD
                                          MONTH:    DECEMBER
                                          YEAR:     2014
                                          LATITUDE:   44  4 N
                                          LONGITUDE: 103 13 W

[TEMPERATURE DATA]      [PRECIPITATION DATA]       SYMBOLS USED IN COLUMN 16

AVERAGE MONTHLY: 33.2   TOTAL FOR MONTH:   0.33    1 = FOG OR MIST
DPTR FM NORMAL:   5.8   DPTR FM NORMAL:    0.04    2 = FOG REDUCING VISIBILITY
HIGHEST:    70 ON 11    GRTST 24HR  0.18 ON 25-25      TO 1/4 MILE OR LESS
LOWEST:     -3 ON  1                               3 = THUNDER
                        SNOW, ICE PELLETS, HAIL    4 = ICE PELLETS
                        TOTAL MONTH:   6.1 INCHES  5 = HAIL
                        GRTST 24HR   2.9 ON   M    6 = FREEZING RAIN OR DRIZZLE
                        GRTST DEPTH:   3 ON 28,27  7 = DUSTSTORM OR SANDSTORM:
                                                       VSBY 1/2 MILE OR LESS
                                                   8 = SMOKE OR HAZE
[NO. OF DAYS WITH]      [WEATHER - DAYS WITH]      9 = BLOWING SNOW
                                                   X = TORNADO
MAX 32 OR BELOW:   7    0.01 INCH OR MORE:   5
MAX 90 OR ABOVE:   0    0.10 INCH OR MORE:   1
MIN 32 OR BELOW:  24    0.50 INCH OR MORE:   0
MIN  0 OR BELOW:   1    1.00 INCH OR MORE:   0

[HDD (BASE 65) ]
TOTAL THIS MO.   882    CLEAR  (SCALE 0-3)   0
DPTR FM NORMAL  -165    PTCLDY (SCALE 4-7)   0
TOTAL FM JUL 1  2496    CLOUDY (SCALE 8-10)  0
DPTR FM NORMAL  -131

[CDD (BASE 65) ]
TOTAL THIS MO.     0
DPTR FM NORMAL     0    [PRESSURE DATA]
TOTAL FM JAN 1   514    HIGHEST SLP M ON M
DPTR FM NORMAL  -151    LOWEST  SLP 29.43 ON 21

[REMARKS]
