000
CXUS54 KEWX 160910
CF6UVA
PRELIMINARY LOCAL CLIMATOLOGICAL DATA (WS FORM: F-6)

                                          STATION:   UVALDE
                                          MONTH:     APRIL
                                          YEAR:      2014
                                          LATITUDE:   29 12 N
                                          LONGITUDE:  99 44 W

  TEMPERATURE IN F:       :PCPN:    SNOW:  WIND      :SUNSHINE: SKY     :PK WND
================================================================================
1   2   3   4   5  6A  6B    7    8   9   10  11  12  13   14  15   16   17  18
                                     12Z  AVG MX 2MIN
DY MAX MIN AVG DEP HDD CDD  WTR  SNW DPTH SPD SPD DIR MIN PSBL S-S WX    SPD DR
================================================================================

 1  88  63  76   M   0  11    M    M    M 10.1 18 120   M    M   5 1      22 110
 2  90  70  80   M   0  15    M    M    M  9.1 12 110   M    M   6 1       M  M
 3  93  68  81   M   0  16    M    M    M  8.1 12  70   M    M   2 13     16 130
 4  77  58  68   M   0   3    M    M    M  8.5 14 130   M    M   2        30 140
 5  68  56  62   M   3   0    M    M    M  9.6 15 120   M    M   9        20  70
 6  75  55  65   M   0   0    M    M    M  5.6 10 330   M    M   6 1      16 320
 7  79  48  64   M   1   0    M    M    M  5.0 21 340   M    M   2 123    27 240
 8  81  48  65   M   0   0    M    M    M  6.8 14 330   M    M   0        18 330
 9  88  48  68   M   0   3    M    M    M  7.3 14 160   M    M   0        20 200
10  93  53  73   M   0   8    M    M    M  9.5 14 180   M    M   0        23 160
11  89  55  72   M   0   7    M    M    M  8.1 14 110   M    M   1        20 110
12  88  64  76   M   0  11    M    M    M 10.3 16 120   M    M   3        24 170
13  88  70  79   M   0  14    M    M    M  7.2 13 170   M    M   5        18 130
14  74  50  62   M   3   0    M    M    M 12.6 21 360   M    M   2 13     30 360
15  68  38  53   M  12   0    M    M    M  5.4 10  60   M    M   0         M  M
================================================================================
SM 1239  844        19  88    M     M    123.2          M       43
================================================================================
AV 82.6 56.3                               8.2 FASTST   M    M   3    MAX(MPH)
                                 MISC ---->    21   M                 30    M
================================================================================
NOTES:
# LAST OF SEVERAL OCCURRENCES

COLUMN 17 PEAK WIND IN M.P.H.

PRELIMINARY LOCAL CLIMATOLOGICAL DATA (WS FORM: F-6) , PAGE 2

                                          STATION:  UVALDE
                                          MONTH:    APRIL
                                          YEAR:     2014
                                          LATITUDE:   29 12 N
                                          LONGITUDE:  99 44 W

[TEMPERATURE DATA]      [PRECIPITATION DATA]       SYMBOLS USED IN COLUMN 16

AVERAGE MONTHLY: 69.4   TOTAL FOR MONTH:      M    1 = FOG OR MIST
DPTR FM NORMAL:     M   DPTR FM NORMAL:       M    2 = FOG REDUCING VISIBILITY
HIGHEST:    93 ON 10, 3 GRTST 24HR    M  ON   M        TO 1/4 MILE OR LESS
LOWEST:     38 ON 15                               3 = THUNDER
                        SNOW, ICE PELLETS, HAIL    4 = ICE PELLETS
                        TOTAL MONTH:    M          5 = HAIL
                        GRTST 24HR    M  ON   M    6 = FREEZING RAIN OR DRIZZLE
                        GRTST DEPTH:  M  ON   M    7 = DUSTSTORM OR SANDSTORM:
                                                       VSBY 1/2 MILE OR LESS
                                                   8 = SMOKE OR HAZE
[NO. OF DAYS WITH]      [WEATHER - DAYS WITH]      9 = BLOWING SNOW
                                                   X = TORNADO
MAX 32 OR BELOW:   0    0.01 INCH OR MORE:   0
MAX 90 OR ABOVE:   3    0.10 INCH OR MORE:   0
MIN 32 OR BELOW:   0    0.50 INCH OR MORE:   0
MIN  0 OR BELOW:   0    1.00 INCH OR MORE:   0

[HDD (BASE 65) ]
TOTAL THIS MO.    19    CLEAR  (SCALE 0-3)   9
DPTR FM NORMAL     M    PTCLDY (SCALE 4-7)   5
TOTAL FM JUL 1  1691    CLOUDY (SCALE 8-10)  1
DPTR FM NORMAL     M

[CDD (BASE 65) ]
TOTAL THIS MO.    88
DPTR FM NORMAL     M    [PRESSURE DATA]
TOTAL FM JAN 1   167    HIGHEST SLP M ON M
DPTR FM NORMAL     M    LOWEST  SLP M ON M

[REMARKS]
