000
CXUS55 KGJT 221000
CF6VEL
PRELIMINARY LOCAL CLIMATOLOGICAL DATA (WS FORM: F-6)

                                          STATION:   VERNAL UT
                                          MONTH:     FEBRUARY
                                          YEAR:      2017
                                          LATITUDE:   40 27 N
                                          LONGITUDE: 109 31 W

  TEMPERATURE IN F:       :PCPN:    SNOW:  WIND      :SUNSHINE: SKY     :PK WND
================================================================================
1   2   3   4   5  6A  6B    7    8   9   10  11  12  13   14  15   16   17  18
                                     12Z  AVG MX 2MIN
DY MAX MIN AVG DEP HDD CDD  WTR  SNW DPTH SPD SPD DIR MIN PSBL S-S WX    SPD DR
================================================================================

 1  29   2  16  -5  49   0 0.00    M    M  1.0  7 330   M    M   0 18      8 220
 2  32   7  20  -1  45   0    T    M    M  2.0  8 290   M    M   3 18     10 260
 3  30   8  19  -2  46   0 0.00    M    M  1.5  7 130   M    M   6 128     8 140
 4  39  15  27   5  38   0 0.00    M    M  1.2  7  90   M    M   5 18      7  90
 5  40  18  29   7  36   0 0.00    M    M  1.1  8 250   M    M   5 18     10 180
 6  42  21  32  10  33   0 0.00    M    M  2.1  8 270   M    M   8 1       8 300
 7  40  25  33  10  32   0 0.07    M    M  3.2 10 120   M    M   7 1      14 230
 8  47  23  35  12  30   0 0.00    M    M  2.5  9 240   M    M   3 1      11 290
 9  51  32  42  19  23   0 0.00    M    M  3.4  9 290   M    M   3        10 290
10  52  29  41  17  24   0 0.02    M    M  5.1 22 270   M    M   5 1      30 280
11  39  29  34  10  31   0 0.62    M    M  4.7 17  10   M    M   8 1      23  20
12  39  15  27   3  38   0 0.00    M    M  3.2  8 300   M    M   1         9 320
13  40  13  27   2  38   0 0.00    M    M  3.4  9 280   M    M   0        11 280
14  42  15  29   4  36   0 0.00    M    M  2.4  9 300   M    M   0        10 320
15  43  15  29   3  36   0 0.00    M    M  3.0  8 300   M    M   0         9 290
16  44  16  30   4  35   0 0.00    M    M  2.0  9  80   M    M   1        11 350
17  48  22  35   8  30   0 0.02    M    M  2.8 13 320   M    M   5 1      14 320
18  43  33  38  11  27   0 0.18    M    M  2.3  8 360   M    M   9 1      11 280
19  40  30  35   7  30   0 0.11    M    M  2.1  8  70   M    M   9 12      9 100
20  46  27  37   9  28   0 0.00    M    M  2.7  8 280   M    M   7 1      21 150
21  56  29  43  15  22   0 0.00    M    M  7.1 18 230   M    M   2        23 240
================================================================================
SM  882  424       707   0  1.02    M     58.8          M       87
================================================================================
AV 42.0 20.2                               2.8 FASTST   M    M   4    MAX(MPH)
                                 MISC ---->  # 22 270               # 30  280
================================================================================
NOTES:
# LAST OF SEVERAL OCCURRENCES

COLUMN 17 PEAK WIND IN M.P.H.

PRELIMINARY LOCAL CLIMATOLOGICAL DATA (WS FORM: F-6) , PAGE 2

                                          STATION:  VERNAL UT
                                          MONTH:    FEBRUARY
                                          YEAR:     2017
                                          LATITUDE:   40 27 N
                                          LONGITUDE: 109 31 W

[TEMPERATURE DATA]      [PRECIPITATION DATA]       SYMBOLS USED IN COLUMN 16

AVERAGE MONTHLY: 31.1   TOTAL FOR MONTH:   1.02    1 = FOG OR MIST
DPTR FM NORMAL:   6.8   DPTR FM NORMAL:    0.64    2 = FOG REDUCING VISIBILITY
HIGHEST:    56 ON 21    GRTST 24HR  0.64 ON 10-11      TO 1/4 MILE OR LESS
LOWEST:      2 ON  1                               3 = THUNDER
                        SNOW, ICE PELLETS, HAIL    4 = ICE PELLETS
                        TOTAL MONTH:    M          5 = HAIL
                        GRTST 24HR    M  ON   M    6 = FREEZING RAIN OR DRIZZLE
                        GRTST DEPTH:  M  ON   M    7 = DUSTSTORM OR SANDSTORM:
                                                       VSBY 1/2 MILE OR LESS
                                                   8 = SMOKE OR HAZE
[NO. OF DAYS WITH]      [WEATHER - DAYS WITH]      9 = BLOWING SNOW
                                                   X = TORNADO
MAX 32 OR BELOW:   3    0.01 INCH OR MORE:   6
MAX 90 OR ABOVE:   0    0.10 INCH OR MORE:   3
MIN 32 OR BELOW:  20    0.50 INCH OR MORE:   1
MIN  0 OR BELOW:   0    1.00 INCH OR MORE:   0

[HDD (BASE 65) ]
TOTAL THIS MO.   707    CLEAR  (SCALE 0-3)   9
DPTR FM NORMAL  -146    PTCLDY (SCALE 4-7)  10
TOTAL FM JUL 1  4775    CLOUDY (SCALE 8-10)  2
DPTR FM NORMAL  -473

[CDD (BASE 65) ]
TOTAL THIS MO.     0
DPTR FM NORMAL     0    [PRESSURE DATA]
TOTAL FM JAN 1     0    HIGHEST SLP M ON M
DPTR FM NORMAL     0    LOWEST  SLP 29.49 ON M

[REMARKS]
