000
CXUS55 KGJT 241000
CF6VEL
PRELIMINARY LOCAL CLIMATOLOGICAL DATA (WS FORM: F-6)

                                          STATION:   VERNAL UT
                                          MONTH:     NOVEMBER
                                          YEAR:      2017
                                          LATITUDE:   40 27 N
                                          LONGITUDE: 109 31 W

  TEMPERATURE IN F:       :PCPN:    SNOW:  WIND      :SUNSHINE: SKY     :PK WND
================================================================================
1   2   3   4   5  6A  6B    7    8   9   10  11  12  13   14  15   16   17  18
                                     12Z  AVG MX 2MIN
DY MAX MIN AVG DEP HDD CDD  WTR  SNW DPTH SPD SPD DIR MIN PSBL S-S WX    SPD DR
================================================================================

 1  67  30  49   7  16   0    T    M    M  6.4 28 230   M    M   0        36 240
 2  63  41  52  11  13   0 0.00    M    M  4.7 10 220   M    M   3         M  M
 3  64  38  51  10  14   0 0.00    M    M  6.2 20 220   M    M   5        25 210
 4  58  34  46   6  19   0    T    M    M  5.8 22 230   M    M   4        30 270
 5  56  31  44   4  21   0 0.04    M    M  5.9 22 260   M    M   7        29 280
 6  57  29  43   4  22   0 0.01    M    M  8.6 24 260   M    M   5        31 220
 7  46  24  35  -4  30   0 0.04    M    M  5.7 20 300   M    M   8 1      24 320
 8  41  18  30  -8  35   0 0.00    M    M  2.6  7 290   M    M   1 12      9 150
 9  51  22  37  -1  28   0 0.00    M    M  3.1  8 280   M    M   0        11 120
10  48  25  37   0  28   0 0.00    M    M  1.6  7 310   M    M   0         8 140
11  57  22  40   4  25   0 0.00    M    M  3.3  8 300   M    M   0         9 250
12  50  21  36   0  29   0 0.00    M    M  3.7  8 290   M    M   0        14 140
13  57  22  40   5  25   0 0.00    M    M  3.3  9 290   M    M   1 8       9 290
14  60  25  43   8  22   0 0.00    M    M  5.1 21 260   M    M   0        27 270
15  52  25  39   5  26   0 0.00    M    M  4.1 10 280   M    M   0        11 280
16  53  23  38   4  27   0 0.00    M    M  3.2 10 140   M    M   2 8      11 130
17  64  31  48  15  17   0 0.02    M    M  9.4 38 220   M    M   6 38     46 230
18  40  14  27  -6  38   0 0.00    M    M  3.3 12  10   M    M   0        15  10
19  42  15  29  -3  36   0 0.00    M    M  2.8  9 290   M    M   0        16 230
20  43  21  32   0  33   0 0.00    M    M  2.4  8 280   M    M   0 8      12 180
21  59  30  45  14  20   0 0.00    M    M  2.2 12 230   M    M   2        12  70
22  59  32  46  15  19   0 0.00    M    M  2.0  9 310   M    M   1        17 140
23  58  29  44  14  21   0 0.00    M    M  3.2 10 280   M    M   0        10 280
================================================================================
SM 1245  602       564   0  0.11    M     98.6          M       45
================================================================================
AV 54.1 26.2                               4.3 FASTST   M    M   2    MAX(MPH)
                                 MISC ---->  # 38 220               # 46  230
================================================================================
NOTES:
# LAST OF SEVERAL OCCURRENCES

COLUMN 17 PEAK WIND IN M.P.H.

PRELIMINARY LOCAL CLIMATOLOGICAL DATA (WS FORM: F-6) , PAGE 2

                                          STATION:  VERNAL UT
                                          MONTH:    NOVEMBER
                                          YEAR:     2017
                                          LATITUDE:   40 27 N
                                          LONGITUDE: 109 31 W

[TEMPERATURE DATA]      [PRECIPITATION DATA]       SYMBOLS USED IN COLUMN 16

AVERAGE MONTHLY: 40.2   TOTAL FOR MONTH:   0.11    1 = FOG OR MIST
DPTR FM NORMAL:   4.2   DPTR FM NORMAL:   -0.38    2 = FOG REDUCING VISIBILITY
HIGHEST:    67 ON  1    GRTST 24HR  0.04 ON  7- 7      TO 1/4 MILE OR LESS
LOWEST:     14 ON 18                               3 = THUNDER
                        SNOW, ICE PELLETS, HAIL    4 = ICE PELLETS
                        TOTAL MONTH:    M          5 = HAIL
                        GRTST 24HR    M  ON   M    6 = FREEZING RAIN OR DRIZZLE
                        GRTST DEPTH:  M  ON   M    7 = DUSTSTORM OR SANDSTORM:
                                                       VSBY 1/2 MILE OR LESS
                                                   8 = SMOKE OR HAZE
[NO. OF DAYS WITH]      [WEATHER - DAYS WITH]      9 = BLOWING SNOW
                                                   X = TORNADO
MAX 32 OR BELOW:   0    0.01 INCH OR MORE:   4
MAX 90 OR ABOVE:   0    0.10 INCH OR MORE:   0
MIN 32 OR BELOW:  20    0.50 INCH OR MORE:   0
MIN  0 OR BELOW:   0    1.00 INCH OR MORE:   0

[HDD (BASE 65) ]
TOTAL THIS MO.   564    CLEAR  (SCALE 0-3)  17
DPTR FM NORMAL  -103    PTCLDY (SCALE 4-7)   5
TOTAL FM JUL 1  1301    CLOUDY (SCALE 8-10)  1
DPTR FM NORMAL   -70

[CDD (BASE 65) ]
TOTAL THIS MO.     0
DPTR FM NORMAL     0    [PRESSURE DATA]
TOTAL FM JAN 1   891    HIGHEST SLP M ON M
DPTR FM NORMAL   380    LOWEST  SLP 29.43 ON 17

[REMARKS]
