000
CXUS53 KSGF 290800
CF6VIH
PRELIMINARY LOCAL CLIMATOLOGICAL DATA (WS FORM: F-6)

                                          STATION:   VICHY-ROLLA MO
                                          MONTH:     DECEMBER
                                          YEAR:      2014
                                          LATITUDE:   38  7 N
                                          LONGITUDE:  91 46 W

  TEMPERATURE IN F:       :PCPN:    SNOW:  WIND      :SUNSHINE: SKY     :PK WND
================================================================================
1   2   3   4   5  6A  6B    7    8   9   10  11  12  13   14  15   16   17  18
                                     12Z  AVG MX 2MIN
DY MAX MIN AVG DEP HDD CDD  WTR  SNW DPTH SPD SPD DIR MIN PSBL S-S WX    SPD DR
================================================================================

 1  28  21  25 -13  40   0 0.09    M    0 12.0 18  10   M    M  10 168    23  10
 2  33  25  29  -9  36   0 0.00  0.0    0  6.0 15 210   M    M  10        20 220
 3  46  26  36  -1  29   0 0.00    M    0  5.8 13  60   M    M   1        16  80
 4  41  33  37   0  28   0    T    M    M  7.3 14  80   M    M  10 12     16  80
 5  47  41  44   8  21   0 1.18    M    M  8.1 16  10   M    M  10 1      20  10
 6  41  33  37   1  28   0    T    M    M 10.1 16  20   M    M  10 12     20 360
 7  39  32  36   0  29   0 0.00    M    M  7.6 13 170   M    M   7 1      16 170
 8  51  35  43   7  22   0 0.00  0.0    0 10.7 21 250   M    M   6 1      27 270
 9  40  31  36   1  29   0 0.00  0.0    0  8.7 17  10   M    M   9        22 360
10  36  32  34  -1  31   0 0.00    M    M  4.8 12 100   M    M  10        15 110
11  39  31  35   1  30   0 0.00    M    M  6.5 12 100   M    M  10        17  10
12  50  33  42   8  23   0 0.00    M    M  6.5 12 180   M    M   8 1      14 190
13  50  42  46  12  19   0 0.00    M    M  7.9 15 180   M    M  10 18     19 170
14  65  48  57  23   8   0 0.00    M    M 12.6 20 150   M    M   4 1      27 140
15  58  39  49  16  16   0 0.42    M    M 16.0 28 240   M    M   9 1      35 240
16  39  27  33   0  32   0 0.00    M    M 14.9 25 280   M    M  10 1      36 290
17  34  23  29  -4  36   0 0.05    M    M  4.5 12 310   M    M   7        14 310
18  33  30  32  -1  33   0 0.08    M    M  5.7 10  90   M    M  10 12     17 100
19  35  32  34   1  31   0 0.00    M    M  4.9 10 100   M    M  10 12     17  50
20  41  34  38   6  27   0 0.00    M    M  5.5 14 190   M    M  10 1      17 200
21  41  38  40   8  25   0    T    M    M  9.2 14 140   M    M  10 18     20 120
22  48  39  44  12  21   0 0.35    M    M  9.3 18 250   M    M  10 1      25 240
23  47  35  41   9  24   0 0.00    M    M  7.4 12 310   M    M   2        18 230
24  36  33  35   3  30   0 0.02    M    M  9.6 17 240   M    M  10 1      22 250
25  50  30  40   8  25   0 0.00    M    M 14.2 23 160   M    M   1        30 150
26  56  40  48  16  17   0 0.08    M    M 14.3 21 190   M    M   4 1      28 180
27  49  29  39   8  26   0 0.10    M    M 10.0 20 300   M    M  10 1      26 320
28  37  24  31   0  34   0 0.00    M    M  3.6 12 310   M    M   5        15 320
================================================================================
SM 1210  916       750   0  2.37     0.0 243.7          M      223
================================================================================
AV 43.2 32.7                               8.7 FASTST   M    M   8    MAX(MPH)
                                 MISC ---->  # 28 240               # 36  290
================================================================================
NOTES:
# LAST OF SEVERAL OCCURRENCES

COLUMN 17 PEAK WIND IN M.P.H.

PRELIMINARY LOCAL CLIMATOLOGICAL DATA (WS FORM: F-6) , PAGE 2

                                          STATION:  VICHY-ROLLA MO
                                          MONTH:    DECEMBER
                                          YEAR:     2014
                                          LATITUDE:   38  7 N
                                          LONGITUDE:  91 46 W

[TEMPERATURE DATA]      [PRECIPITATION DATA]       SYMBOLS USED IN COLUMN 16

AVERAGE MONTHLY: 38.0   TOTAL FOR MONTH:   2.37    1 = FOG OR MIST
DPTR FM NORMAL:   4.0   DPTR FM NORMAL:   -0.04    2 = FOG REDUCING VISIBILITY
HIGHEST:    65 ON 14    GRTST 24HR  1.18 ON  5- 5      TO 1/4 MILE OR LESS
LOWEST:     21 ON  1                               3 = THUNDER
                        SNOW, ICE PELLETS, HAIL    4 = ICE PELLETS
                        TOTAL MONTH:   0.0 INCH    5 = HAIL
                        GRTST 24HR     0.0         6 = FREEZING RAIN OR DRIZZLE
                        GRTST DEPTH:   0           7 = DUSTSTORM OR SANDSTORM:
                                                       VSBY 1/2 MILE OR LESS
                                                   8 = SMOKE OR HAZE
[NO. OF DAYS WITH]      [WEATHER - DAYS WITH]      9 = BLOWING SNOW
                                                   X = TORNADO
MAX 32 OR BELOW:   1    0.01 INCH OR MORE:   9
MAX 90 OR ABOVE:   0    0.10 INCH OR MORE:   4
MIN 32 OR BELOW:  14    0.50 INCH OR MORE:   1
MIN  0 OR BELOW:   0    1.00 INCH OR MORE:   1

[HDD (BASE 65) ]
TOTAL THIS MO.   750    CLEAR  (SCALE 0-3)   3
DPTR FM NORMAL  -118    PTCLDY (SCALE 4-7)   7
TOTAL FM JUL 1  1892    CLOUDY (SCALE 8-10) 18
DPTR FM NORMAL    77

[CDD (BASE 65) ]
TOTAL THIS MO.     0
DPTR FM NORMAL     0    [PRESSURE DATA]
TOTAL FM JAN 1  1186    HIGHEST SLP M ON M
DPTR FM NORMAL   -60    LOWEST  SLP 29.48 ON 22

[REMARKS]
