000
CXUS52 KTAE 300800
CF6VLD
PRELIMINARY LOCAL CLIMATOLOGICAL DATA (WS FORM: F-6)

                                          STATION:   VALDOSTA
                                          MONTH:     AUGUST
                                          YEAR:      2015
                                          LATITUDE:   30 46 N
                                          LONGITUDE:  83 17 W

  TEMPERATURE IN F:       :PCPN:    SNOW:  WIND      :SUNSHINE: SKY     :PK WND
================================================================================
1   2   3   4   5  6A  6B    7    8   9   10  11  12  13   14  15   16   17  18
                                     12Z  AVG MX 2MIN
DY MAX MIN AVG DEP HDD CDD  WTR  SNW DPTH SPD SPD DIR MIN PSBL S-S WX    SPD DR
================================================================================

 1  91  76  84   2   0  19 0.74  0.0    0  4.6 15 160   M    M   5 138    22 180
 2  84  76  80  -2   0  15 0.12  0.0    0  5.7 12 100   M    M   8 1      16  70
 3  90  75  83   1   0  18 0.05    M    0  4.7  9  10   M    M   7 1       M  M
 4  90  86  88   6   0  23 0.00  0.0    M  4.0  8 170   M    M   1         M  M
 5  92  74  83   1   0  18 0.09  0.0    0  2.2 15 190   M    M   4 3      20 180
 6  88  73  81  -1   0  16 0.46  0.0    M  3.5 14 220   M    M   1 13     24 240
 7  92  74  83   1   0  18 0.28  0.0    0  4.0 10 190   M    M   4 3      20 260
 8  94  72  83   1   0  18 0.00  0.0    0  1.4  9  10   M    M   2        16 300
 9  94  75  85   3   0  20 0.00  0.0    0  4.2 10 100   M    M   2 1      17 110
10  94  72  83   1   0  18 0.00  0.0    0  2.7  9  30   M    M   2 18     13  40
11  93  73  83   1   0  18 0.77  0.0    0  2.3 14  20   M    M   2 13     15  10
12  95  75  85   4   0  20 0.01  0.0    0  1.4  9  10   M    M   3 3      12  10
13  95  73  84   3   0  19 0.00  0.0    0  2.8 15 170   M    M   1 1      19  60
14  93  72  83   2   0  18 0.00  0.0    0  4.1 13  60   M    M   4        17  70
15  92  70  81   0   0  16 0.00  0.0    0  3.5 16 150   M    M   1        21 160
16  91  71  81   0   0  16 0.39  0.0    0  3.4 18  80   M    M   3 13     27  60
17  91  74  83   2   0  18 0.02  0.0    0  3.7  9 180   M    M   6 3       M  M
18  91  73  82   1   0  17 0.33  0.0    0  2.0 17 190   M    M   3 3      22 200
19  93  74  84   3   0  19 0.01  0.0    0  2.5  8 190   M    M   3 3      14 250
20  93  75  84   3   0  19 0.78  0.0    0  2.1 17 180   M    M   2 13     21 190
21  94  76  85   4   0  20 0.00  0.0    0  0.3  6 130   M    M   5 128     7 220
22  96  74  85   4   0  20 0.03  0.0    0  2.5 12 150   M    M   2 3      16 140
23  93  73  83   2   0  18 0.39  0.0    0  3.2 12  20   M    M   0 13     21 290
24  93  71  82   1   0  17 0.00  0.0    0  1.5  8  20   M    M   2        13 310
25  94  73  84   3   0  19    T  0.0    0  1.7  7 210   M    M   2        13 300
26  91  68  80  -1   0  15 0.00  0.0    0  1.3  8  10   M    M   2        11 320
27  94  65  80  -1   0  15 0.00  0.0    0  2.5 13 170   M    M   1        15 180
28  90  71  81   0   0  16 0.19  0.0    0  3.1 22  40   M    M   4 138    32  40
29  84  72  78  -2   0  13 1.73  0.0    0  4.6 10  50   M    M   5 13     14 360
================================================================================
SM 2665 2126         0 516  6.39     0.0  85.5          M       87
================================================================================
AV 91.9 73.3                               2.9 FASTST   M    M   3    MAX(MPH)
                                 MISC ---->  # 22  40               # 32   40
================================================================================
NOTES:
# LAST OF SEVERAL OCCURRENCES

COLUMN 17 PEAK WIND IN M.P.H.

PRELIMINARY LOCAL CLIMATOLOGICAL DATA (WS FORM: F-6) , PAGE 2

                                          STATION:  VALDOSTA
                                          MONTH:    AUGUST
                                          YEAR:     2015
                                          LATITUDE:   30 46 N
                                          LONGITUDE:  83 17 W

[TEMPERATURE DATA]      [PRECIPITATION DATA]       SYMBOLS USED IN COLUMN 16

AVERAGE MONTHLY: 82.6   TOTAL FOR MONTH:   6.39    1 = FOG OR MIST
DPTR FM NORMAL:   1.3   DPTR FM NORMAL:    1.36    2 = FOG REDUCING VISIBILITY
HIGHEST:    96 ON 22    GRTST 24HR  1.91 ON 28-29      TO 1/4 MILE OR LESS
LOWEST:     65 ON 27                               3 = THUNDER
                        SNOW, ICE PELLETS, HAIL    4 = ICE PELLETS
                        TOTAL MONTH:   0.0 INCH    5 = HAIL
                        GRTST 24HR     0.0         6 = FREEZING RAIN OR DRIZZLE
                        GRTST DEPTH:   0           7 = DUSTSTORM OR SANDSTORM:
                                                       VSBY 1/2 MILE OR LESS
                                                   8 = SMOKE OR HAZE
[NO. OF DAYS WITH]      [WEATHER - DAYS WITH]      9 = BLOWING SNOW
                                                   X = TORNADO
MAX 32 OR BELOW:   0    0.01 INCH OR MORE:  17
MAX 90 OR ABOVE:  26    0.10 INCH OR MORE:  11
MIN 32 OR BELOW:   0    0.50 INCH OR MORE:   4
MIN  0 OR BELOW:   0    1.00 INCH OR MORE:   1

[HDD (BASE 65) ]
TOTAL THIS MO.     0    CLEAR  (SCALE 0-3)  19
DPTR FM NORMAL     0    PTCLDY (SCALE 4-7)   9
TOTAL FM JUL 1     0    CLOUDY (SCALE 8-10)  1
DPTR FM NORMAL     0

[CDD (BASE 65) ]
TOTAL THIS MO.   516
DPTR FM NORMAL    45    [PRESSURE DATA]
TOTAL FM JAN 1  2233    HIGHEST SLP M ON M
DPTR FM NORMAL   410    LOWEST  SLP 29.84 ON M

[REMARKS]
