000
CXUS52 KTAE 240800
CF6VLD
PRELIMINARY LOCAL CLIMATOLOGICAL DATA (WS FORM: F-6)

                                          STATION:   VALDOSTA
                                          MONTH:     AUGUST
                                          YEAR:      2017
                                          LATITUDE:   30 46 N
                                          LONGITUDE:  83 17 W

  TEMPERATURE IN F:       :PCPN:    SNOW:  WIND      :SUNSHINE: SKY     :PK WND
================================================================================
1   2   3   4   5  6A  6B    7    8   9   10  11  12  13   14  15   16   17  18
                                     12Z  AVG MX 2MIN
DY MAX MIN AVG DEP HDD CDD  WTR  SNW DPTH SPD SPD DIR MIN PSBL S-S WX    SPD DR
================================================================================

 1  90  59  75  -7   0  10 0.00  0.0    0  3.7 12  40   M    M   2 1      17  40
 2  89  71  80  -2   0  15 0.00  0.0    0  5.1 17 160   M    M   7 1      22 110
 3  80  71  76  -6   0  11 0.04  0.0    0  3.8 10 170   M    M   8 1      13 190
 4  88  72  80  -2   0  15 0.81  0.0    0  4.3 15 200   M    M   5 13     22 200
 5  86  71  79  -3   0  14 0.19  0.0    0  3.4 15 180   M    M   2 1      20 180
 6  87  69  78  -4   0  13 0.04  0.0    0  2.6 10 210   M    M   2 13     18 240
 7  92  70  81  -1   0  16 0.11  0.0    0  3.5 15 170   M    M   2 13     20 280
 8  93  72  83   1   0  18 0.16  0.0    0  2.0 12 190   M    M   4 13     16 280
 9  91  71  81  -1   0  16 0.00  0.0    0  2.3 23  20   M    M   2 13     26  20
10  90  72  81  -1   0  16 0.02  0.0    0  1.9  9 180   M    M   5 1      12 160
11  93  73  83   1   0  18 0.24  0.0    0  1.3 25  40   M    M   3 138    32  40
12  93  72  83   2   0  18 0.00  0.0    0  2.7 12 180   M    M   1 13     19 230
13  93  73  83   2   0  18    T  0.0    0  3.3 15 180   M    M   2 1      21 200
14  94  74  84   3   0  19 1.31  0.0    0  2.6 10 180   M    M   3 13     20 290
15  92  73  83   2   0  18    T  0.0    0  1.3 12 220   M    M   1 13     19 220
16  94  73  84   3   0  19 0.00  0.0    0  1.0  8 360   M    M   1 1      12 360
17  96  74  85   4   0  20 0.00  0.0    0  2.3 10 170   M    M   1 1      14 330
18  96  75  86   5   0  21 0.00  0.0    0  3.8 18 180   M    M   1 1      21 180
19  93  73  83   2   0  18    T  0.0    0  1.9 14 190   M    M   2 12     18 190
20  95  72  84   3   0  19 0.01  0.0    0  2.7 30  30   M    M   3 138    38  30
21  90  71  81   0   0  16    T  0.0    0  3.5 16  40   M    M   2        20  60
22  91  72  82   1   0  17 0.19  0.0    0  1.5 14  30   M    M   5 128    15 360
23  93  72  83   2   0  18 0.00  0.0    0  3.1 12 180   M    M   2 13     14 170
================================================================================
SM 2099 1645         0 383  3.12     0.0  63.6          M       66
================================================================================
AV 91.3 71.5                               2.8 FASTST   M    M   3    MAX(MPH)
                                 MISC ---->  # 30  30               # 38   30
================================================================================
NOTES:
# LAST OF SEVERAL OCCURRENCES

COLUMN 17 PEAK WIND IN M.P.H.

PRELIMINARY LOCAL CLIMATOLOGICAL DATA (WS FORM: F-6) , PAGE 2

                                          STATION:  VALDOSTA
                                          MONTH:    AUGUST
                                          YEAR:     2017
                                          LATITUDE:   30 46 N
                                          LONGITUDE:  83 17 W

[TEMPERATURE DATA]      [PRECIPITATION DATA]       SYMBOLS USED IN COLUMN 16

AVERAGE MONTHLY: 81.4   TOTAL FOR MONTH:   3.12    1 = FOG OR MIST
DPTR FM NORMAL:  -0.1   DPTR FM NORMAL:   -0.94    2 = FOG REDUCING VISIBILITY
HIGHEST:    96 ON 18,17 GRTST 24HR  1.31 ON 14-14      TO 1/4 MILE OR LESS
LOWEST:     59 ON  1                               3 = THUNDER
                        SNOW, ICE PELLETS, HAIL    4 = ICE PELLETS
                        TOTAL MONTH:   0.0 INCH    5 = HAIL
                        GRTST 24HR     0.0         6 = FREEZING RAIN OR DRIZZLE
                        GRTST DEPTH:   0           7 = DUSTSTORM OR SANDSTORM:
                                                       VSBY 1/2 MILE OR LESS
                                                   8 = SMOKE OR HAZE
[NO. OF DAYS WITH]      [WEATHER - DAYS WITH]      9 = BLOWING SNOW
                                                   X = TORNADO
MAX 32 OR BELOW:   0    0.01 INCH OR MORE:  11
MAX 90 OR ABOVE:  18    0.10 INCH OR MORE:   7
MIN 32 OR BELOW:   0    0.50 INCH OR MORE:   2
MIN  0 OR BELOW:   0    1.00 INCH OR MORE:   1

[HDD (BASE 65) ]
TOTAL THIS MO.     0    CLEAR  (SCALE 0-3)  17
DPTR FM NORMAL     0    PTCLDY (SCALE 4-7)   6
TOTAL FM JUL 1     0    CLOUDY (SCALE 8-10)  0
DPTR FM NORMAL     0

[CDD (BASE 65) ]
TOTAL THIS MO.   383
DPTR FM NORMAL     8    [PRESSURE DATA]
TOTAL FM JAN 1  1853    HIGHEST SLP M ON M
DPTR FM NORMAL   126    LOWEST  SLP 29.86 ON 23

[REMARKS]
