194
CXUS55 KLOX 221655
CF6VNY
PRELIMINARY LOCAL CLIMATOLOGICAL DATA (WS FORM: F-6)

                                          STATION:   VAN NUYS AIRPORT CA
                                          MONTH:     JANUARY
                                          YEAR:      2017
                                          LATITUDE:   34 13 N
                                          LONGITUDE: 118 29 W

  TEMPERATURE IN F:       :PCPN:    SNOW:  WIND      :SUNSHINE: SKY     :PK WND
================================================================================
1   2   3   4   5  6A  6B    7    8   9   10  11  12  13   14  15   16   17  18
                                     12Z  AVG MX 2MIN
DY MAX MIN AVG DEP HDD CDD  WTR  SNW DPTH SPD SPD DIR MIN PSBL S-S WX    SPD DR
================================================================================

 1  57  41  49  -6  16   0 0.00  0.0    0  5.8 15 170   M    M   3        17 160
 2  54  48  51  -4  14   0 0.00  0.0    0  4.9 13 170   M    M   9        17 150
 3  57  45  51  -4  14   0 0.00  0.0    0  0.7  6 360   M    M   5         7 300
 4  58  49  54  -1  11   0 0.18    M    0  3.2 10 140   M    M  10 18     15 150
 5  62  51  57   2   8   0 0.66  0.0    0  3.6 12 160   M    M   8 1      14 160
 6  62  48  55   0  10   0 0.00  0.0    0  6.7 15 360   M    M   2        18  10
 7  63  47  55   0  10   0 0.35    M    0  2.2 10 350   M    M   9 1      13 350
 8  74  48  61   6   4   0 0.00  0.0    0  2.8 14 170   M    M   1        16 170
 9  62  48  55   0  10   0 0.67    M    0  4.2 12 170   M    M   7 1      14 140
10  59  46  53  -2  12   0 0.22    M    0  3.9 10 180   M    M   8 1      13 170
11  63  52  58   3   7   0 0.28  0.0    0  4.7 15 170   M    M   8 1      17 180
12  56  48  52  -3  13   0 0.62    M    0  4.4 13 170   M    M  10 1      15 130
13  62  44  53  -2  12   0    T    M    0  7.3 26  10   M    M   5 1      37  10
14  68  54  61   6   4   0 0.00  0.0    0 13.8 26 360   M    M   0 8      35  30
15  62  47  55   0  10   0 0.00  0.0    0  3.1 12 160   M    M   7 1      14 140
16  66  45  56   1   9   0 0.00  0.0    0  2.1 13  10   M    M   1 1      16  30
17  68  41  55   0  10   0 0.00  0.0    0  2.8 13 160   M    M   0        16 200
18  59  40  50  -5  15   0 0.06    M    0  3.3 10 170   M    M   4        14 150
19  61  50  56   1   9   0 0.58  0.0    0  5.9 15 250   M    M   7 1      21 280
20  58  48  53  -2  12   0 1.28    M    0  7.6 25 160   M    M   8 1      33 140
21  59  40  50  -5  15   0 0.00  0.0    0  4.9 14 300   M    M   2        16 300
================================================================================
SM 1290  980       225   0  4.90     0.0  97.9          M      114
================================================================================
AV 61.4 46.7                               4.7 FASTST   M    M   5    MAX(MPH)
                                 MISC ---->  # 26  10               # 37   10
================================================================================
NOTES:
# LAST OF SEVERAL OCCURRENCES

COLUMN 17 PEAK WIND IN M.P.H.

PRELIMINARY LOCAL CLIMATOLOGICAL DATA (WS FORM: F-6) , PAGE 2

                                          STATION:  VAN NUYS AIRPORT CA
                                          MONTH:    JANUARY
                                          YEAR:     2017
                                          LATITUDE:   34 13 N
                                          LONGITUDE: 118 29 W

[TEMPERATURE DATA]      [PRECIPITATION DATA]       SYMBOLS USED IN COLUMN 16

AVERAGE MONTHLY: 54.0   TOTAL FOR MONTH:   4.90    1 = FOG OR MIST
DPTR FM NORMAL:  -1.0   DPTR FM NORMAL:    3.53    2 = FOG REDUCING VISIBILITY
HIGHEST:    74 ON  8    GRTST 24HR  1.28 ON 20-20      TO 1/4 MILE OR LESS
LOWEST:     40 ON 21,18                            3 = THUNDER
                        SNOW, ICE PELLETS, HAIL    4 = ICE PELLETS
                        TOTAL MONTH:   0.0 INCH    5 = HAIL
                        GRTST 24HR     0.0         6 = FREEZING RAIN OR DRIZZLE
                        GRTST DEPTH:   0           7 = DUSTSTORM OR SANDSTORM:
                                                       VSBY 1/2 MILE OR LESS
                                                   8 = SMOKE OR HAZE
[NO. OF DAYS WITH]      [WEATHER - DAYS WITH]      9 = BLOWING SNOW
                                                   X = TORNADO
MAX 32 OR BELOW:   0    0.01 INCH OR MORE:  10
MAX 90 OR ABOVE:   0    0.10 INCH OR MORE:   9
MIN 32 OR BELOW:   0    0.50 INCH OR MORE:   5
MIN  0 OR BELOW:   0    1.00 INCH OR MORE:   1

[HDD (BASE 65) ]
TOTAL THIS MO.   225    CLEAR  (SCALE 0-3)   7
DPTR FM NORMAL    15    PTCLDY (SCALE 4-7)   8
TOTAL FM JUL 1   594    CLOUDY (SCALE 8-10)  6
DPTR FM NORMAL  -145

[CDD (BASE 65) ]
TOTAL THIS MO.     0
DPTR FM NORMAL     0    [PRESSURE DATA]
TOTAL FM JAN 1     0    HIGHEST SLP M ON M
DPTR FM NORMAL     0    LOWEST  SLP 29.38 ON 20

[REMARKS]
