732
CXUS55 KLOX 291655
CF6VNY
PRELIMINARY LOCAL CLIMATOLOGICAL DATA (WS FORM: F-6)

                                          STATION:   VAN NUYS AIRPORT CA
                                          MONTH:     APRIL
                                          YEAR:      2016
                                          LATITUDE:   34 13 N
                                          LONGITUDE: 118 29 W

  TEMPERATURE IN F:       :PCPN:    SNOW:  WIND      :SUNSHINE: SKY     :PK WND
================================================================================
1   2   3   4   5  6A  6B    7    8   9   10  11  12  13   14  15   16   17  18
                                     12Z  AVG MX 2MIN
DY MAX MIN AVG DEP HDD CDD  WTR  SNW DPTH SPD SPD DIR MIN PSBL S-S WX    SPD DR
================================================================================

 1  75  48  62   2   3   0 0.00  0.0    0  3.6 14 150   M    M   0        20 120
 2  84  52  68   8   0   3 0.00  0.0    0  3.5 13 300   M    M   0        21 190
 3  84  53  69   9   0   4 0.00  0.0    0  2.9 15 300   M    M   1        22 290
 4  85  54  70  10   0   5 0.00  0.0    0  3.6 14 170   M    M   0        19 150
 5  91  56  74  14   0   9 0.00  0.0    0  4.1 15 360   M    M   0        20 350
 6  95  58  77  17   0  12 0.00  0.0    0  5.5 20 170   M    M   0        23 170
 7  70  58  64   4   1   0 0.07  0.0    0  2.9 14 160   M    M   5        17 160
 8  61  57  59  -1   6   0 0.06  0.0    0  4.5  9 160   M    M   7 18     12 160
 9  63  56  60  -1   5   0 0.05  0.0    0  4.4 13 160   M    M  10 1      16 140
10  70  51  61   0   4   0 0.00  0.0    0  3.4 12 170   M    M   6        14 170
11  75  56  66   5   0   1    T  0.0    0  4.4 14 300   M    M   6 3      19 290
12  75  52  64   3   1   0 0.00  0.0    0  4.3 14 120   M    M   1        19 180
13  75  54  65   4   0   0 0.00  0.0    0  4.6 15 150   M    M   3 18     18 160
14  75  54  65   4   0   0 0.00  0.0    0 10.0 38 360   M    M   2 18     46  10
15  76  55  66   4   0   1 0.00  0.0    0 19.6 44 350   M    M   0        59 320
16  88  62  75  13   0  10 0.00  0.0    0 12.6 26  10   M    M   0        35  20
17  91  60  76  14   0  11 0.00  0.0    0  9.2 23 350   M    M   0        29  20
18  89  54  72  10   0   7 0.00  0.0    0  4.4 14 330   M    M   0        19 180
19  91  57  74  12   0   9 0.00  0.0    0  3.9 16 190   M    M   0        25 180
20  88  56  72  10   0   7 0.00  0.0    0  4.3 15 170   M    M   0        21 140
21  86  53  70   8   0   5 0.00  0.0    0  4.7 15 170   M    M   1        20 190
22  77  55  66   3   0   1 0.00  0.0    0  6.4 17 150   M    M   0        23 280
23  80  55  68   5   0   3 0.00  0.0    0 11.5 24 360   M    M   0        30 360
24  76  55  66   3   0   1 0.00  0.0    0  7.1 16 150   M    M   0        22  30
25  70  52  61  -2   4   0    T  0.0    0  7.2 32 350   M    M   1        45  10
26  71  49  60  -4   5   0 0.00  0.0    0  5.4 15 170   M    M   0        20 160
27  75  52  64   0   1   0 0.00  0.0    0  5.4 17 160   M    M   1        27 280
28  73  50  62  -2   3   0 0.00  0.0    0  6.6 20 140   M    M   2        23 140
================================================================================
SM 2209 1524        33  89  0.18     0.0 170.0          M       46
================================================================================
AV 78.9 54.4                               6.1 FASTST   M    M   2    MAX(MPH)
                                 MISC ---->  # 44 350               # 59  320
================================================================================
NOTES:
# LAST OF SEVERAL OCCURRENCES

COLUMN 17 PEAK WIND IN M.P.H.

PRELIMINARY LOCAL CLIMATOLOGICAL DATA (WS FORM: F-6) , PAGE 2

                                          STATION:  VAN NUYS AIRPORT CA
                                          MONTH:    APRIL
                                          YEAR:     2016
                                          LATITUDE:   34 13 N
                                          LONGITUDE: 118 29 W

[TEMPERATURE DATA]      [PRECIPITATION DATA]       SYMBOLS USED IN COLUMN 16

AVERAGE MONTHLY: 66.7   TOTAL FOR MONTH:   0.18    1 = FOG OR MIST
DPTR FM NORMAL:   5.1   DPTR FM NORMAL:   -0.64    2 = FOG REDUCING VISIBILITY
HIGHEST:    95 ON  6    GRTST 24HR  0.09 ON  7- 8      TO 1/4 MILE OR LESS
LOWEST:     48 ON  1                               3 = THUNDER
                        SNOW, ICE PELLETS, HAIL    4 = ICE PELLETS
                        TOTAL MONTH:   0.0 INCH    5 = HAIL
                        GRTST 24HR     0.0         6 = FREEZING RAIN OR DRIZZLE
                        GRTST DEPTH:   0           7 = DUSTSTORM OR SANDSTORM:
                                                       VSBY 1/2 MILE OR LESS
                                                   8 = SMOKE OR HAZE
[NO. OF DAYS WITH]      [WEATHER - DAYS WITH]      9 = BLOWING SNOW
                                                   X = TORNADO
MAX 32 OR BELOW:   0    0.01 INCH OR MORE:   3
MAX 90 OR ABOVE:   4    0.10 INCH OR MORE:   0
MIN 32 OR BELOW:   0    0.50 INCH OR MORE:   0
MIN  0 OR BELOW:   0    1.00 INCH OR MORE:   0

[HDD (BASE 65) ]
TOTAL THIS MO.    33    CLEAR  (SCALE 0-3)  23
DPTR FM NORMAL   -96    PTCLDY (SCALE 4-7)   4
TOTAL FM JUL 1   958    CLOUDY (SCALE 8-10)  1
DPTR FM NORMAL  -471

[CDD (BASE 65) ]
TOTAL THIS MO.    89
DPTR FM NORMAL    52    [PRESSURE DATA]
TOTAL FM JAN 1   204    HIGHEST SLP M ON M
DPTR FM NORMAL   142    LOWEST  SLP 29.69 ON 27

[REMARKS]
