000
CXUS52 KFFC 271110
CF6VPC
PRELIMINARY LOCAL CLIMATOLOGICAL DATA (WS FORM: F-6)

                                          STATION:   CARTERSVILLE
                                          MONTH:     FEBRUARY
                                          YEAR:      2015
                                          LATITUDE:   34  7 N
                                          LONGITUDE:  84 51 W

  TEMPERATURE IN F:       :PCPN:    SNOW:  WIND      :SUNSHINE: SKY     :PK WND
================================================================================
1   2   3   4   5  6A  6B    7    8   9   10  11  12  13   14  15   16   17  18
                                     12Z  AVG MX 2MIN
DY MAX MIN AVG DEP HDD CDD  WTR  SNW DPTH SPD SPD DIR MIN PSBL S-S WX    SPD DR
================================================================================

 1  56  34  45   3  20   0 0.55  0.0    M  6.1 16 190   M    M   6 1      24 160
 2  57  25  41  -1  24   0 0.05  0.0    M  5.0 15 180   M    M   7 1      22 170
 3  47  22  35  -7  30   0 0.00  0.0    M  0.3  6  30   M    M   0         9 350
 4  51  25  38  -5  27   0 0.00    M    M  1.6 10 150   M    M   0        14 150
 5  46  29  38  -5  27   0 0.00    M    M  6.1 18  10   M    M   3        28 360
 6  52  19  36  -7  29   0 0.00    M    M  0.7  7 240   M    M   0 8      10 220
 7  66  23  45   2  20   0 0.00    M    M  1.7  9 190   M    M   0        13 210
 8  67  29  48   5  17   0 0.00  0.0    M  2.3 10 180   M    M   4        15 260
 9  63  42  53  10  12   0 0.32  0.0    M  2.6 12 330   M    M  10 138    21 360
10  50  34  42  -2  23   0 0.00    M    M  6.9 15 360   M    M   5        24 340
11  59  26  43  -1  22   0 0.00  0.0    M  1.2  7 340   M    M   0 18     10  10
12  46  26  36  -8  29   0 0.00    M    M  3.9 17 350   M    M   1        29  10
13  43  24  34 -10  31   0 0.00    M    M  4.2 13 350   M    M   0        20 330
14  59  20  40  -4  25   0 0.00  0.0    0  3.1 13 350   M    M   3        24 340
15  42  18  30 -15  35   0 0.00  0.0    0  6.9 18 360   M    M   3        28 350
16  40  29  35 -10  30   0 1.01  0.0    0  6.6 16  90   M    M  10 1      25  90
17  39  24  32 -13  33   0 0.00  0.0    0  5.7 15 360   M    M   4 1      20 360
18  38  20  29 -16  36   0    T    T    M  3.7 13 330   M    M   6        24 350
19  27  11  19 -26  46   0 0.00  0.0    M  4.4 14 350   M    M   1        22 350
20  33  14  24 -22  41   0    T    T    M  4.2 12 170   M    M   9        14 170
21  50  32  41  -5  24   0 0.33    M    M  6.7 16 130   M    M  10 1      23 140
22  53  42  48   2  17   0 0.29  0.0    M  3.8 12 360   M    M  10 1      16 360
23  46  33  40  -6  25   0 0.26  0.0    M  7.3 16 340   M    M   7 1      25 350
24  37  28  33 -14  32   0 0.14    M    M  1.2  9 360   M    M   9 126    13 360
25  35  26  31 -16  34   0 0.60    M    M  2.0  9  30   M    M   6 12     13  10
26  38  29  34 -13  31   0 0.01    M    M  1.2 10 360   M    M   9 1      15 330
================================================================================
SM 1240  684       720   0  3.56    T     99.4          M      123
================================================================================
AV 47.7 26.3                               3.8 FASTST   M    M   5    MAX(MPH)
                                 MISC ---->  # 18  10               # 29   10
================================================================================
NOTES:
# LAST OF SEVERAL OCCURRENCES

COLUMN 17 PEAK WIND IN M.P.H.

PRELIMINARY LOCAL CLIMATOLOGICAL DATA (WS FORM: F-6) , PAGE 2

                                          STATION:  CARTERSVILLE
                                          MONTH:    FEBRUARY
                                          YEAR:     2015
                                          LATITUDE:   34  7 N
                                          LONGITUDE:  84 51 W

[TEMPERATURE DATA]      [PRECIPITATION DATA]       SYMBOLS USED IN COLUMN 16

AVERAGE MONTHLY: 37.0   TOTAL FOR MONTH:   3.56    1 = FOG OR MIST
DPTR FM NORMAL:  -7.4   DPTR FM NORMAL:   -0.95    2 = FOG REDUCING VISIBILITY
HIGHEST:    67 ON  8    GRTST 24HR  1.01 ON 16-16      TO 1/4 MILE OR LESS
LOWEST:     11 ON 19                               3 = THUNDER
                        SNOW, ICE PELLETS, HAIL    4 = ICE PELLETS
                        TOTAL MONTH:    T          5 = HAIL
                        GRTST 24HR    T  ON 20-20  6 = FREEZING RAIN OR DRIZZLE
                        GRTST DEPTH:   0           7 = DUSTSTORM OR SANDSTORM:
                                                       VSBY 1/2 MILE OR LESS
                                                   8 = SMOKE OR HAZE
[NO. OF DAYS WITH]      [WEATHER - DAYS WITH]      9 = BLOWING SNOW
                                                   X = TORNADO
MAX 32 OR BELOW:   1    0.01 INCH OR MORE:  10
MAX 90 OR ABOVE:   0    0.10 INCH OR MORE:   8
MIN 32 OR BELOW:  21    0.50 INCH OR MORE:   3
MIN  0 OR BELOW:   0    1.00 INCH OR MORE:   1

[HDD (BASE 65) ]
TOTAL THIS MO.   720    CLEAR  (SCALE 0-3)   9
DPTR FM NORMAL   184    PTCLDY (SCALE 4-7)  10
TOTAL FM JUL 1  2796    CLOUDY (SCALE 8-10)  7
DPTR FM NORMAL   219

[CDD (BASE 65) ]
TOTAL THIS MO.     0
DPTR FM NORMAL     0    [PRESSURE DATA]
TOTAL FM JAN 1     0    HIGHEST SLP  0.00 ON M
DPTR FM NORMAL     0    LOWEST  SLP 29.65 ON  2

[REMARKS]
