000
CXUS52 KMLB 260703
CF6VRB
PRELIMINARY LOCAL CLIMATOLOGICAL DATA (WS FORM: F-6)

                                          STATION:   VERO BEACH
                                          MONTH:     MAY
                                          YEAR:      2016
                                          LATITUDE:   27 39 N
                                          LONGITUDE:  80 25 W

  TEMPERATURE IN F:       :PCPN:    SNOW:  WIND      :SUNSHINE: SKY     :PK WND
================================================================================
1   2   3   4   5  6A  6B    7    8   9   10  11  12  13   14  15   16   17  18
                                     12Z  AVG MX 2MIN
DY MAX MIN AVG DEP HDD CDD  WTR  SNW DPTH SPD SPD DIR MIN PSBL S-S WX    SPD DR
================================================================================

 1  86  74  80   7   0  15 0.00  0.0    0 12.0 21 110   M    M   1        25 120
 2  86  75  81   7   0  16 0.00  0.0    0 13.9 23 120   M    M   2        27 130
 3  93  72  83   9   0  18 0.05  0.0    0  6.2 17 250   M    M   5 1      22 240
 4  73  68  71  -3   0   6 1.14  0.0    0  8.0 18 260   M    M   6 1      26 270
 5  83  60  72  -2   0   7 0.00  0.0    0 12.5 24 280   M    M   1        31 290
 6  79  55  67  -7   0   2 0.00  0.0    0  9.2 20 310   M    M   0        25 300
 7  79  53  66  -8   0   1 0.00  0.0    0  7.2 16  40   M    M   0        24  20
 8  83  52  68  -7   0   3 0.00  0.0    0  4.7 10 100   M    M   0        14 110
 9  82  55  69  -6   0   4 0.00  0.0    0  6.9 16 120   M    M   0 18     22 120
10  85  70  78   3   0  13 0.00  0.0    0 11.8 18 120   M    M   3        23 110
11  84  66  75   0   0  10 0.00  0.0    0  6.0 14  80   M    M   1        18  70
12  82  63  73  -3   0   8 0.00  0.0    0  3.6 10 120   M    M   0        14  60
13  87  64  76   0   0  11 0.00  0.0    0  7.3 17 130   M    M   2        20 130
14  91  67  79   3   0  14 0.00  0.0    0  7.7 14 140   M    M   2        18 130
15  87  63  75  -1   0  10 0.00  0.0    0  7.2 15  40   M    M   0        19  30
16  88  67  78   2   0  13 0.00  0.0    0  8.5 17 110   M    M   1 12     22 120
17  87  71  79   3   0  1411.22  0.0    0 10.6 32  70   M    M   7 123    40  70
18  89  72  81   4   0  16 0.04  0.0    0  6.8 17 130   M    M   5 3      19 120
19  89  70  80   3   0  15 3.27  0.0    0  6.8 28 130   M    M   4 13     37 120
20  90  68  79   2   0  14 0.65  0.0    0  5.4 24 290   M    M   2 13     31 290
21  92  73  83   6   0  18 0.00  0.0    0  7.6 18 280   M    M   1 3      25 290
22  92  71  82   5   0  17 0.00  0.0    0  9.1 20 280   M    M   1        25 250
23  86  71  79   1   0  14 0.00  0.0    0  7.7 15 130   M    M   1        18  50
24  87  72  80   2   0  15    T  0.0    0 10.4 20 110   M    M   2 3      26 100
25  86  74  80   2   0  15 0.00  0.0    0  9.7 17  70   M    M   1        23  90
================================================================================
SM 2146 1666         0 289 16.37     0.0 206.8          M       48
================================================================================
AV 85.8 66.6                               8.3 FASTST   M    M   2    MAX(MPH)
                                 MISC ---->  # 32  70               # 40   70
================================================================================
NOTES:
# LAST OF SEVERAL OCCURRENCES

COLUMN 17 PEAK WIND IN M.P.H.

PRELIMINARY LOCAL CLIMATOLOGICAL DATA (WS FORM: F-6) , PAGE 2

                                          STATION:  VERO BEACH
                                          MONTH:    MAY
                                          YEAR:     2016
                                          LATITUDE:   27 39 N
                                          LONGITUDE:  80 25 W

[TEMPERATURE DATA]      [PRECIPITATION DATA]       SYMBOLS USED IN COLUMN 16

AVERAGE MONTHLY: 76.2   TOTAL FOR MONTH:  16.37    1 = FOG OR MIST
DPTR FM NORMAL:   0.6   DPTR FM NORMAL:   13.93    2 = FOG REDUCING VISIBILITY
HIGHEST:    93 ON  3    GRTST 24HR 11.26 ON 17-18      TO 1/4 MILE OR LESS
LOWEST:     52 ON  8                               3 = THUNDER
                        SNOW, ICE PELLETS, HAIL    4 = ICE PELLETS
                        TOTAL MONTH:   0.0 INCH    5 = HAIL
                        GRTST 24HR     0.0         6 = FREEZING RAIN OR DRIZZLE
                        GRTST DEPTH:   0           7 = DUSTSTORM OR SANDSTORM:
                                                       VSBY 1/2 MILE OR LESS
                                                   8 = SMOKE OR HAZE
[NO. OF DAYS WITH]      [WEATHER - DAYS WITH]      9 = BLOWING SNOW
                                                   X = TORNADO
MAX 32 OR BELOW:   0    0.01 INCH OR MORE:   6
MAX 90 OR ABOVE:   5    0.10 INCH OR MORE:   4
MIN 32 OR BELOW:   0    0.50 INCH OR MORE:   4
MIN  0 OR BELOW:   0    1.00 INCH OR MORE:   3

[HDD (BASE 65) ]
TOTAL THIS MO.     0    CLEAR  (SCALE 0-3)  19
DPTR FM NORMAL     0    PTCLDY (SCALE 4-7)   6
TOTAL FM JUL 1   284    CLOUDY (SCALE 8-10)  0
DPTR FM NORMAL  -171

[CDD (BASE 65) ]
TOTAL THIS MO.   289
DPTR FM NORMAL    22    [PRESSURE DATA]
TOTAL FM JAN 1   845    HIGHEST SLP M ON M
DPTR FM NORMAL   120    LOWEST  SLP 29.64 ON  4

[REMARKS]
