000
CXUS51 KBTV 190700
CF6VSF
PRELIMINARY LOCAL CLIMATOLOGICAL DATA (WS FORM: F-6)

                                          STATION:   SPRINGFIELD VT
                                          MONTH:     FEBRUARY
                                          YEAR:      2017
                                          LATITUDE:   43 19 N
                                          LONGITUDE:  72 31 W

  TEMPERATURE IN F:       :PCPN:    SNOW:  WIND      :SUNSHINE: SKY     :PK WND
================================================================================
1   2   3   4   5  6A  6B    7    8   9   10  11  12  13   14  15   16   17  18
                                     12Z  AVG MX 2MIN
DY MAX MIN AVG DEP HDD CDD  WTR  SNW DPTH SPD SPD DIR MIN PSBL S-S WX    SPD DR
================================================================================

 1  36  21  29   9  36   0 0.10    M    0  3.2 20 250   M    M   9 18     27 260
 2  30  13  22   2  43   0    T    M    0  4.7 17 280   M    M   7 8      24 280
 3  27  11  19  -1  46   0 0.00  0.0    0  6.0 20 280   M    M   5 8      26 280
 4  28  15  22   1  43   0 0.00  0.0    0  6.6 22 300   M    M   6        31 320
 5  36  16  26   5  39   0    T    M    0  4.2 21 270   M    M   7        28 250
 6  32  20  26   5  39   0    T    M    0  7.6 23 290   M    M   5        34 310
 7  26  19  23   2  42   0    T    M    0  2.3  9  60   M    M  10 128    12  60
 8  46  20  33  11  32   0    T    M    0  4.3 26 260   M    M   6 16     34 260
 9  32   7  20  -2  45   0 0.15    M    0  6.6 20 290   M    M   8 1289   36 270
10  18  -7   6 -16  59   0    T    M    0  6.7 23 290   M    M   3 89     34 290
11  19   9  14  -8  51   0 0.03    M    0  0.3  5  70   M    M  10 18      6  60
12  23  13  18  -4  47   0 0.34    M    0  0.5  8  40   M    M  10 128    10  40
13  29  18  24   1  41   0    T    M    0  7.5 25 300   M    M   9 18     38 290
14  35  10  23   0  42   0 0.02    M    0  1.5 10 270   M    M   5 8      14 280
15  33  22  28   5  37   0 0.08    M    0  0.9 10 310   M    M  10 128    16 280
16  32  22  27   4  38   0    T    M    0  9.3 23 280   M    M  10 8      33 270
17  33  16  25   1  40   0 0.00    M    0  5.9 17 290   M    M   3 8      29 320
18  52  10  31   7  34   0 0.00  0.0    0  2.4 14 160   M    M   1        18 190
================================================================================
SM  567  255       754   0  0.72     0.0  80.5          M      124
================================================================================
AV 31.5 14.2                               4.5 FASTST   M    M   7    MAX(MPH)
                                 MISC ---->  # 26 260               # 38  290
================================================================================
NOTES:
# LAST OF SEVERAL OCCURRENCES

COLUMN 17 PEAK WIND IN M.P.H.

PRELIMINARY LOCAL CLIMATOLOGICAL DATA (WS FORM: F-6) , PAGE 2

                                          STATION:  SPRINGFIELD VT
                                          MONTH:    FEBRUARY
                                          YEAR:     2017
                                          LATITUDE:   43 19 N
                                          LONGITUDE:  72 31 W

[TEMPERATURE DATA]      [PRECIPITATION DATA]       SYMBOLS USED IN COLUMN 16

AVERAGE MONTHLY: 22.8   TOTAL FOR MONTH:   0.72    1 = FOG OR MIST
DPTR FM NORMAL:   0.9   DPTR FM NORMAL:   -1.06    2 = FOG REDUCING VISIBILITY
HIGHEST:    52 ON 18    GRTST 24HR  0.34 ON 12-12      TO 1/4 MILE OR LESS
LOWEST:     -7 ON 10                               3 = THUNDER
                        SNOW, ICE PELLETS, HAIL    4 = ICE PELLETS
                        TOTAL MONTH:   0.0 INCH    5 = HAIL
                        GRTST 24HR     0.0         6 = FREEZING RAIN OR DRIZZLE
                        GRTST DEPTH:   0           7 = DUSTSTORM OR SANDSTORM:
                                                       VSBY 1/2 MILE OR LESS
                                                   8 = SMOKE OR HAZE
[NO. OF DAYS WITH]      [WEATHER - DAYS WITH]      9 = BLOWING SNOW
                                                   X = TORNADO
MAX 32 OR BELOW:  11    0.01 INCH OR MORE:   6
MAX 90 OR ABOVE:   0    0.10 INCH OR MORE:   3
MIN 32 OR BELOW:  18    0.50 INCH OR MORE:   0
MIN  0 OR BELOW:   1    1.00 INCH OR MORE:   0

[HDD (BASE 65) ]
TOTAL THIS MO.   754    CLEAR  (SCALE 0-3)   2
DPTR FM NORMAL   -23    PTCLDY (SCALE 4-7)   9
TOTAL FM JUL 1  4611    CLOUDY (SCALE 8-10)  7
DPTR FM NORMAL  -438

[CDD (BASE 65) ]
TOTAL THIS MO.     0
DPTR FM NORMAL     0    [PRESSURE DATA]
TOTAL FM JAN 1     0    HIGHEST SLP M ON M
DPTR FM NORMAL     0    LOWEST  SLP 29.32 ON M

[REMARKS]
