000
CXUS55 KRIW 220945
CF6WRL
PRELIMINARY LOCAL CLIMATOLOGICAL DATA (WS FORM: F-6)

                                          STATION:   WORLAND WY
                                          MONTH:     FEBRUARY
                                          YEAR:      2018
                                          LATITUDE:   43 58 N
                                          LONGITUDE: 107 57 W

  TEMPERATURE IN F:       :PCPN:    SNOW:  WIND      :SUNSHINE: SKY     :PK WND
================================================================================
1   2   3   4   5  6A  6B    7    8   9   10  11  12  13   14  15   16   17  18
                                     12Z  AVG MX 2MIN
DY MAX MIN AVG DEP HDD CDD  WTR  SNW DPTH SPD SPD DIR MIN PSBL S-S WX    SPD DR
================================================================================

 1  32   9  21   2  44   0    T    M    M  5.5 13 120   M    M   3 1      13 120
 2  39   6  23   4  42   0 0.00  0.0    M  3.2 14 210   M    M   1        14 210
 3  42  11  27   7  38   0 0.00  0.0    M  8.5 18  10   M    M   5        25 360
 4  19   2  11  -9  54   0    T    M    M  5.3 21 310   M    M   5 18     26 360
 5  22   9  16  -4  49   0 0.04    M    M  6.5 21 170   M    M   8 1      25 170
 6  27   9  18  -2  47   0    T    M    M  2.8 12 160   M    M   9 1      13 160
 7  33   8  21   0  44   0 0.00  0.0    M  3.1 10  40   M    M   5 12     12  40
 8  36  11  24   3  41   0 0.00  0.0    M  5.4 24 350   M    M   1 1      30 340
 9  11  -8   2 -19  63   0 0.04    M    M  5.5 17 340   M    M   8 128    19 340
10  12 -17  -2 -24  67   0    T    M    M  2.1  9 220   M    M   2 12     10 220
11  20 -14   3 -19  62   0    T    M    M  3.6 14  10   M    M   1        17  10
12  11 -10   1 -21  64   0    T    M    M  4.8 12 350   M    M   5 18     13 350
13  25 -12   7 -16  58   0 0.00    M    M  1.1  8 190   M    M   0         9 200
14  37  -2  18  -5  47   0    T    M    M  2.2 13 310   M    M   1        14 310
15  27  -6  11 -13  54   0    T    M    M  8.0 22 330   M    M   8 128    29 330
16  21 -10   6 -18  59   0 0.07    M    M  4.4 13 210   M    M   3 1      14 210
17  43   1  22  -2  43   0 0.00  0.0    M  6.9 23 200   M    M   2        33 220
18  42   5  24  -1  41   0    T    M    M 11.6 25 200   M    M   9 18     32 200
19   5  -7  -1 -26  66   0    T    M    M  7.1 15 340   M    M  10 18     18 340
20   7 -20  -6 -32  71   0 0.02    M    M  3.0  9 180   M    M   1 18     10 180
21  15 -24  -4 -30  69   0    T    M    M  3.9 10 170   M    M   0        11 170
================================================================================
SM  526  -59      1123   0  0.17     0.0 104.5          M       87
================================================================================
AV 25.1 -2.8                               5.0 FASTST   M    M   4    MAX(MPH)
                                 MISC ---->  # 25 200               # 33  220
================================================================================
NOTES:
# LAST OF SEVERAL OCCURRENCES

COLUMN 17 PEAK WIND IN M.P.H.

PRELIMINARY LOCAL CLIMATOLOGICAL DATA (WS FORM: F-6) , PAGE 2

                                          STATION:  WORLAND WY
                                          MONTH:    FEBRUARY
                                          YEAR:     2018
                                          LATITUDE:   43 58 N
                                          LONGITUDE: 107 57 W

[TEMPERATURE DATA]      [PRECIPITATION DATA]       SYMBOLS USED IN COLUMN 16

AVERAGE MONTHLY: 11.1   TOTAL FOR MONTH:   0.17    1 = FOG OR MIST
DPTR FM NORMAL: -11.1   DPTR FM NORMAL:    0.03    2 = FOG REDUCING VISIBILITY
HIGHEST:    43 ON 17    GRTST 24HR  0.07 ON 16-16      TO 1/4 MILE OR LESS
LOWEST:    -24 ON 21                               3 = THUNDER
                        SNOW, ICE PELLETS, HAIL    4 = ICE PELLETS
                        TOTAL MONTH:   0.0 INCH    5 = HAIL
                        GRTST 24HR     0.0         6 = FREEZING RAIN OR DRIZZLE
                        GRTST DEPTH:  M  ON   M    7 = DUSTSTORM OR SANDSTORM:
                                                       VSBY 1/2 MILE OR LESS
                                                   8 = SMOKE OR HAZE
[NO. OF DAYS WITH]      [WEATHER - DAYS WITH]      9 = BLOWING SNOW
                                                   X = TORNADO
MAX 32 OR BELOW:  14    0.01 INCH OR MORE:   4
MAX 90 OR ABOVE:   0    0.10 INCH OR MORE:   0
MIN 32 OR BELOW:  21    0.50 INCH OR MORE:   0
MIN  0 OR BELOW:  11    1.00 INCH OR MORE:   0

[HDD (BASE 65) ]
TOTAL THIS MO.  1123    CLEAR  (SCALE 0-3)  11
DPTR FM NORMAL   226    PTCLDY (SCALE 4-7)   7
TOTAL FM JUL 1  5959    CLOUDY (SCALE 8-10)  3
DPTR FM NORMAL   214

[CDD (BASE 65) ]
TOTAL THIS MO.     0
DPTR FM NORMAL     0    [PRESSURE DATA]
TOTAL FM JAN 1     0    HIGHEST SLP M ON M
DPTR FM NORMAL     0    LOWEST  SLP 29.41 ON 18

[REMARKS]
