310
CXUS54 KTSA 290840
CF6XNA
PRELIMINARY LOCAL CLIMATOLOGICAL DATA (WS FORM: F-6)

                                          STATION:   HIGHFILL ARKANSAS
                                          MONTH:     MAY
                                          YEAR:      2017
                                          LATITUDE:   36 16 N
                                          LONGITUDE:  94 19 W

  TEMPERATURE IN F:       :PCPN:    SNOW:  WIND      :SUNSHINE: SKY     :PK WND
================================================================================
1   2   3   4   5  6A  6B    7    8   9   10  11  12  13   14  15   16   17  18
                                     12Z  AVG MX 2MIN
DY MAX MIN AVG DEP HDD CDD  WTR  SNW DPTH SPD SPD DIR MIN PSBL S-S WX    SPD DR
================================================================================

 1  65  41  53  -8  12   0 0.01  0.0    0 14.2 28 280   M    M   5        39 280
 2  79  45  62   1   3   0 0.00  0.0    0  5.5 13 330   M    M   2        17 340
 3  63  47  55  -6  10   0 0.08  0.0    0 11.9 24 360   M    M   7 13     31 350
 4  66  44  55  -7  10   0 0.00  0.0    0 16.9 31 350   M    M   5 1      39 340
 5  72  46  59  -3   6   0 0.00  0.0    0  9.8 22 340   M    M   0        30 350
 6  80  46  63   1   2   0 0.00  0.0    0  7.8 17 260   M    M   0        29 290
 7  82  51  67   5   0   2 0.00  0.0    0  3.9 14 250   M    M   0        17 250
 8  82  53  68   5   0   3 0.00  0.0    0  5.0 15 190   M    M   0        20 150
 9  82  53  68   5   0   3 0.00  0.0    0  6.3 16 230   M    M   2        21 210
10  83  62  73  10   0   8 0.30  0.0    0  8.9 23 280   M    M   7 13     32 260
11  79  60  70   7   0   5 0.51  0.0    0  5.8 22 180   M    M   5 13     28 180
12  72  56  64   0   1   0 1.09  0.0    0  9.5 18  10   M    M   7 1      24  30
13  77  49  63  -1   2   0 0.00  0.0    0  3.9 10  60   M    M   0 1      15  30
14  80  51  66   2   0   1 0.00  0.0    0  5.9 15 170   M    M   0        19 180
15  84  55  70   6   0   5 0.00  0.0    0  6.8 14 170   M    M   0         M  M
16  83  59  71   7   0   6 0.00  0.0    0 13.4 24 160   M    M   1        34 160
17  83  65  74   9   0   9 0.01  0.0    0 16.3 36 180   M    M   4        46 180
18  86  66  76  11   0  11 0.23  0.0    M 11.6 38 250   M    M   2 13     47 250
19  77  60  69   4   0   4 2.65  0.0    0  9.9 17 180   M    M   8 13     46 220
20  69  51  60  -6   5   0 1.18  0.0    0  7.7 23 100   M    M   6 13     29 100
21  73  49  61  -5   4   0 0.00  0.0    0  7.2 20 360   M    M   0        23 360
22  76  51  64  -2   1   0 0.00  0.0    0  4.7 14 180   M    M   1        17 180
23  70  53  62  -4   3   0 0.04  0.0    0  7.6 16 310   M    M   8        24 310
24  66  48  57  -9   8   0 0.00  0.0    0  8.4 17 300   M    M   6        23 320
25  80  44  62  -5   3   0 0.00  0.0    0  9.2 20 170   M    M   0        25 180
26  86  64  75   8   0  10 0.00  0.0    0  9.4 18 200   M    M   4 3      25 210
27  87  65  76   9   0  11 0.96  0.0    0 10.3 25 360   M    M   8 13     36 190
28  79  62  71   4   0   6 0.00  0.0    0  6.8 15 340   M    M   3        20 340
================================================================================
SM 2161 1496        70  84  7.06     0.0 244.6          M       91
================================================================================
AV 77.2 53.4                               8.7 FASTST   M    M   3    MAX(MPH)
                                 MISC ---->  # 38 250               # 47  250
================================================================================
NOTES:
# LAST OF SEVERAL OCCURRENCES

COLUMN 17 PEAK WIND IN M.P.H.

PRELIMINARY LOCAL CLIMATOLOGICAL DATA (WS FORM: F-6) , PAGE 2

                                          STATION:  HIGHFILL ARKANSAS
                                          MONTH:    MAY
                                          YEAR:     2017
                                          LATITUDE:   36 16 N
                                          LONGITUDE:  94 19 W

[TEMPERATURE DATA]      [PRECIPITATION DATA]       SYMBOLS USED IN COLUMN 16

AVERAGE MONTHLY: 65.3   TOTAL FOR MONTH:   7.06    1 = FOG OR MIST
DPTR FM NORMAL:   1.2   DPTR FM NORMAL:    1.83    2 = FOG REDUCING VISIBILITY
HIGHEST:    87 ON 27    GRTST 24HR  2.65 ON 19-19      TO 1/4 MILE OR LESS
LOWEST:     41 ON  1                               3 = THUNDER
                        SNOW, ICE PELLETS, HAIL    4 = ICE PELLETS
                        TOTAL MONTH:   0.0 INCH    5 = HAIL
                        GRTST 24HR     0.0         6 = FREEZING RAIN OR DRIZZLE
                        GRTST DEPTH:   0           7 = DUSTSTORM OR SANDSTORM:
                                                       VSBY 1/2 MILE OR LESS
                                                   8 = SMOKE OR HAZE
[NO. OF DAYS WITH]      [WEATHER - DAYS WITH]      9 = BLOWING SNOW
                                                   X = TORNADO
MAX 32 OR BELOW:   0    0.01 INCH OR MORE:  11
MAX 90 OR ABOVE:   0    0.10 INCH OR MORE:   7
MIN 32 OR BELOW:   0    0.50 INCH OR MORE:   5
MIN  0 OR BELOW:   0    1.00 INCH OR MORE:   3

[HDD (BASE 65) ]
TOTAL THIS MO.    70    CLEAR  (SCALE 0-3)  15
DPTR FM NORMAL   -16    PTCLDY (SCALE 4-7)  12
TOTAL FM JUL 1  2963    CLOUDY (SCALE 8-10)  1
DPTR FM NORMAL -1347

[CDD (BASE 65) ]
TOTAL THIS MO.    84
DPTR FM NORMAL    22    [PRESSURE DATA]
TOTAL FM JAN 1   146    HIGHEST SLP M ON M
DPTR FM NORMAL    63    LOWEST  SLP 29.58 ON 17

[REMARKS]
