377
CXUS54 KTSA 300840
CF6XNA
PRELIMINARY LOCAL CLIMATOLOGICAL DATA (WS FORM: F-6)

                                          STATION:   HIGHFILL ARKANSAS
                                          MONTH:     APRIL
                                          YEAR:      2016
                                          LATITUDE:   36 16 N
                                          LONGITUDE:  94 19 W

  TEMPERATURE IN F:       :PCPN:    SNOW:  WIND      :SUNSHINE: SKY     :PK WND
================================================================================
1   2   3   4   5  6A  6B    7    8   9   10  11  12  13   14  15   16   17  18
                                     12Z  AVG MX 2MIN
DY MAX MIN AVG DEP HDD CDD  WTR  SNW DPTH SPD SPD DIR MIN PSBL S-S WX    SPD DR
================================================================================

 1  61  38  50  -2  15   0    T    M    M 10.1 20 320   M    M   0        30 310
 2  66  28  47  -5  18   0    T    M    0  7.9 21 280   M    M   0        27 310
 3  74  38  56   4   9   0 0.00  0.0    0  9.8 23 190   M    M   0        32 200
 4  78  51  65  12   0   0 0.00  0.0    0  8.9 21  40   M    M   0        26  20
 5  78  48  63  10   2   0 0.00  0.0    0 13.1 25 170   M    M   0        32 170
 6  66  45  56   3   9   0 0.03    M    0 13.9 26 320   M    M   2        37 180
 7  72  44  58   4   7   0    T    M    0 11.6 28 310   M    M   1        38 310
 8  65  37  51  -3  14   0 0.00  0.0    0  8.3 22 340   M    M   0        28 340
 9  75  39  57   3   8   0    T    M    0 10.4 28 190   M    M   1        37 190
10  71  55  63   9   2   0 0.01  0.0    0 18.1 30 200   M    M   6        45 190
11  65  49  57   2   8   0 0.25    M    0 10.5 28  10   M    M   5 13     33 360
12  68  41  55   0  10   0 0.00  0.0    M  5.6 15  60   M    M   1        18  70
13  59  43  51  -5  14   0 0.04    M    0  4.0 12  40   M    M   7        16  40
14  73  49  61   5   4   0 0.00  0.0    0  3.3 13  70   M    M   6        16 110
15  73  47  60   4   5   0 0.00  0.0    0  7.9 20 130   M    M   4 18     24 120
16  70  59  65   9   0   0    T  0.0    0 13.2 17 110   M    M  10        23 130
17  75  61  68  11   0   3 0.10  0.0    0 15.8 28 130   M    M   7 1      34 140
18  68  57  63   6   2   0 0.40  0.0    0  8.6 18 160   M    M   9 1      22 160
19  72  57  65   8   0   0    T  0.0    0  5.5 14 140   M    M  10        16  70
20  69  51  60   2   5   0    T  0.0    0  7.4 14 280   M    M   7 1      18 240
21  73  48  61   3   4   0 0.00  0.0    0  7.0 18 310   M    M   2 1      27 280
22  77  49  63   5   2   0 0.00  0.0    0  6.1 15 340   M    M   2        20 330
23  81  49  65   6   0   0 0.00  0.0    0  5.5 14 210   M    M   0        17 190
24  80  53  67   8   0   2 0.00  0.0    0 11.6 24 170   M    M   1        33 190
25  80  56  68   9   0   3 0.00  0.0    0  9.2 20 170   M    M   6        26 180
26  81  58  70  10   0   5 0.23  0.0    0 10.4 37 280   M    M   6 13     46 290
27  77  52  65   5   0   0 0.63  0.0    0  9.5 20 250   M    M   3 13     28 300
28  76  49  63   3   2   0 0.00  0.0    M  5.4 12  90   M    M   0        15 240
29  69  54  62   2   3   0 1.36  0.0    0 11.8 22 110   M    M   7 138    28  70
================================================================================
SM 2092 1405       143  13  3.05     0.0 270.4          M      103
================================================================================
AV 72.1 48.4                               9.3 FASTST   M    M   4    MAX(MPH)
                                 MISC ---->  # 37 280               # 46  290
================================================================================
NOTES:
# LAST OF SEVERAL OCCURRENCES

COLUMN 17 PEAK WIND IN M.P.H.

PRELIMINARY LOCAL CLIMATOLOGICAL DATA (WS FORM: F-6) , PAGE 2

                                          STATION:  HIGHFILL ARKANSAS
                                          MONTH:    APRIL
                                          YEAR:     2016
                                          LATITUDE:   36 16 N
                                          LONGITUDE:  94 19 W

[TEMPERATURE DATA]      [PRECIPITATION DATA]       SYMBOLS USED IN COLUMN 16

AVERAGE MONTHLY: 60.3   TOTAL FOR MONTH:   3.05    1 = FOG OR MIST
DPTR FM NORMAL:   4.2   DPTR FM NORMAL:   -1.23    2 = FOG REDUCING VISIBILITY
HIGHEST:    81 ON 26,23 GRTST 24HR  1.36 ON 29-29      TO 1/4 MILE OR LESS
LOWEST:     28 ON  2                               3 = THUNDER
                        SNOW, ICE PELLETS, HAIL    4 = ICE PELLETS
                        TOTAL MONTH:   0.0 INCH    5 = HAIL
                        GRTST 24HR     0.0         6 = FREEZING RAIN OR DRIZZLE
                        GRTST DEPTH:   0           7 = DUSTSTORM OR SANDSTORM:
                                                       VSBY 1/2 MILE OR LESS
                                                   8 = SMOKE OR HAZE
[NO. OF DAYS WITH]      [WEATHER - DAYS WITH]      9 = BLOWING SNOW
                                                   X = TORNADO
MAX 32 OR BELOW:   0    0.01 INCH OR MORE:   9
MAX 90 OR ABOVE:   0    0.10 INCH OR MORE:   6
MIN 32 OR BELOW:   1    0.50 INCH OR MORE:   2
MIN  0 OR BELOW:   0    1.00 INCH OR MORE:   1

[HDD (BASE 65) ]
TOTAL THIS MO.   143    CLEAR  (SCALE 0-3)  16
DPTR FM NORMAL  -132    PTCLDY (SCALE 4-7)  10
TOTAL FM JUL 1  3057    CLOUDY (SCALE 8-10)  3
DPTR FM NORMAL -1162

[CDD (BASE 65) ]
TOTAL THIS MO.    13
DPTR FM NORMAL   -11    [PRESSURE DATA]
TOTAL FM JAN 1    16    HIGHEST SLP M ON M
DPTR FM NORMAL   -11    LOWEST  SLP 29.47 ON 27

[REMARKS]
