000
CXUS52 KCAE 011310
CLAAGS
CLIMATE REPORT
NATIONAL WEATHER SERVICE COLUMBIA SC
810 AM EST MON JAN 01 2024
...................................
...THE AUGUSTA BUSH FIELD GA CLIMATE SUMMARY FOR THE YEAR OF 2023...
CLIMATE NORMAL PERIOD: 1991 TO 2020
CLIMATE RECORD PERIOD: 1873 TO 2023
WEATHER OBSERVED NORMAL DEPART LAST YEAR`S
VALUE DATE(S) VALUE FROM VALUE DATE(S)
NORMAL
................................................................
TEMPERATURE (F)
RECORD
HIGH 108 08/10/2007
08/21/1983
LOW 01/21/1985
HIGHEST 99 08/25 MM MM 100 06/23
LOWEST 21 01/15 MM MM 12 12/24
12/26
AVG. MAXIMUM 76.9 77.8 -0.9 77.2
AVG. MINIMUM 52.2 53.0 -0.8 51.8
MEAN 64.6 65.4 -0.8 64.5
DAYS MAX >= 90 72 86.3 -14.3 73
DAYS MAX <= 32 0 0.2 -0.2 1
DAYS MIN <= 32 39 50.9 -11.9 52
DAYS MIN <= 0 0 0.0 0.0 0
PRECIPITATION (INCHES)
RECORD
MAXIMUM 73.82 1929
MINIMUM 28.05 1933
TOTALS 62.72 44.09 18.63 47.94
DAILY AVG. 0.17 0.12 0.05 0.13
DAYS >= .01 121 107.3 13.7 105
DAYS >= .10 74 68.2 5.8 65
DAYS >= .50 36 29.4 6.6 31
DAYS >= 1.00 21 12.9 8.1 16
GREATEST
24 HR. TOTAL 3.65 5.08 07/07 TO 07/07
STORM TOTAL 3.20 5.08
(MM/DD(HH)) MM
SNOWFALL (INCHES)
RECORDS
TOTAL 14.0 1973
24 HR TOTAL 0.3 MM
SNOW DEPTH 14 02/10/1973
TOTALS 0.0 0.8 -0.8 0.3
LIQUID EQUIV 0.00 0.10 -0.10 0.00
SINCE 7/1 0.0 0.1 -0.1 MM
LIQUID 7/1 0.00 0.00 0.00 MM
SNOWDEPTH AVG. 0 0
DAYS >= TRACE 0 0.5 -0.5 1
DAYS >= 1.0 0 0.3 -0.3 0
GREATEST
SNOW DEPTH 0 0 MM
24 HR TOTAL MM MM 0.3
STORM TOTAL 0.0 0.3
(MM/DD(HH)) MM
DEGREE DAYS
HEATING TOTAL 1943 2182 -239 2186
SINCE 7/1 885 870 15 MM
COOLING TOTAL 1911 2361 -450 2135
SINCE 1/1 1911 2364 -453 MM
FREEZE DATES
RECORD
EARLIEST MM
LATEST MM
EARLIEST 11/01
LATEST 03/21
................................................................
WIND (MPH)
AVERAGE WIND SPEED 4.8
RESULTANT WIND SPEED/DIRECTION 1/290
HIGHEST WIND SPEED/DIRECTION 39/310 DATE 07/20
HIGHEST GUST SPEED/DIRECTION 55/330 DATE 06/20
SKY COVER
POSSIBLE SUNSHINE (PERCENT) MM
AVERAGE SKY COVER 0.31
NUMBER OF DAYS FAIR 224
NUMBER OF DAYS PC 102
NUMBER OF DAYS CLOUDY 38
AVERAGE RH (PERCENT) 71
WEATHER CONDITIONS. NUMBER OF DAYS WITH
THUNDERSTORM 72 MIXED PRECIP 0
HEAVY RAIN 56 RAIN 77
LIGHT RAIN 144 FREEZING RAIN 0
LT FREEZING RAIN 0 HAIL 0
HEAVY SNOW 0 SNOW 0
LIGHT SNOW 0 SLEET 0
FOG 276 FOG W/VIS <= 1/4 MILE 85
HAZE 54
- INDICATES NEGATIVE NUMBERS.
R INDICATES RECORD WAS SET OR TIED.
MM INDICATES DATA IS MISSING.
T INDICATES TRACE AMOUNT.
$$