000
CXUS55 KPUB 060214 CCA
CLAPUB

CLIMATE REPORT
NATIONAL WEATHER SERVICE PUEBLO
1010 AM MST SUN JAN 4 2015

...................................

...THE PUEBLO CO CLIMATE SUMMARY FOR THE YEAR OF 2014...

CLIMATE NORMAL PERIOD 1981 TO 2010
CLIMATE RECORD PERIOD 1888 TO 2015

WEATHER         OBSERVED          NORMAL  DEPART
                 VALUE   DATE(S)  VALUE   FROM
                                          NORMAL
................................................
TEMPERATURE (F)
RECORD
 HIGH             109   07/13/2003
 LOW              -31   02/01/1951
HIGHEST           103   06/30
LOWEST            -17   12/31
AVG. MAXIMUM     68.5              68.7    -0.2
AVG. MINIMUM     36.6              35.3     1.3
MEAN             52.6              52.0     0.6
DAYS MAX >= 90     67
DAYS MAX <= 32     26
DAYS MIN <= 32    151
DAYS MIN <= 0      12

PRECIPITATION (INCHES)
RECORD
 MAXIMUM        23.09   1957
 MINIMUM         3.94   2002

TOTALS          11.83             12.57   -0.74
DAILY AVG.       0.03              0.03    0.00
DAYS >= .01        74
DAYS >= .10        33
DAYS >= .50         6
DAYS >= 1.00        0
GREATEST
 24 HR. TOTAL    0.87   10/09 TO 10/10

SNOWFALL (INCHES)
RECORDS
 MAXIMUM         72.4   1990
 MINIMUM          6.9   1977

 24 HR TOTAL     16.8   04/29/1990 TO 04/30/1990
                        04/01/1957 TO 04/02/1957
TOTALS           36.5              31.8     4.7
SINCE 7/1        13.1              11.5     1.6
SNOWDEPTH AVG.      0
DAYS >= TRACE      46              21.7    24.3
DAYS >= 1.0        13               9.7     3.3
GREATEST
 SNOW DEPTH         5   11/15
                        11/13
                        04/14
 24 HR TOTAL      5.2   04/12 TO 04/13

DEGREE_DAYS
HEATING TOTAL    5409              5639    -230
 SINCE 7/1       2231              2363    -132
COOLING TOTAL    1002               896     106
 SINCE 1/1       1002               897     105

FREEZE DATES
RECORD
 EARLIEST     09/09/2001
 LATEST       06/02/1919
EARLIEST                        10/09
LATEST                          05/02
.................................................

WIND (MPH)
AVERAGE WIND SPEED              8.4
RESULTANT WIND SPEED/DIRECTION   1/009
HIGHEST WIND SPEED/DIRECTION    52/290    DATE  06/08
HIGHEST GUST SPEED/DIRECTION    61/030    DATE  11/10

SKY COVER
POSSIBLE SUNSHINE (PERCENT)   MM
AVERAGE SKY COVER           0.20
NUMBER OF DAYS FAIR          279
NUMBER OF DAYS PC             62
NUMBER OF DAYS CLOUDY         25

AVERAGE RH (PERCENT)     52

WEATHER CONDITIONS. NUMBER OF DAYS WITH
THUNDERSTORM             45     MIXED PRECIP               2
HEAVY RAIN               17     RAIN                      24
LIGHT RAIN               94     FREEZING RAIN              0
LT FREEZING RAIN          0     HAIL                       4
HEAVY SNOW                5     SNOW                      11
LIGHT SNOW               41     SLEET                      1
FOG                      69     FOG W/VIS <= 1/4 MILE     14
HAZE                     33

-  INDICATES NEGATIVE NUMBERS.
R  INDICATES RECORD WAS SET OR TIED.
MM INDICATES DATA IS MISSING.
T  INDICATES TRACE AMOUNT.

$$
