000
CXUS56 KSGX 020636
CLATRM

CLIMATE REPORT
NATIONAL WEATHER SERVICE SAN DIEGO, CA
1005 PM PST WED JAN 1 2014

...................................

...THE THERMAL AIRPORT CA CLIMATE SUMMARY FOR THE YEAR OF 2013...

CLIMATE NORMAL PERIOD 1981 TO 2010
CLIMATE RECORD PERIOD 1950 TO 2013

WEATHER         OBSERVED          NORMAL  DEPART  LAST YEAR`S
                 VALUE   DATE(S)  VALUE   FROM    VALUE  DATE(S)
                                          NORMAL
................................................................
TEMPERATURE (F)
RECORD
 HIGH             126   07/28/1995
 LOW               14   12/23/1990
HIGHEST           122   06/29        89      33      117  08/13
                                                          08/12
                                                          07/10
LOWEST             20   01/13        56     -36       22  12/20
AVG. MAXIMUM     89.3              89.0     0.3     90.5
AVG. MINIMUM     56.1              54.7     1.4     56.7
MEAN             72.7              71.9     0.8     73.6
DAYS MAX >= 90    187             179.4     7.6      189
DAYS MAX <= 32      0               0.0     0.0        0
DAYS MAX >= 100   112                                132
DAYS MAX >= 110    20                                 28
DAYS MIN <= 32     27              20.7     6.3       18
DAYS MIN <= 0       0               0.0     0.0        0

PRECIPITATION (INCHES)
RECORD
 MAXIMUM         8.67   1976
 MINIMUM         0.32   1953
TOTALS           1.91              3.20   -1.29     2.54
DAILY AVG.       0.01              0.01    0.00        T
DAYS >= .01        10              17.2    -7.2       13
DAYS >= .10         3               8.0    -5.0        6
DAYS >= .50         1               1.5    -0.5        1
DAYS >= 1.00        1               0.3     0.7        1
DAYS >= 1.50        0                                  0
DAYS >= 2.00        0                                  0
GREATEST
 24 HR. TOTAL    1.17   MM                       12/31 TO 12/31
                                                          12/31 TO 12/31
                                                          12/31 TO 12/31
 STORM TOTAL       MM                                 MM
 (MM/DD(HH))            MM                    12/31(00) TO 12/31(00)
                                                 12/31(00) TO 12/31(00)1
                                                 12/31(00) TO 12/31(00)1

SNOWFALL (INCHES)
TOTALS            0.0
SINCE 7/1         0.0

DEGREE_DAYS
HEATING TOTAL    1161              1182     -21     1026
 SINCE 7/1        475               538     -63      438
COOLING TOTAL    4072              3687     385     4282
 SINCE 1/1       4072              3687     385     4282

FREEZE DATES
RECORD
 EARLIEST     10/30/1971
 LATEST       04/10/1999
EARLIEST                        12/02
LATEST                          02/06
..................................................

WIND (MPH)
AVERAGE WIND SPEED              6.3
HIGHEST WIND SPEED/DIRECTION    37/270    DATE  01/10
HIGHEST GUST SPEED/DIRECTION    51/290    DATE  10/28

SKY COVER
POSSIBLE SUNSHINE (PERCENT)   MM
AVERAGE SKY COVER           0.00
NUMBER OF DAYS FAIR          355
NUMBER OF DAYS PC              6
NUMBER OF DAYS CLOUDY          4

AVERAGE RH (PERCENT)     37

WEATHER CONDITIONS. NUMBER OF DAYS WITH
THUNDERSTORM              0     MIXED PRECIP               0
HEAVY RAIN                2     RAIN                       3
LIGHT RAIN               22     FREEZING RAIN              0
LT FREEZING RAIN          0     HAIL                       0
HEAVY SNOW                0     SNOW                       0
LIGHT SNOW                0     SLEET                      0
FOG                       6     FOG W/VIS <= 1/4 MILE      1
HAZE                     70

-  INDICATES NEGATIVE NUMBERS.
R  INDICATES RECORD WAS SET OR TIED.
MM INDICATES DATA IS MISSING.
T  INDICATES TRACE AMOUNT.

$$
