000
CDUS41 KBTV 300546
CLI1V4


CLIMATE REPORT
NATIONAL WEATHER SERVICE BURLINGTON VT
137 AM EDT THU JUL 30 2015


...................................

...THE ST. JOHNSBURY VT CLIMATE SUMMARY FOR JULY 29 2015...

CLIMATE NORMAL PERIOD 1981 TO 2010
CLIMATE RECORD PERIOD 1894 TO 2015


WEATHER ITEM   OBSERVED TIME   RECORD YEAR NORMAL DEPARTURE LAST
                VALUE   (LST)  VALUE       VALUE  FROM      YEAR
                                                  NORMAL
..................................................................
TEMPERATURE (F)
 YESTERDAY
  MAXIMUM         91    351 PM  97    1959  81     10       71
  MINIMUM         63    624 AM  42    1987  59      4       52
  AVERAGE         77                        70      7       62

PRECIPITATION (IN)
  YESTERDAY        0.00          1.49 1969   0.14  -0.14     0.00
  MONTH TO DATE    5.54                      3.82   1.72     6.68
  SINCE JUN 1     13.24                      7.83   5.41     9.95
  SINCE JAN 1     24.61                     21.24   3.37    25.65

DEGREE DAYS
 HEATING
  YESTERDAY        0                         0      0        3
  MONTH TO DATE   29                        10     19       11
  SINCE JUN 1    138                        82     56       80
  SINCE JUL 1     29                        10     19       11

 COOLING
  YESTERDAY       12                         5      7        0
  MONTH TO DATE  127                       160    -33      111
  SINCE JUN 1    160                       250    -90      158
  SINCE JAN 1    198                       268    -70      162
..................................................................


WIND (MPH)
  HIGHEST WIND SPEED    MM   HIGHEST WIND DIRECTION    MM
  HIGHEST GUST SPEED    MM   HIGHEST GUST DIRECTION    MM
  AVERAGE WIND SPEED    MM


SKY COVER
  AVERAGE SKY COVER 0.0


WEATHER CONDITIONS
 THE FOLLOWING WEATHER WAS RECORDED YESTERDAY.
  NO SIGNIFICANT WEATHER WAS OBSERVED.


RELATIVE HUMIDITY (PERCENT)
 HIGHEST    93           100 AM
 LOWEST     41           300 PM
 AVERAGE    67

..........................................................


THE ST. JOHNSBURY VT CLIMATE NORMALS FOR TODAY
                         NORMAL    RECORD    YEAR
 MAXIMUM TEMPERATURE (F)   81        97      1959
 MINIMUM TEMPERATURE (F)   59        39      1952


SUNRISE AND SUNSET
JULY 30 2015..........SUNRISE   533 AM EDT   SUNSET   816 PM EDT
JULY 31 2015..........SUNRISE   534 AM EDT   SUNSET   815 PM EDT


-  INDICATES NEGATIVE NUMBERS.
R  INDICATES RECORD WAS SET OR TIED.
MM INDICATES DATA IS MISSING.
T  INDICATES TRACE AMOUNT.




$$
