000
CDUS41 KBTV 250542
CLI1V4


CLIMATE REPORT
NATIONAL WEATHER SERVICE BURLINGTON VT
1237 AM EST TUE NOV 25 2014


...................................

...THE ST. JOHNSBURY VT CLIMATE SUMMARY FOR NOVEMBER 24 2014...

CLIMATE NORMAL PERIOD 1981 TO 2010
CLIMATE RECORD PERIOD 1894 TO 2014


WEATHER ITEM   OBSERVED TIME   RECORD YEAR NORMAL DEPARTURE LAST
                VALUE   (LST)  VALUE       VALUE  FROM      YEAR
                                                  NORMAL
..................................................................
TEMPERATURE (F)
 YESTERDAY
  MAXIMUM         63    457 PM  66    1931  40     23       19
  MINIMUM         33    448 AM  -6    1989  25      8       12
  AVERAGE         48                        33     15       16

PRECIPITATION (IN)
  YESTERDAY        0.58          0.94 1923   0.11   0.47     0.02
  MONTH TO DATE    1.82                      2.74  -0.92     1.53
  SINCE SEP 1      8.12                     10.00  -1.88     7.42
  SINCE JAN 1     35.56                     35.76  -0.20    32.39

DEGREE DAYS
 HEATING
  YESTERDAY       17                        32    -15       49
  MONTH TO DATE  712                       665     47      719
  SINCE SEP 1   1390                      1402    -12     1478
  SINCE JUL 1   1447                      1452     -5     1538

 COOLING
  YESTERDAY        0                         0      0        0
  MONTH TO DATE    0                         0      0        0
  SINCE SEP 1     33                        35     -2       40
  SINCE JAN 1    252                       433   -181      407
..................................................................


WIND (MPH)
  HIGHEST WIND SPEED    MM   HIGHEST WIND DIRECTION    MM
  HIGHEST GUST SPEED    MM   HIGHEST GUST DIRECTION    MM
  AVERAGE WIND SPEED    MM


SKY COVER
  AVERAGE SKY COVER 0.0


WEATHER CONDITIONS
 THE FOLLOWING WEATHER WAS RECORDED YESTERDAY.
  NO SIGNIFICANT WEATHER WAS OBSERVED.


RELATIVE HUMIDITY (PERCENT)
 HIGHEST   100           700 AM
 LOWEST     78           400 PM
 AVERAGE    89

..........................................................


THE ST. JOHNSBURY VT CLIMATE NORMALS FOR TODAY
                         NORMAL    RECORD    YEAR
 MAXIMUM TEMPERATURE (F)   40        63      2004
                                             1999
 MINIMUM TEMPERATURE (F)   25         0      1956


SUNRISE AND SUNSET
NOVEMBER 25 2014......SUNRISE   657 AM EST   SUNSET   413 PM EST
NOVEMBER 26 2014......SUNRISE   658 AM EST   SUNSET   412 PM EST


-  INDICATES NEGATIVE NUMBERS.
R  INDICATES RECORD WAS SET OR TIED.
MM INDICATES DATA IS MISSING.
T  INDICATES TRACE AMOUNT.




$$
