000
CDUS41 KBTV 030524
CLI1V4


CLIMATE REPORT
NATIONAL WEATHER SERVICE BURLINGTON VT
123 AM EDT WED JUN 3 2015


...................................

...THE ST. JOHNSBURY VT CLIMATE SUMMARY FOR JUNE 2 2015...

CLIMATE NORMAL PERIOD 1981 TO 2010
CLIMATE RECORD PERIOD 1894 TO 2015


WEATHER ITEM   OBSERVED TIME   RECORD YEAR NORMAL DEPARTURE LAST
                VALUE   (LST)  VALUE       VALUE  FROM      YEAR
                                                  NORMAL
..................................................................
TEMPERATURE (F)
 YESTERDAY
  MAXIMUM         56        MM  93    1934  74    -18       84
  MINIMUM         46        MM  31    1945  50     -4       46
  AVERAGE         51                        62    -11       65

PRECIPITATION (IN)
  YESTERDAY        0.01          2.23 1952   0.13  -0.12     0.00
  MONTH TO DATE    1.25                      0.25   1.00     0.00
  SINCE JUN 1      1.25                      0.25   1.00     0.00
  SINCE JAN 1     12.62                     13.66  -1.04    15.70

DEGREE DAYS
 HEATING
  YESTERDAY       14                         5      9        0
  MONTH TO DATE   29                        10     19        6
  SINCE JUN 1     29                        10     19        6
  SINCE JUL 1   8256                      7714    542     8430

 COOLING
  YESTERDAY        0                         1     -1        0
  MONTH TO DATE    0                         2     -2        0
  SINCE JUN 1      0                         2     -2        0
  SINCE JAN 1     38                        20     18        4
..................................................................


WIND (MPH)
  HIGHEST WIND SPEED    MM   HIGHEST WIND DIRECTION    MM
  HIGHEST GUST SPEED    MM   HIGHEST GUST DIRECTION    MM
  AVERAGE WIND SPEED    MM


SKY COVER
  AVERAGE SKY COVER 0.0


WEATHER CONDITIONS
 THE FOLLOWING WEATHER WAS RECORDED YESTERDAY.
  NO SIGNIFICANT WEATHER WAS OBSERVED.


RELATIVE HUMIDITY (PERCENT)
 HIGHEST    93           100 AM
 LOWEST     61           100 PM
 AVERAGE    77

..........................................................


THE ST. JOHNSBURY VT CLIMATE NORMALS FOR TODAY
                         NORMAL    RECORD    YEAR
 MAXIMUM TEMPERATURE (F)   74       100      1919
 MINIMUM TEMPERATURE (F)   50        30      1986


SUNRISE AND SUNSET
JUNE  3 2015..........SUNRISE   506 AM EDT   SUNSET   827 PM EDT
JUNE  4 2015..........SUNRISE   505 AM EDT   SUNSET   828 PM EDT


-  INDICATES NEGATIVE NUMBERS.
R  INDICATES RECORD WAS SET OR TIED.
MM INDICATES DATA IS MISSING.
T  INDICATES TRACE AMOUNT.




$$
