000
CDUS41 KBTV 180532
CLI1V4


CLIMATE REPORT
NATIONAL WEATHER SERVICE BURLINGTON VT
1230 AM EST MON DEC 18 2017


...................................

...THE ST. JOHNSBURY VT CLIMATE SUMMARY FOR DECEMBER 17 2017...

CLIMATE NORMAL PERIOD 1981 TO 2010
CLIMATE RECORD PERIOD 1894 TO 2017


WEATHER ITEM   OBSERVED TIME   RECORD YEAR NORMAL DEPARTURE LAST
                VALUE   (LST)  VALUE       VALUE  FROM      YEAR
                                                  NORMAL
..................................................................
TEMPERATURE (F)
 YESTERDAY
  MAXIMUM         16        MM  47    1984  31    -15       20
  MINIMUM         -7        MM -26    1951  14    -21       -4
  AVERAGE          5                        22    -17        8

PRECIPITATION (IN)
  YESTERDAY        0.00          1.74 1973   0.10  -0.10     0.39
  MONTH TO DATE    1.23                      1.79  -0.56     1.91
  SINCE DEC 1      1.23                      1.79  -0.56     1.91
  SINCE JAN 1     40.96                     38.21   2.75    38.01

DEGREE DAYS
 HEATING
  YESTERDAY       60                        43     17       57
  MONTH TO DATE  694                       668     26      692
  SINCE DEC 1    694                       668     26      692
  SINCE JUL 1   2167                      2324   -157     2152

 COOLING
  YESTERDAY        0                         0      0        0
  MONTH TO DATE    0                         0      0        0
  SINCE DEC 1      0                         0      0        0
  SINCE JAN 1    331                       433   -102      457
..................................................................


WIND (MPH)
  HIGHEST WIND SPEED    MM   HIGHEST WIND DIRECTION    MM
  HIGHEST GUST SPEED    MM   HIGHEST GUST DIRECTION    MM
  AVERAGE WIND SPEED    MM


SKY COVER
  AVERAGE SKY COVER 0.0


WEATHER CONDITIONS
 THE FOLLOWING WEATHER WAS RECORDED YESTERDAY.
  NO SIGNIFICANT WEATHER WAS OBSERVED.


RELATIVE HUMIDITY (PERCENT)
 HIGHEST    95           800 PM
 LOWEST     59           200 PM
 AVERAGE    77

..........................................................


THE ST. JOHNSBURY VT CLIMATE NORMALS FOR TODAY
                         NORMAL    RECORD    YEAR
 MAXIMUM TEMPERATURE (F)   31        53      1921
 MINIMUM TEMPERATURE (F)   14       -20      1919


SUNRISE AND SUNSET
DECEMBER 18 2017......SUNRISE   719 AM EST   SUNSET   410 PM EST
DECEMBER 19 2017......SUNRISE   720 AM EST   SUNSET   411 PM EST


-  INDICATES NEGATIVE NUMBERS.
R  INDICATES RECORD WAS SET OR TIED.
MM INDICATES DATA IS MISSING.
T  INDICATES TRACE AMOUNT.




$$
