000
CDUS43 KUNR 300836
CLI2WX


CLIMATE REPORT
NATIONAL WEATHER SERVICE RAPID CITY SD
234 AM MDT SAT MAY 30 2015


...................................

...THE BUFFALO SD CLIMATE SUMMARY FOR MAY 29 2015...

CLIMATE NORMAL PERIOD 1981 TO 2010
CLIMATE RECORD PERIOD 9999 TO 9999


WEATHER ITEM   OBSERVED TIME   NORMAL DEPARTURE LAST
                VALUE   (LST)  VALUE  FROM      YEAR
                                      NORMAL
......................................................
TEMPERATURE (F)
 YESTERDAY
  MAXIMUM         58    401 PM  69    -11       88
  MINIMUM         40   1159 PM  46     -6       60
  AVERAGE         49            58     -9       74

PRECIPITATION (IN)
  YESTERDAY        0.06          0.15  -0.09     0.23
  MONTH TO DATE    2.72          2.83  -0.11     1.23
  SINCE MAR 1      3.97          5.15  -1.18     3.33
  SINCE JAN 1      4.44          5.72  -1.28     3.91

DEGREE DAYS
 HEATING
  YESTERDAY       16             8      8        0
  MONTH TO DATE  392           347     45      337
  SINCE MAR 1   1695          2003   -308     2141
  SINCE JUL 1   7153          7800   -647     8198

 COOLING
  YESTERDAY        0             0      0        9
  MONTH TO DATE    0             0      0       30
  SINCE MAR 1      0             0      0       30
  SINCE JAN 1      0             0      0       30
......................................................


WIND (MPH)
  HIGHEST WIND SPEED    25   HIGHEST WIND DIRECTION     N (10)
  HIGHEST GUST SPEED    29   HIGHEST GUST DIRECTION     N (20)
  AVERAGE WIND SPEED    13.0




RELATIVE HUMIDITY (PERCENT)
 HIGHEST    93           200 AM
 LOWEST     47           400 PM
 AVERAGE    70

..........................................................




SUNRISE AND SUNSET
MAY 30 2015...........SUNRISE   510 AM MDT   SUNSET   834 PM MDT
MAY 31 2015...........SUNRISE   509 AM MDT   SUNSET   835 PM MDT


-  INDICATES NEGATIVE NUMBERS.
R  INDICATES RECORD WAS SET OR TIED.
MM INDICATES DATA IS MISSING.
T  INDICATES TRACE AMOUNT.




$$
