000
CDUS43 KUNR 010832
CLI2WX


CLIMATE REPORT
NATIONAL WEATHER SERVICE RAPID CITY SD
232 AM MDT FRI AUG 1 2014


...................................

...THE BUFFALO SD CLIMATE SUMMARY FOR JULY 31 2014...

CLIMATE NORMAL PERIOD 1981 TO 2010
CLIMATE RECORD PERIOD 9999 TO 9999


WEATHER ITEM   OBSERVED TIME   RECORD YEAR NORMAL DEPARTURE LAST
                VALUE   (LST)  VALUE       VALUE  FROM      YEAR
                                                  NORMAL
..................................................................
TEMPERATURE (F)
 YESTERDAY
  MAXIMUM         90    159 PM              87      3       84
  MINIMUM         53    412 AM              59     -6       55
  AVERAGE         72                        73     -1       70

PRECIPITATION (IN)
  YESTERDAY        0.00         MM      MM   0.06  -0.06     0.00
  MONTH TO DATE    0.91                      2.06  -1.15     0.98
  SINCE JUN 1      6.45                      4.69   1.76     2.68
  SINCE JAN 1     10.79                     10.73   0.06     6.84

DEGREE DAYS
 HEATING
  YESTERDAY        0                         0      0        0
  MONTH TO DATE   16                        21     -5       10
  SINCE JUN 1    151                       134     17       99
  SINCE JUL 1     16                        20     -4       10

 COOLING
  YESTERDAY        7                         8     -1        5
  MONTH TO DATE  159                       207    -48      223
  SINCE JUN 1    175                       269    -94      269
  SINCE JAN 1    205                       275    -70      279
..................................................................


WIND (MPH)
  HIGHEST WIND SPEED    16   HIGHEST WIND DIRECTION    NE (40)
  HIGHEST GUST SPEED    17   HIGHEST GUST DIRECTION    NE (40)
  AVERAGE WIND SPEED     6.1




RELATIVE HUMIDITY (PERCENT)
 HIGHEST    78           700 AM
 LOWEST     21           200 PM
 AVERAGE    50

..........................................................




SUNRISE AND SUNSET
AUGUST  1 2014........SUNRISE   538 AM MDT   SUNSET   822 PM MDT
AUGUST  2 2014........SUNRISE   539 AM MDT   SUNSET   821 PM MDT


-  INDICATES NEGATIVE NUMBERS.
R  INDICATES RECORD WAS SET OR TIED.
MM INDICATES DATA IS MISSING.
T  INDICATES TRACE AMOUNT.




$$
