000
CDUS43 KUNR 110830
CLI2WX


CLIMATE REPORT
NATIONAL WEATHER SERVICE RAPID CITY SD
130 AM MST MON DEC 11 2017


...................................

...THE BUFFALO SD CLIMATE SUMMARY FOR DECEMBER 10 2017...

CLIMATE NORMAL PERIOD 1981 TO 2010
CLIMATE RECORD PERIOD 9999 TO 9999


WEATHER ITEM   OBSERVED TIME   NORMAL DEPARTURE LAST
                VALUE   (LST)  VALUE  FROM      YEAR
                                      NORMAL
......................................................
TEMPERATURE (F)
 YESTERDAY
  MAXIMUM         55    245 PM  32     23        5
  MINIMUM         32    749 AM  11     21       -3
  AVERAGE         44            22     22        1

PRECIPITATION (IN)
  YESTERDAY        0.00          0.00   0.00     0.07
  MONTH TO DATE    0.05          0.06  -0.01     0.07
  SINCE DEC 1      0.05          0.06  -0.01     0.07
  SINCE JAN 1     14.56         14.29   0.27    10.05

DEGREE DAYS
 HEATING
  YESTERDAY       21            44    -23       64
  MONTH TO DATE  318           423   -105      503
  SINCE DEC 1    318           423   -105      503
  SINCE JUL 1   1986          2321   -335     1793

 COOLING
  YESTERDAY        0             0      0        0
  MONTH TO DATE    0             0      0        0
  SINCE DEC 1      0             0      0        0
  SINCE JAN 1    743           513    230      734
......................................................


WIND (MPH)
  HIGHEST WIND SPEED    35   HIGHEST WIND DIRECTION    NW (310)
  HIGHEST GUST SPEED    42   HIGHEST GUST DIRECTION    NW (310)
  AVERAGE WIND SPEED    20.6




RELATIVE HUMIDITY (PERCENT)
 HIGHEST    47           700 AM
 LOWEST     24           100 PM
 AVERAGE    36

..........................................................




SUNRISE AND SUNSET
DECEMBER 11 2017......SUNRISE   725 AM MST   SUNSET   410 PM MST
DECEMBER 12 2017......SUNRISE   726 AM MST   SUNSET   410 PM MST


-  INDICATES NEGATIVE NUMBERS.
R  INDICATES RECORD WAS SET OR TIED.
MM INDICATES DATA IS MISSING.
T  INDICATES TRACE AMOUNT.




$$
