000
CDUS43 KUNR 221829
CLI2WX


CLIMATE REPORT
NATIONAL WEATHER SERVICE RAPID CITY SD
1129 AM MST THU FEB 22 2018


...................................

...THE BUFFALO SD CLIMATE SUMMARY FOR FEBRUARY 21 2018...

CLIMATE NORMAL PERIOD 1981 TO 2010
CLIMATE RECORD PERIOD 9999 TO 9999


WEATHER ITEM   OBSERVED TIME   NORMAL DEPARTURE LAST
                VALUE   (LST)  VALUE  FROM      YEAR
                                      NORMAL
......................................................
TEMPERATURE (F)
 YESTERDAY
  MAXIMUM          8    347 PM  35    -27       68
  MINIMUM        -12    823 AM  15    -27       40
  AVERAGE         -2            25    -27       54

PRECIPITATION (IN)
  YESTERDAY        0.00          0.01  -0.01     0.00
  MONTH TO DATE    1.13          0.21   0.92     0.04
  SINCE DEC 1      1.91          0.79   1.12     1.24
  SINCE JAN 1      1.37          0.50   0.87     0.07

DEGREE DAYS
 HEATING
  YESTERDAY       67            40     27       11
  MONTH TO DATE 1200           887    313      721
  SINCE DEC 1   3908          3628    280     3795
  SINCE JUL 1   5576          5526     50     5085

 COOLING
  YESTERDAY        0             0      0        0
  MONTH TO DATE    0             0      0        0
  SINCE DEC 1      0             0      0        0
  SINCE JAN 1      0             0      0        0
......................................................


WIND (MPH)
  HIGHEST WIND SPEED    13   HIGHEST WIND DIRECTION    SE (150)
  HIGHEST GUST SPEED    15   HIGHEST GUST DIRECTION    SE (150)
  AVERAGE WIND SPEED     6.1




RELATIVE HUMIDITY (PERCENT)
 HIGHEST    78           800 PM
 LOWEST     58           500 AM
 AVERAGE    68

..........................................................




SUNRISE AND SUNSET
FEBRUARY 22 2018......SUNRISE   645 AM MST   SUNSET   531 PM MST
FEBRUARY 23 2018......SUNRISE   643 AM MST   SUNSET   533 PM MST


-  INDICATES NEGATIVE NUMBERS.
R  INDICATES RECORD WAS SET OR TIED.
MM INDICATES DATA IS MISSING.
T  INDICATES TRACE AMOUNT.




$$
