000
CDUS43 KUNR 270833
CLI2WX


CLIMATE REPORT
NATIONAL WEATHER SERVICE RAPID CITY SD
232 AM MDT WED JUL 27 2016


...................................

...THE BUFFALO SD CLIMATE SUMMARY FOR JULY 26 2016...

CLIMATE NORMAL PERIOD 1981 TO 2010
CLIMATE RECORD PERIOD 9999 TO 9999


WEATHER ITEM   OBSERVED TIME   NORMAL DEPARTURE LAST
                VALUE   (LST)  VALUE  FROM      YEAR
                                      NORMAL
......................................................
TEMPERATURE (F)
 YESTERDAY
  MAXIMUM         88    330 PM  86      2       98
  MINIMUM         62   1149 PM  59      3       62
  AVERAGE         75            72      3       80

PRECIPITATION (IN)
  YESTERDAY        0.06          0.06   0.00    MM
  MONTH TO DATE    0.34          1.76  -1.42     0.21
  SINCE JUN 1      0.99          4.39  -3.40     2.94
  SINCE JAN 1      4.75         10.43  -5.68     7.50

DEGREE DAYS
 HEATING
  YESTERDAY        0             0      0        0
  MONTH TO DATE    0            21    -21        3
  SINCE JUN 1      9           135   -126       46
  SINCE JUL 1      0            21    -21        3

 COOLING
  YESTERDAY       10             8      2       15
  MONTH TO DATE  260           169     91      208
  SINCE JUN 1    442           231    211      299
  SINCE JAN 1    444           237    207      299
......................................................


WIND (MPH)
  HIGHEST WIND SPEED    33   HIGHEST WIND DIRECTION    NE (30)
  HIGHEST GUST SPEED    38   HIGHEST GUST DIRECTION     W (260)
  AVERAGE WIND SPEED    14.0




RELATIVE HUMIDITY (PERCENT)
 HIGHEST    93           800 AM
 LOWEST     31           300 PM
 AVERAGE    62

..........................................................




SUNRISE AND SUNSET
JULY 27 2016..........SUNRISE   533 AM MDT   SUNSET   828 PM MDT
JULY 28 2016..........SUNRISE   534 AM MDT   SUNSET   827 PM MDT


-  INDICATES NEGATIVE NUMBERS.
R  INDICATES RECORD WAS SET OR TIED.
MM INDICATES DATA IS MISSING.
T  INDICATES TRACE AMOUNT.




$$
