000
CDUS43 KUNR 200849
CLI2WX


CLIMATE REPORT
NATIONAL WEATHER SERVICE RAPID CITY SD
247 AM MDT THU JUL 20 2017


...................................

...THE BUFFALO SD CLIMATE SUMMARY FOR JULY 19 2017...

CLIMATE NORMAL PERIOD 1981 TO 2010
CLIMATE RECORD PERIOD 9999 TO 9999


WEATHER ITEM   OBSERVED TIME   NORMAL DEPARTURE LAST
                VALUE   (LST)  VALUE  FROM      YEAR
                                      NORMAL
......................................................
TEMPERATURE (F)
 YESTERDAY
  MAXIMUM         86    509 PM  86      0      102
  MINIMUM         67   1159 PM  58      9       67
  AVERAGE         77            72      5       85

PRECIPITATION (IN)
  YESTERDAY        0.09          0.06   0.03     0.00
  MONTH TO DATE    1.82          1.32   0.50     0.22
  SINCE JUN 1      2.69          3.95  -1.26     0.87
  SINCE JAN 1      9.36          9.99  -0.63     4.63

DEGREE DAYS
 HEATING
  YESTERDAY        0             1     -1        0
  MONTH TO DATE    0            19    -19        0
  SINCE JUN 1     33           133   -100        9
  SINCE JUL 1      0            19    -19        0

 COOLING
  YESTERDAY       12             7      5       20
  MONTH TO DATE  251           114    137      153
  SINCE JUN 1    348           176    172      335
  SINCE JAN 1    361           182    179      337
......................................................


WIND (MPH)
  HIGHEST WIND SPEED    25   HIGHEST WIND DIRECTION     E (70)
  HIGHEST GUST SPEED    31   HIGHEST GUST DIRECTION     E (70)
  AVERAGE WIND SPEED    12.4




RELATIVE HUMIDITY (PERCENT)
 HIGHEST    87          1200 AM
 LOWEST     35           400 PM
 AVERAGE    61

..........................................................




SUNRISE AND SUNSET
JULY 20 2017..........SUNRISE   525 AM MDT   SUNSET   836 PM MDT
JULY 21 2017..........SUNRISE   526 AM MDT   SUNSET   835 PM MDT


-  INDICATES NEGATIVE NUMBERS.
R  INDICATES RECORD WAS SET OR TIED.
MM INDICATES DATA IS MISSING.
T  INDICATES TRACE AMOUNT.




$$
