652
CDUS43 KABR 261200
CLI8D3


CLIMATE REPORT
NATIONAL WEATHER SERVICE ABERDEEN SD
700 AM CDT FRI MAY 26 2017


...................................

...THE SISSETON SD CLIMATE SUMMARY FOR MAY 25 2017...

CLIMATE NORMAL PERIOD 1981 TO 2010
CLIMATE RECORD PERIOD 1900 TO 2017


WEATHER ITEM   OBSERVED TIME   RECORD YEAR NORMAL DEPARTURE LAST
                VALUE   (LST)  VALUE       VALUE  FROM      YEAR
                                                  NORMAL
..................................................................
TEMPERATURE (F)
 YESTERDAY
  MAXIMUM         71   1115 AM  92    1959  72     -1       78
  MINIMUM         42    438 AM  32    1905  48     -6       58
  AVERAGE         57                        60     -3       68

PRECIPITATION (IN)
  YESTERDAY        0.00          0.75 2005   0.08  -0.08     0.14
  MONTH TO DATE    1.09                      2.18  -1.09     0.49
  SINCE MAR 1      2.92                      5.58  -2.66     3.49
  SINCE JAN 1      4.12                      6.44  -2.32     4.66

DEGREE DAYS
 HEATING
  YESTERDAY        8                         6      2        0
  MONTH TO DATE  209                       231    -22      198
  SINCE MAR 1   1859                      1931    -72     1608
  SINCE JUL 1   7123                      8190  -1067     6909

 COOLING
  YESTERDAY        0                         1     -1        3
  MONTH TO DATE   16                        16      0       27
  SINCE MAR 1     16                        17     -1       27
  SINCE JAN 1     16                        17     -1       27
..................................................................


WIND (MPH)
  HIGHEST WIND SPEED    32   HIGHEST WIND DIRECTION     S (190)
  HIGHEST GUST SPEED    41   HIGHEST GUST DIRECTION    SE (150)
  AVERAGE WIND SPEED    13.8


SKY COVER
  POSSIBLE SUNSHINE  MM
  AVERAGE SKY COVER 0.0


WEATHER CONDITIONS
 THE FOLLOWING WEATHER WAS RECORDED YESTERDAY.
  NO SIGNIFICANT WEATHER WAS OBSERVED.


RELATIVE HUMIDITY (PERCENT)
 HIGHEST   100           100 AM
 LOWEST     47          1100 AM
 AVERAGE    74

..........................................................


THE SISSETON SD CLIMATE NORMALS FOR TODAY
                         NORMAL    RECORD    YEAR
 MAXIMUM TEMPERATURE (F)   72        94      1934
 MINIMUM TEMPERATURE (F)   49        32      1932


SUNRISE AND SUNSET
MAY 26 2017...........SUNRISE   546 AM CDT   SUNSET   905 PM CDT
MAY 27 2017...........SUNRISE   545 AM CDT   SUNSET   906 PM CDT


-  INDICATES NEGATIVE NUMBERS.
R  INDICATES RECORD WAS SET OR TIED.
MM INDICATES DATA IS MISSING.
T  INDICATES TRACE AMOUNT.




$$
