000
CDUS43 KABR 112228
CLI8D3


CLIMATE REPORT
NATIONAL WEATHER SERVICE ABERDEEN SD
527 PM CDT FRI JUL 11 2014


...................................

...THE SISSETON SD CLIMATE SUMMARY FOR JULY 11 2014...
VALID TODAY AS OF 0500 PM LOCAL TIME.

CLIMATE NORMAL PERIOD 1981 TO 2010
CLIMATE RECORD PERIOD 1900 TO 2014


WEATHER ITEM   OBSERVED TIME   RECORD YEAR NORMAL DEPARTURE LAST
                VALUE   (LST)  VALUE       VALUE  FROM      YEAR
                                                  NORMAL
..................................................................
TEMPERATURE (F)
 TODAY
  MAXIMUM         89    330 PM 108    1936  83      6       85
  MINIMUM         73    616 AM  48    1951  60              57
  AVERAGE         81                        71     10       71

PRECIPITATION (IN)
  TODAY            0.00          2.00 1912   0.12  -0.12     0.00
  MONTH TO DATE    0.97                      1.25  -0.28     1.77
  SINCE JUN 1      9.64                      4.99   4.65     7.35
  SINCE JAN 1     18.01                     11.97   6.04    16.69

DEGREE DAYS
 COOLING
  TODAY           16                         7      9        6
  MONTH TO DATE   60                        66     -6       85
  SINCE JUN 1    148                       160    -12      202
  SINCE JAN 1    209                       183     26      227
..................................................................


WIND (MPH)
  HIGHEST WIND SPEED    23   HIGHEST WIND DIRECTION    SW (240)
  HIGHEST GUST SPEED    27   HIGHEST GUST DIRECTION    SW (240)
  AVERAGE WIND SPEED    10.4


SKY COVER
  POSSIBLE SUNSHINE  MM
  AVERAGE SKY COVER 0.0


WEATHER CONDITIONS
 THE FOLLOWING WEATHER WAS RECORDED TODAY.
  NO SIGNIFICANT WEATHER WAS OBSERVED.


RELATIVE HUMIDITY (PERCENT)
 HIGHEST    90          1200 AM
 LOWEST     47           300 PM
 AVERAGE    69

..........................................................


THE SISSETON SD CLIMATE NORMALS FOR TOMORROW
                         NORMAL    RECORD    YEAR
 MAXIMUM TEMPERATURE (F)   83       109      1936
 MINIMUM TEMPERATURE (F)   60        47      1941


SUNRISE AND SUNSET
JULY 11 2014..........SUNRISE   550 AM CDT   SUNSET   917 PM CDT
JULY 12 2014..........SUNRISE   550 AM CDT   SUNSET   916 PM CDT


-  INDICATES NEGATIVE NUMBERS.
R  INDICATES RECORD WAS SET OR TIED.
MM INDICATES DATA IS MISSING.
T  INDICATES TRACE AMOUNT.




$$
