000
CDUS43 KABR 010908
CLI8D3


CLIMATE REPORT
NATIONAL WEATHER SERVICE ABERDEEN SD
407 AM CDT MON SEP 1 2014


...................................

...THE SISSETON SD CLIMATE SUMMARY FOR AUGUST 31 2014...

CLIMATE NORMAL PERIOD 1981 TO 2010
CLIMATE RECORD PERIOD 1900 TO 2014


WEATHER ITEM   OBSERVED TIME   RECORD YEAR NORMAL DEPARTURE LAST
                VALUE   (LST)  VALUE       VALUE  FROM      YEAR
                                                  NORMAL
..................................................................
TEMPERATURE (F)
 YESTERDAY
  MAXIMUM         77    124 PM  94    1948  78     -1       92
  MINIMUM         59   1233 AM  39    1987  54      5       62
  AVERAGE         68                        66      2       77

PRECIPITATION (IN)
  YESTERDAY        0.14          1.54 1942   0.09   0.05     0.25
  MONTH TO DATE    2.18                      2.44  -0.26     0.95
  SINCE JUN 1     12.59                      9.76   2.83     9.33
  SINCE JAN 1     20.96                     16.74   4.22    18.67

DEGREE DAYS
 HEATING
  YESTERDAY        0                         2     -2        0
  MONTH TO DATE   17                        28    -11       23
  SINCE JUN 1     72                       105    -33      118
  SINCE JUL 1     37                        43     -6       49

 COOLING
  YESTERDAY        3                         3      0       12
  MONTH TO DATE  121                       157    -36      187
  SINCE JUN 1    339                       456   -117      510
  SINCE JAN 1    400                       479    -79      535
..................................................................


WIND (MPH)
  HIGHEST WIND SPEED    20   HIGHEST WIND DIRECTION     W (270)
  HIGHEST GUST SPEED    27   HIGHEST GUST DIRECTION     W (260)
  AVERAGE WIND SPEED     8.5


SKY COVER
  POSSIBLE SUNSHINE  MM
  AVERAGE SKY COVER 0.0


WEATHER CONDITIONS
 THE FOLLOWING WEATHER WAS RECORDED YESTERDAY.
  NO SIGNIFICANT WEATHER WAS OBSERVED.


RELATIVE HUMIDITY (PERCENT)
 HIGHEST   100          1200 AM
 LOWEST     69          1100 AM
 AVERAGE    85

..........................................................


THE SISSETON SD CLIMATE NORMALS FOR TODAY
                         NORMAL    RECORD    YEAR
 MAXIMUM TEMPERATURE (F)   78        98      1937
 MINIMUM TEMPERATURE (F)   53        39      1974


SUNRISE AND SUNSET
SEPTEMBER  1 2014.....SUNRISE   649 AM CDT   SUNSET   806 PM CDT
SEPTEMBER  2 2014.....SUNRISE   650 AM CDT   SUNSET   804 PM CDT


-  INDICATES NEGATIVE NUMBERS.
R  INDICATES RECORD WAS SET OR TIED.
MM INDICATES DATA IS MISSING.
T  INDICATES TRACE AMOUNT.




$$
