000
CDUS43 KABR 222237
CLI8D3


CLIMATE REPORT
NATIONAL WEATHER SERVICE ABERDEEN SD
535 PM CDT SAT JUL 22 2017


...................................

...THE SISSETON SD CLIMATE SUMMARY FOR JULY 22 2017...
VALID TODAY AS OF 0500 PM LOCAL TIME.

CLIMATE NORMAL PERIOD 1981 TO 2010
CLIMATE RECORD PERIOD 1900 TO 2017


WEATHER ITEM   OBSERVED TIME   RECORD YEAR NORMAL DEPARTURE LAST
                VALUE   (LST)  VALUE       VALUE  FROM      YEAR
                                                  NORMAL
..................................................................
TEMPERATURE (F)
 TODAY
  MAXIMUM         89    359 PM 112    1934  84      5       89
  MINIMUM         68    730 AM  45    1947  60              66
  AVERAGE         79                        72      7       78

PRECIPITATION (IN)
  TODAY            0.15          1.06 1991   0.12   0.03     0.00
  MONTH TO DATE    0.64                      2.65  -2.01     4.70
  SINCE JUN 1      3.20                      6.39  -3.19     5.82
  SINCE JAN 1      7.37                     13.37  -6.00    10.86

DEGREE DAYS
 COOLING
  TODAY           14                         7      7       13
  MONTH TO DATE  190                       143     47      136
  SINCE JUN 1    336                       237     99      303
  SINCE JAN 1    352                       260     92      340
..................................................................


WIND (MPH)
  HIGHEST WIND SPEED    20   HIGHEST WIND DIRECTION     S (180)
  HIGHEST GUST SPEED    27   HIGHEST GUST DIRECTION     S (170)
  AVERAGE WIND SPEED     9.3


SKY COVER
  POSSIBLE SUNSHINE  MM
  AVERAGE SKY COVER 0.0


WEATHER CONDITIONS
 THE FOLLOWING WEATHER WAS RECORDED TODAY.
  RAIN


RELATIVE HUMIDITY (PERCENT)
 HIGHEST    97           800 AM
 LOWEST     34           300 PM
 AVERAGE    66

..........................................................


THE SISSETON SD CLIMATE NORMALS FOR TOMORROW
                         NORMAL    RECORD    YEAR
 MAXIMUM TEMPERATURE (F)   84       101      1934
 MINIMUM TEMPERATURE (F)   60        43      1992


SUNRISE AND SUNSET
JULY 22 2017..........SUNRISE   600 AM CDT   SUNSET   908 PM CDT
JULY 23 2017..........SUNRISE   602 AM CDT   SUNSET   907 PM CDT


-  INDICATES NEGATIVE NUMBERS.
R  INDICATES RECORD WAS SET OR TIED.
MM INDICATES DATA IS MISSING.
T  INDICATES TRACE AMOUNT.




$$
