000
CDUS43 KABR 191036
CLI8D3


CLIMATE REPORT
NATIONAL WEATHER SERVICE ABERDEEN SD
436 AM CST MON FEB 19 2018


...................................

...THE SISSETON SD CLIMATE SUMMARY FOR FEBRUARY 18 2018...

CLIMATE NORMAL PERIOD 1981 TO 2010
CLIMATE RECORD PERIOD 1900 TO 2018


WEATHER ITEM   OBSERVED TIME   RECORD YEAR NORMAL DEPARTURE LAST
                VALUE   (LST)  VALUE       VALUE  FROM      YEAR
                                                  NORMAL
..................................................................
TEMPERATURE (F)
 YESTERDAY
  MAXIMUM         33    125 PM  58    1981  28      5       57
  MINIMUM         11   1134 PM -28    1966  10      1       33
  AVERAGE         22                        19      3       45

PRECIPITATION (IN)
  YESTERDAY        0.01          0.60 1991   0.01   0.00     0.00
  MONTH TO DATE    0.11                      0.23  -0.12     0.07
  SINCE DEC 1      0.51                      1.05  -0.54     2.28
  SINCE JAN 1      0.21                      0.66  -0.45     0.86

SNOWFALL (IN)
  YESTERDAY       MM
  MONTH TO DATE    1.8
  SINCE OCT 1      6.6
  SINCE JUL 1      6.6
  SNOW DEPTH       T

DEGREE DAYS
 HEATING
  YESTERDAY       43                        46     -3       20
  MONTH TO DATE 1000                       875    125      700
  SINCE DEC 1   3939                      3970    -31     3663
  SINCE JUL 1   5582                      5821   -239     4944

 COOLING
  YESTERDAY        0                         0      0        0
  MONTH TO DATE    0                         0      0        0
  SINCE DEC 1      0                         0      0        0
  SINCE JAN 1      0                         0      0        0
..................................................................


WIND (MPH)
  HIGHEST WIND SPEED    30   HIGHEST WIND DIRECTION     N (350)
  HIGHEST GUST SPEED    34   HIGHEST GUST DIRECTION     N (350)
  AVERAGE WIND SPEED    16.2


SKY COVER
  POSSIBLE SUNSHINE  MM
  AVERAGE SKY COVER 0.0


WEATHER CONDITIONS
 THE FOLLOWING WEATHER WAS RECORDED YESTERDAY.
  LIGHT SNOW


RELATIVE HUMIDITY (PERCENT)
 HIGHEST    92           300 AM
 LOWEST     67           100 AM
 AVERAGE    80

..........................................................


THE SISSETON SD CLIMATE NORMALS FOR TODAY
                         NORMAL    RECORD    YEAR
 MAXIMUM TEMPERATURE (F)   29        60      2017
 MINIMUM TEMPERATURE (F)   10       -19      2008
                                             1966


SUNRISE AND SUNSET
FEBRUARY 19 2018......SUNRISE   723 AM CST   SUNSET   601 PM CST
FEBRUARY 20 2018......SUNRISE   722 AM CST   SUNSET   602 PM CST


-  INDICATES NEGATIVE NUMBERS.
R  INDICATES RECORD WAS SET OR TIED.
MM INDICATES DATA IS MISSING.
T  INDICATES TRACE AMOUNT.




$$
