000
CDUS43 KABR 211036
CLI8D3


CLIMATE REPORT
NATIONAL WEATHER SERVICE ABERDEEN SD
536 AM CDT TUE OCT 21 2014


...................................

...THE SISSETON SD CLIMATE SUMMARY FOR OCTOBER 20 2014...

CLIMATE NORMAL PERIOD 1981 TO 2010
CLIMATE RECORD PERIOD 1900 TO 2014


WEATHER ITEM   OBSERVED TIME   RECORD YEAR NORMAL DEPARTURE LAST
                VALUE   (LST)  VALUE       VALUE  FROM      YEAR
                                                  NORMAL
..................................................................
TEMPERATURE (F)
 YESTERDAY
  MAXIMUM         70    325 PM  84    1953  55     15       43
  MINIMUM         33    650 AM  14    1952  34     -1       32
  AVERAGE         52                        45      7       38

PRECIPITATION (IN)
  YESTERDAY        0.00          0.79 1963   0.06  -0.06     0.11
  MONTH TO DATE    0.06                      1.57  -1.51     5.87
  SINCE SEP 1      0.90                      4.11  -3.21     8.51
  SINCE JAN 1     21.86                     20.85   1.01    27.18

SNOWFALL (IN)
  YESTERDAY        0.0
  MONTH TO DATE    0.0
  SINCE OCT 1      0.0
  SINCE JUL 1      0.0
  SNOW DEPTH       0

DEGREE DAYS
 HEATING
  YESTERDAY       13                        20     -7       27
  MONTH TO DATE  308                       327    -19      309
  SINCE SEP 1    474                       529    -55      406
  SINCE JUL 1    511                       572    -61      455

 COOLING
  YESTERDAY        0                         0      0        0
  MONTH TO DATE    0                         0      0        0
  SINCE SEP 1     42                        44     -2       90
  SINCE JAN 1    442                       523    -81      625
..................................................................


WIND (MPH)
  HIGHEST WIND SPEED    13   HIGHEST WIND DIRECTION     N (360)
  HIGHEST GUST SPEED    17   HIGHEST GUST DIRECTION     N (350)
  AVERAGE WIND SPEED     5.8


SKY COVER
  POSSIBLE SUNSHINE  MM
  AVERAGE SKY COVER 0.0


WEATHER CONDITIONS
 THE FOLLOWING WEATHER WAS RECORDED YESTERDAY.
  NO SIGNIFICANT WEATHER WAS OBSERVED.


RELATIVE HUMIDITY (PERCENT)
 HIGHEST    96           700 AM
 LOWEST     33           200 PM
 AVERAGE    65

..........................................................


THE SISSETON SD CLIMATE NORMALS FOR TODAY
                         NORMAL    RECORD    YEAR
 MAXIMUM TEMPERATURE (F)   55        87      1947
 MINIMUM TEMPERATURE (F)   34        14      1936


SUNRISE AND SUNSET
OCTOBER 21 2014.......SUNRISE   753 AM CDT   SUNSET   632 PM CDT
OCTOBER 22 2014.......SUNRISE   754 AM CDT   SUNSET   630 PM CDT


-  INDICATES NEGATIVE NUMBERS.
R  INDICATES RECORD WAS SET OR TIED.
MM INDICATES DATA IS MISSING.
T  INDICATES TRACE AMOUNT.




$$
