000
CDUS43 KABR 231027
CLI8D3


CLIMATE REPORT
NATIONAL WEATHER SERVICE ABERDEEN SD
527 AM CDT WED APR 23 2014


...................................

...THE SISSETON SD CLIMATE SUMMARY FOR APRIL 22 2014...

CLIMATE NORMAL PERIOD 1981 TO 2010
CLIMATE RECORD PERIOD 1900 TO 2014


WEATHER ITEM   OBSERVED TIME   RECORD YEAR NORMAL DEPARTURE LAST
                VALUE   (LST)  VALUE       VALUE  FROM      YEAR
                                                  NORMAL
..................................................................
TEMPERATURE (F)
 YESTERDAY
  MAXIMUM         64    419 PM  95    1980  60      4       32
  MINIMUM         30    516 AM  18    1936  35     -5       26
  AVERAGE         47                        48     -1       29

PRECIPITATION (IN)
  YESTERDAY        0.00          1.51 1968   0.10  -0.10     0.13
  MONTH TO DATE    0.65                      1.28  -0.63     2.23
  SINCE MAR 1      1.49                      2.40  -0.91     3.20
  SINCE JAN 1      2.11                      3.26  -1.15     5.58

SNOWFALL (IN)
  YESTERDAY        0.0
  MONTH TO DATE    6.4
  SINCE OCT 1     37.8
  SINCE JUL 1     37.8
  SNOW DEPTH       0

DEGREE DAYS
 HEATING
  YESTERDAY       18                        17      1       36
  MONTH TO DATE  557                       495     62      775
  SINCE MAR 1   1756                      1578    178     2218
  SINCE JUL 1   8573                      7837    736     8603

 COOLING
  YESTERDAY        0                         0      0        0
  MONTH TO DATE    0                         0      0        0
  SINCE MAR 1      0                         0      0        0
  SINCE JAN 1      0                         0      0        0
..................................................................


WIND (MPH)
  HIGHEST WIND SPEED    18   HIGHEST WIND DIRECTION    SE (150)
  HIGHEST GUST SPEED    24   HIGHEST GUST DIRECTION    SE (140)
  AVERAGE WIND SPEED     8.0


SKY COVER
  POSSIBLE SUNSHINE  MM
  AVERAGE SKY COVER 0.0


WEATHER CONDITIONS
 THE FOLLOWING WEATHER WAS RECORDED YESTERDAY.
  NO SIGNIFICANT WEATHER WAS OBSERVED.


RELATIVE HUMIDITY (PERCENT)
 HIGHEST    92           400 AM
 LOWEST     30           200 PM
 AVERAGE    61

..........................................................


THE SISSETON SD CLIMATE NORMALS FOR TODAY
                         NORMAL    RECORD    YEAR
 MAXIMUM TEMPERATURE (F)   61        89      1990
 MINIMUM TEMPERATURE (F)   36        16      1956


SUNRISE AND SUNSET
APRIL 23 2014.........SUNRISE   628 AM CDT   SUNSET   825 PM CDT
APRIL 24 2014.........SUNRISE   627 AM CDT   SUNSET   826 PM CDT


-  INDICATES NEGATIVE NUMBERS.
R  INDICATES RECORD WAS SET OR TIED.
MM INDICATES DATA IS MISSING.
T  INDICATES TRACE AMOUNT.




$$
