000
CDUS43 KABR 252232
CLI8D3


CLIMATE REPORT
NATIONAL WEATHER SERVICE ABERDEEN SD
530 PM CDT SAT OCT 25 2014


...................................

...THE SISSETON SD CLIMATE SUMMARY FOR OCTOBER 25 2014...
VALID TODAY AS OF 0500 PM LOCAL TIME.

CLIMATE NORMAL PERIOD 1981 TO 2010
CLIMATE RECORD PERIOD 1900 TO 2014


WEATHER ITEM   OBSERVED TIME   RECORD YEAR NORMAL DEPARTURE LAST
                VALUE   (LST)  VALUE       VALUE  FROM      YEAR
                                                  NORMAL
..................................................................
TEMPERATURE (F)
 TODAY
  MAXIMUM         65    244 PM  82    1989  52     13       62
  MINIMUM         50    726 AM  12    1942  32              23
  AVERAGE         58                        42     16       43

PRECIPITATION (IN)
  TODAY            0.00          0.63 2010   0.05  -0.05     0.00
  MONTH TO DATE    0.10                      1.82  -1.72     5.87
  SINCE SEP 1      0.94                      4.36  -3.42     8.51
  SINCE JAN 1     21.90                     21.10   0.80    27.18

SNOWFALL (IN)
  TODAY            0.0
  MONTH TO DATE    0.0
  SINCE OCT 1      0.0
  SINCE JUL 1      0.0
  SNOW DEPTH       0

DEGREE DAYS
 HEATING
  TODAY            7                        23    -16       22
  MONTH TO DATE  346                       436    -90      457
  SINCE SEP 1    512                       638   -126      554
  SINCE JUL 1    549                       681   -132      603

 COOLING
  TODAY            0                         0      0        0
  MONTH TO DATE    0                         0      0        0
  SINCE SEP 1     42                        44     -2       90
  SINCE JAN 1    442                       523    -81      625
..................................................................


WIND (MPH)
  HIGHEST WIND SPEED    18   HIGHEST WIND DIRECTION     N (340)
  HIGHEST GUST SPEED    26   HIGHEST GUST DIRECTION     N (340)
  AVERAGE WIND SPEED    12.3


SKY COVER
  POSSIBLE SUNSHINE  MM
  AVERAGE SKY COVER 0.0


WEATHER CONDITIONS
 THE FOLLOWING WEATHER WAS RECORDED TODAY.
  NO SIGNIFICANT WEATHER WAS OBSERVED.


RELATIVE HUMIDITY (PERCENT)
 HIGHEST    50           600 AM
 LOWEST     25           300 PM
 AVERAGE    38

..........................................................


THE SISSETON SD CLIMATE NORMALS FOR TOMORROW
                         NORMAL    RECORD    YEAR
 MAXIMUM TEMPERATURE (F)   52        85      1955
 MINIMUM TEMPERATURE (F)   32         4      1936


SUNRISE AND SUNSET
OCTOBER 25 2014.......SUNRISE   758 AM CDT   SUNSET   625 PM CDT
OCTOBER 26 2014.......SUNRISE   759 AM CDT   SUNSET   624 PM CDT


-  INDICATES NEGATIVE NUMBERS.
R  INDICATES RECORD WAS SET OR TIED.
MM INDICATES DATA IS MISSING.
T  INDICATES TRACE AMOUNT.




$$
