000
CDUS43 KABR 301039
CLI8D3


CLIMATE REPORT
NATIONAL WEATHER SERVICE ABERDEEN SD
538 AM CDT THU OCT 30 2014


...................................

...THE SISSETON SD CLIMATE SUMMARY FOR OCTOBER 29 2014...

CLIMATE NORMAL PERIOD 1981 TO 2010
CLIMATE RECORD PERIOD 1900 TO 2014


WEATHER ITEM   OBSERVED TIME   RECORD YEAR NORMAL DEPARTURE LAST
                VALUE   (LST)  VALUE       VALUE  FROM      YEAR
                                                  NORMAL
..................................................................
TEMPERATURE (F)
 YESTERDAY
  MAXIMUM         48    411 PM  80    1937  50     -2       33
  MINIMUM         34    811 AM  16    1988  31      3       29
  AVERAGE         41                        40      1       31

PRECIPITATION (IN)
  YESTERDAY        0.08          1.71 1996   0.04   0.04     0.17
  MONTH TO DATE    0.35                      1.99  -1.64     6.04
  SINCE SEP 1      1.19                      4.53  -3.34     8.68
  SINCE JAN 1     22.15                     21.27   0.88    27.35

SNOWFALL (IN)
  YESTERDAY        0.0
  MONTH TO DATE    0.0
  SINCE OCT 1      0.0
  SINCE JUL 1      0.0
  SNOW DEPTH       0

DEGREE DAYS
 HEATING
  YESTERDAY       24                        25     -1       34
  MONTH TO DATE  436                       532    -96      577
  SINCE SEP 1    602                       734   -132      674
  SINCE JUL 1    639                       777   -138      723

 COOLING
  YESTERDAY        0                         0      0        0
  MONTH TO DATE    0                         0      0        0
  SINCE SEP 1     42                        44     -2       90
  SINCE JAN 1    442                       523    -81      625
..................................................................


WIND (MPH)
  HIGHEST WIND SPEED    23   HIGHEST WIND DIRECTION     N (340)
  HIGHEST GUST SPEED    27   HIGHEST GUST DIRECTION     N (340)
  AVERAGE WIND SPEED     7.6


SKY COVER
  POSSIBLE SUNSHINE  MM
  AVERAGE SKY COVER 0.0


WEATHER CONDITIONS
 THE FOLLOWING WEATHER WAS RECORDED YESTERDAY.
  LIGHT RAIN


RELATIVE HUMIDITY (PERCENT)
 HIGHEST    92          1000 PM
 LOWEST     50           400 PM
 AVERAGE    71

..........................................................


THE SISSETON SD CLIMATE NORMALS FOR TODAY
                         NORMAL    RECORD    YEAR
 MAXIMUM TEMPERATURE (F)   50        78      1950
 MINIMUM TEMPERATURE (F)   30         9      1984


SUNRISE AND SUNSET
OCTOBER 30 2014.......SUNRISE   805 AM CDT   SUNSET   618 PM CDT
OCTOBER 31 2014.......SUNRISE   806 AM CDT   SUNSET   616 PM CDT


-  INDICATES NEGATIVE NUMBERS.
R  INDICATES RECORD WAS SET OR TIED.
MM INDICATES DATA IS MISSING.
T  INDICATES TRACE AMOUNT.




$$
