000
CDUS43 KABR 211037
CLI8D3


CLIMATE REPORT
NATIONAL WEATHER SERVICE ABERDEEN SD
437 AM CST TUE NOV 21 2017


...................................

...THE SISSETON SD CLIMATE SUMMARY FOR NOVEMBER 20 2017...

CLIMATE NORMAL PERIOD 1981 TO 2010
CLIMATE RECORD PERIOD 1900 TO 2017


WEATHER ITEM   OBSERVED TIME   RECORD YEAR NORMAL DEPARTURE LAST
                VALUE   (LST)  VALUE       VALUE  FROM      YEAR
                                                  NORMAL
..................................................................
TEMPERATURE (F)
 YESTERDAY
  MAXIMUM         55    143 PM  69    1962  38     17       27
  MINIMUM         25    134 AM  -8    1978  19      6       16
  AVERAGE         40                        28     12       22

PRECIPITATION (IN)
  YESTERDAY        0.00          0.83 1953   0.01  -0.01     0.00
  MONTH TO DATE    0.20                      0.48  -0.28     0.39
  SINCE SEP 1      5.96                      5.10   0.86     5.26
  SINCE JAN 1     18.68                     21.84  -3.16    20.70

SNOWFALL (IN)
  YESTERDAY        0.0
  MONTH TO DATE    0.5
  SINCE OCT 1      0.5
  SINCE JUL 1      0.5
  SNOW DEPTH       0

DEGREE DAYS
 HEATING
  YESTERDAY       25                        37    -12       43
  MONTH TO DATE  705                       627     78      360
  SINCE SEP 1   1343                      1411    -68      945
  SINCE JUL 1   1357                      1454    -97      972

 COOLING
  YESTERDAY        0                         0      0        0
  MONTH TO DATE    0                         0      0        0
  SINCE SEP 1     86                        48     38       44
  SINCE JAN 1    554                       527     27      625
..................................................................


WIND (MPH)
  HIGHEST WIND SPEED    33   HIGHEST WIND DIRECTION    NW (310)
  HIGHEST GUST SPEED    42   HIGHEST GUST DIRECTION    NW (320)
  AVERAGE WIND SPEED    15.0


SKY COVER
  POSSIBLE SUNSHINE  MM
  AVERAGE SKY COVER 0.0


WEATHER CONDITIONS
 THE FOLLOWING WEATHER WAS RECORDED YESTERDAY.
  NO SIGNIFICANT WEATHER WAS OBSERVED.


RELATIVE HUMIDITY (PERCENT)
 HIGHEST    78           300 AM
 LOWEST     28           100 PM
 AVERAGE    53

..........................................................


THE SISSETON SD CLIMATE NORMALS FOR TODAY
                         NORMAL    RECORD    YEAR
 MAXIMUM TEMPERATURE (F)   37        67      2001
 MINIMUM TEMPERATURE (F)   18       -12      1937


SUNRISE AND SUNSET
NOVEMBER 21 2017......SUNRISE   736 AM CST   SUNSET   451 PM CST
NOVEMBER 22 2017......SUNRISE   737 AM CST   SUNSET   451 PM CST


-  INDICATES NEGATIVE NUMBERS.
R  INDICATES RECORD WAS SET OR TIED.
MM INDICATES DATA IS MISSING.
T  INDICATES TRACE AMOUNT.




$$
