000
CDUS43 KABR 012330
CLI8D3


CLIMATE REPORT
NATIONAL WEATHER SERVICE ABERDEEN SD
527 PM CST SUN FEB 1 2015


...................................

...THE SISSETON SD CLIMATE SUMMARY FOR FEBRUARY 1 2015...
VALID TODAY AS OF 0500 PM LOCAL TIME.

CLIMATE NORMAL PERIOD 1981 TO 2010
CLIMATE RECORD PERIOD 1900 TO 2015


WEATHER ITEM   OBSERVED TIME   RECORD YEAR NORMAL DEPARTURE LAST
                VALUE   (LST)  VALUE       VALUE  FROM      YEAR
                                                  NORMAL
..................................................................
TEMPERATURE (F)
 TODAY
  MAXIMUM          8    316 PM  49    1991  24    -16       20
                                      1963
  MINIMUM         -4    925 AM -31    1996   4               0
  AVERAGE          2                        14    -12       10

PRECIPITATION (IN)
  TODAY           MM             0.66 1939   0.01  MM        0.00
  MONTH TO DATE   MM                         0.01  MM        0.00
  SINCE DEC 1      1.07                      0.83   0.24     1.64
  SINCE JAN 1      0.47                      0.44   0.03     0.50

SNOWFALL (IN)
  TODAY           MM
  MONTH TO DATE   MM
  SINCE OCT 1     17.5
  SINCE JUL 1     17.5
  SNOW DEPTH       0

DEGREE DAYS
 HEATING
  TODAY           63                        51     12       55
  MONTH TO DATE   63                        51     12       55
  SINCE DEC 1   2821                      3146   -325     3491
  SINCE JUL 1   4801                      4997   -196     5323
..................................................................


WIND (MPH)
  HIGHEST WIND SPEED    25   HIGHEST WIND DIRECTION     N (10)
  HIGHEST GUST SPEED    32   HIGHEST GUST DIRECTION     N (360)
  AVERAGE WIND SPEED    20.5


SKY COVER
  POSSIBLE SUNSHINE  MM
  AVERAGE SKY COVER 0.0


WEATHER CONDITIONS
 THE FOLLOWING WEATHER WAS RECORDED TODAY.
  NO SIGNIFICANT WEATHER WAS OBSERVED.


RELATIVE HUMIDITY (PERCENT)
 HIGHEST    79           300 AM
 LOWEST     49           400 PM
 AVERAGE    64

..........................................................


THE SISSETON SD CLIMATE NORMALS FOR TOMORROW
                         NORMAL    RECORD    YEAR
 MAXIMUM TEMPERATURE (F)   25        62      1991
 MINIMUM TEMPERATURE (F)    4       -30      1996


SUNRISE AND SUNSET
FEBRUARY  1 2015......SUNRISE   750 AM CST   SUNSET   534 PM CST
FEBRUARY  2 2015......SUNRISE   748 AM CST   SUNSET   535 PM CST


-  INDICATES NEGATIVE NUMBERS.
R  INDICATES RECORD WAS SET OR TIED.
MM INDICATES DATA IS MISSING.
T  INDICATES TRACE AMOUNT.




$$
