000
CDUS43 KABR 301038
CLI8D3


CLIMATE REPORT
NATIONAL WEATHER SERVICE ABERDEEN SD
537 AM CDT FRI SEP 30 2016


...................................

...THE SISSETON SD CLIMATE SUMMARY FOR SEPTEMBER 29 2016...

CLIMATE NORMAL PERIOD 1981 TO 2010
CLIMATE RECORD PERIOD 1900 TO 2016


WEATHER ITEM   OBSERVED TIME   RECORD YEAR NORMAL DEPARTURE LAST
                VALUE   (LST)  VALUE       VALUE  FROM      YEAR
                                                  NORMAL
..................................................................
TEMPERATURE (F)
 YESTERDAY
  MAXIMUM         68    412 PM  92    1933  66      2       70
  MINIMUM         34    632 AM  23    1939  42     -8       35
  AVERAGE         51                        54     -3       53

PRECIPITATION (IN)
  YESTERDAY        0.00          2.50 1995   0.09  -0.09     0.00
  MONTH TO DATE    2.20                      2.46  -0.26     0.34
  SINCE SEP 1      2.20                      2.46  -0.26     0.34
  SINCE JAN 1     17.64                     19.20  -1.56    14.73

DEGREE DAYS
 HEATING
  YESTERDAY       14                        11      3       12
  MONTH TO DATE  108                       191    -83       84
  SINCE SEP 1    108                       191    -83       84
  SINCE JUL 1    135                       234    -99      142

 COOLING
  YESTERDAY        0                         0      0        0
  MONTH TO DATE   44                        44      0      118
  SINCE SEP 1     44                        44      0      118
  SINCE JAN 1    625                       523    102      619
..................................................................


WIND (MPH)
  HIGHEST WIND SPEED    13   HIGHEST WIND DIRECTION    SE (150)
  HIGHEST GUST SPEED    19   HIGHEST GUST DIRECTION     S (180)
  AVERAGE WIND SPEED     4.6


SKY COVER
  POSSIBLE SUNSHINE  MM
  AVERAGE SKY COVER 0.0


WEATHER CONDITIONS
 THE FOLLOWING WEATHER WAS RECORDED YESTERDAY.
  NO SIGNIFICANT WEATHER WAS OBSERVED.


RELATIVE HUMIDITY (PERCENT)
 HIGHEST   100           400 AM
 LOWEST     42           300 PM
 AVERAGE    71

..........................................................


THE SISSETON SD CLIMATE NORMALS FOR TODAY
                         NORMAL    RECORD    YEAR
 MAXIMUM TEMPERATURE (F)   66        90      1976
 MINIMUM TEMPERATURE (F)   41        26      2003
                                             1939


SUNRISE AND SUNSET
SEPTEMBER 30 2016.....SUNRISE   726 AM CDT   SUNSET   709 PM CDT
OCTOBER  1 2016.......SUNRISE   727 AM CDT   SUNSET   707 PM CDT


-  INDICATES NEGATIVE NUMBERS.
R  INDICATES RECORD WAS SET OR TIED.
MM INDICATES DATA IS MISSING.
T  INDICATES TRACE AMOUNT.




$$
