931
CDUS46 KMFR 030836
CLIAAT


CLIMATE REPORT
NATIONAL WEATHER SERVICE MEDFORD, OR
136 AM PDT TUE MAY 3 2016


...................................

...THE ALTURAS CA CLIMATE SUMMARY FOR MAY 2 2016...

CLIMATE NORMAL PERIOD 1981 TO 2010
CLIMATE RECORD PERIOD 1905 TO 2016


WEATHER ITEM   OBSERVED TIME   RECORD YEAR NORMAL DEPARTURE LAST
                VALUE   (LST)  VALUE       VALUE  FROM      YEAR
                                                  NORMAL
..................................................................
TEMPERATURE (F)
 YESTERDAY
  MAXIMUM         69    341 PM  88    1947  63      6       78
  MINIMUM         37    155 AM  20    1964  33      4       36
  AVERAGE         53                        48      5       57

PRECIPITATION (IN)
  YESTERDAY        0.00          0.62 1977   0.05  -0.05     0.00
  MONTH TO DATE    T                         0.10  -0.10     0.00
  SINCE OCT 1     11.64                     10.79   0.85     6.72
  SINCE JAN 1      5.66                      6.28  -0.62     2.21

SNOWFALL (IN)
  YESTERDAY       MM                        MM     MM       MM
  MONTH TO DATE   MM                        MM     MM       MM
  SINCE JUL 1     MM                        MM     MM       MM
  SNOW DEPTH      MM

DEGREE DAYS
 HEATING
  YESTERDAY       12                        17     -5        8
  MONTH TO DATE   25                        34     -9       19
  SINCE MAR 1   1169                      1511   -342     1245
  SINCE JUL 1   5556                      6378   -822     4872

 COOLING
  YESTERDAY        0                         0      0        0
  MONTH TO DATE    0                         0      0        0
  SINCE MAR 1      0                         0      0        0
  SINCE JAN 1      0                         0      0        0
..................................................................


WIND (MPH)
  HIGHEST WIND SPEED    20   HIGHEST WIND DIRECTION     W (270)
  HIGHEST GUST SPEED    24   HIGHEST GUST DIRECTION     W (270)
  AVERAGE WIND SPEED     3.1


SKY COVER
  POSSIBLE SUNSHINE  MM
  AVERAGE SKY COVER 0.5


WEATHER CONDITIONS
 THE FOLLOWING WEATHER WAS RECORDED YESTERDAY.
  NO SIGNIFICANT WEATHER WAS OBSERVED.


RELATIVE HUMIDITY (PERCENT)
 HIGHEST    89          1100 PM
 LOWEST     29           200 PM
 AVERAGE    59

..........................................................


THE ALTURAS CA CLIMATE NORMALS FOR TODAY
                         NORMAL    RECORD    YEAR
 MAXIMUM TEMPERATURE (F)   63        85      1966
 MINIMUM TEMPERATURE (F)   33        22      1996


SUNRISE AND SUNSET
MAY  3 2016...........SUNRISE   556 AM PDT   SUNSET   803 PM PDT
MAY  4 2016...........SUNRISE   555 AM PDT   SUNSET   804 PM PDT


-  INDICATES NEGATIVE NUMBERS.
R  INDICATES RECORD WAS SET OR TIED.
MM INDICATES DATA IS MISSING.
T  INDICATES TRACE AMOUNT.




$$
