000
CDUS46 KMFR 300837
CLIAAT


CLIMATE REPORT
NATIONAL WEATHER SERVICE MEDFORD, OR
137 AM PDT SAT AUG 30 2014


...................................

...THE ALTURAS CA CLIMATE SUMMARY FOR AUGUST 29 2014...

CLIMATE NORMAL PERIOD 1981 TO 2010
CLIMATE RECORD PERIOD 1905 TO 2014


WEATHER ITEM   OBSERVED TIME   RECORD YEAR NORMAL DEPARTURE LAST
                VALUE   (LST)  VALUE       VALUE  FROM      YEAR
                                                  NORMAL
..................................................................
TEMPERATURE (F)
 YESTERDAY
  MAXIMUM         90    220 PM 103    1915  83      7       85
  MINIMUM         47    420 AM  25    1910  40      7       40
  AVERAGE         69                        62      7       63

PRECIPITATION (IN)
  YESTERDAY        0.00          0.45 1979   0.01  -0.01     0.00
  MONTH TO DATE    0.46                      0.33   0.13     0.72
  SINCE SEP 1      7.42                     14.14  -6.72     9.49
  SINCE JAN 1      6.28                      9.11  -2.83     5.15

SNOWFALL (IN)
  YESTERDAY       MM                        MM     MM       MM
  MONTH TO DATE   MM                        MM     MM       MM
  SINCE JUL 1     MM                        MM     MM       MM
  SNOW DEPTH      MM

DEGREE DAYS
 HEATING
  YESTERDAY        0                         4     -4        2
  MONTH TO DATE   11                        61    -50       64
  SINCE JUN 1    106                       282   -176      224
  SINCE JUL 1     17                       102    -85       68

 COOLING
  YESTERDAY        4                         1      3        0
  MONTH TO DATE   95                        54     41       39
  SINCE JUN 1    368                       149    219      255
  SINCE JAN 1    368                       149    219      255
..................................................................


WIND (MPH)
  HIGHEST WIND SPEED    22   HIGHEST WIND DIRECTION    NW (310)
  HIGHEST GUST SPEED    29   HIGHEST GUST DIRECTION     W (260)
  AVERAGE WIND SPEED     5.8


SKY COVER
  POSSIBLE SUNSHINE  MM
  AVERAGE SKY COVER 0.1


WEATHER CONDITIONS
 THE FOLLOWING WEATHER WAS RECORDED YESTERDAY.
  HAZE


RELATIVE HUMIDITY (PERCENT)
 HIGHEST    61           500 AM
 LOWEST     14           400 PM
 AVERAGE    38

..........................................................


THE ALTURAS CA CLIMATE NORMALS FOR TODAY
                         NORMAL    RECORD    YEAR
 MAXIMUM TEMPERATURE (F)   83        98      1950
 MINIMUM TEMPERATURE (F)   40        25      1908


SUNRISE AND SUNSET
AUGUST 30 2014........SUNRISE   626 AM PDT   SUNSET   738 PM PDT
AUGUST 31 2014........SUNRISE   627 AM PDT   SUNSET   737 PM PDT


-  INDICATES NEGATIVE NUMBERS.
R  INDICATES RECORD WAS SET OR TIED.
MM INDICATES DATA IS MISSING.
T  INDICATES TRACE AMOUNT.




$$
