000
CDUS46 KMFR 250038
CLIAAT


CLIMATE REPORT
NATIONAL WEATHER SERVICE MEDFORD, OR
438 PM PST WED DEC 24 2014


...................................

...THE ALTURAS CA CLIMATE SUMMARY FOR DECEMBER 24 2014...
VALID TODAY AS OF 0400 PM LOCAL TIME.

CLIMATE NORMAL PERIOD 1981 TO 2010
CLIMATE RECORD PERIOD 1905 TO 2014


WEATHER ITEM   OBSERVED TIME   RECORD YEAR NORMAL DEPARTURE LAST
                VALUE   (LST)  VALUE       VALUE  FROM      YEAR
                                                  NORMAL
..................................................................
TEMPERATURE (F)
 TODAY
  MAXIMUM         47   1226 PM  61    1950  40      7       48
  MINIMUM         29    253 AM -15    1948  18     11       16
  AVERAGE         38                        29      9       32

PRECIPITATION (IN)
  TODAY            0.11          0.64 1969   0.05   0.06     0.00
  MONTH TO DATE    2.07                      1.33   0.74     0.17
  SINCE SEP 1      4.81                      4.65   0.16     1.14
  SINCE JAN 1     11.09                     13.79  -2.70     6.29

SNOWFALL (IN)
  TODAY           MM                        MM     MM       MM
  MONTH TO DATE   MM                        MM     MM       MM
  SINCE JUL 1     MM                        MM     MM        0.0
  SNOW DEPTH      MM

DEGREE DAYS
 HEATING
  TODAY           27                        36     -9       33
  MONTH TO DATE  587                       847   -260     1032
  SINCE DEC 1    587                       847   -260     1032
  SINCE JUL 1   1878                      2657   -779     2777

 COOLING
  TODAY            0                         0      0        0
  MONTH TO DATE    0                         0      0        0
  SINCE DEC 1      0                         0      0        0
  SINCE JAN 1    380                       156    224      280
..................................................................


WIND (MPH)
  HIGHEST WIND SPEED    30   HIGHEST WIND DIRECTION    NW (300)
  HIGHEST GUST SPEED    45   HIGHEST GUST DIRECTION     W (270)
  AVERAGE WIND SPEED     2.5


SKY COVER
  POSSIBLE SUNSHINE  MM
  AVERAGE SKY COVER 0.4


WEATHER CONDITIONS
 THE FOLLOWING WEATHER WAS RECORDED TODAY.
  RAIN
  LIGHT RAIN
  LIGHT SNOW
  FOG


RELATIVE HUMIDITY (PERCENT)
 HIGHEST   100          1200 AM
 LOWEST     82           500 AM
 AVERAGE    91

..........................................................


THE ALTURAS CA CLIMATE NORMALS FOR TOMORROW
                         NORMAL    RECORD    YEAR
 MAXIMUM TEMPERATURE (F)   40        60      1960
 MINIMUM TEMPERATURE (F)   18       -12      1948


SUNRISE AND SUNSET
DECEMBER 24 2014......SUNRISE   727 AM PST   SUNSET   437 PM PST
DECEMBER 25 2014......SUNRISE   727 AM PST   SUNSET   438 PM PST


-  INDICATES NEGATIVE NUMBERS.
R  INDICATES RECORD WAS SET OR TIED.
MM INDICATES DATA IS MISSING.
T  INDICATES TRACE AMOUNT.




$$
