000
CDUS46 KMFR 280035
CLIAAT


CLIMATE REPORT
NATIONAL WEATHER SERVICE MEDFORD, OR
535 PM PDT THU JUL 27 2017


...................................

...THE ALTURAS CA CLIMATE SUMMARY FOR JULY 27 2017...
VALID TODAY AS OF 0500 PM LOCAL TIME.

CLIMATE NORMAL PERIOD 1981 TO 2010
CLIMATE RECORD PERIOD 1905 TO 2017


WEATHER ITEM   OBSERVED TIME   RECORD YEAR NORMAL DEPARTURE LAST
                VALUE   (LST)  VALUE       VALUE  FROM      YEAR
                                                  NORMAL
..................................................................
TEMPERATURE (F)
 TODAY
  MAXIMUM         89    356 PM 102    1934  90     -1       99
  MINIMUM         49    459 AM  31    1916  45      4       50
  AVERAGE         69                        68      1       75

PRECIPITATION (IN)
  TODAY            0.00          0.20 1956   0.02  -0.02     0.00
  MONTH TO DATE    0.82                      0.28   0.54     0.05
  SINCE OCT 1     15.10                     13.23   1.87    13.42
  SINCE JAN 1     11.35                      8.72   2.63     7.44

SNOWFALL (IN)
  TODAY           MM                        MM     MM       MM
  MONTH TO DATE   MM                        MM     MM       MM
  SINCE JUL 1     MM                        MM     MM       MM
  SNOW DEPTH      MM

DEGREE DAYS
 HEATING
  TODAY            0                         1     -1        0
  MONTH TO DATE    1                        37    -36       40
  SINCE JUN 1    110                       217   -107      158
  SINCE JUL 1      1                        37    -36       40

 COOLING
  TODAY            4                         3      1       10
  MONTH TO DATE  141                        67     74       69
  SINCE JUN 1    223                        78    145      117
  SINCE JAN 1    223                        78    145      117
..................................................................


WIND (MPH)
  HIGHEST WIND SPEED    13   HIGHEST WIND DIRECTION     E (110)
  HIGHEST GUST SPEED    16   HIGHEST GUST DIRECTION    SE (120)
  AVERAGE WIND SPEED     2.7


SKY COVER
  POSSIBLE SUNSHINE  MM
  AVERAGE SKY COVER 0.0


WEATHER CONDITIONS
 THE FOLLOWING WEATHER WAS RECORDED TODAY.
  NO SIGNIFICANT WEATHER WAS OBSERVED.


RELATIVE HUMIDITY (PERCENT)
 HIGHEST   100           500 AM
 LOWEST     20           300 PM
 AVERAGE    60

..........................................................


THE ALTURAS CA CLIMATE NORMALS FOR TOMORROW
                         NORMAL    RECORD    YEAR
 MAXIMUM TEMPERATURE (F)   90       103      1968
 MINIMUM TEMPERATURE (F)   45        32      1965


SUNRISE AND SUNSET
JULY 27 2017..........SUNRISE   553 AM PDT   SUNSET   824 PM PDT
JULY 28 2017..........SUNRISE   553 AM PDT   SUNSET   823 PM PDT


-  INDICATES NEGATIVE NUMBERS.
R  INDICATES RECORD WAS SET OR TIED.
MM INDICATES DATA IS MISSING.
T  INDICATES TRACE AMOUNT.




$$
