000
CDUS46 KMFR 260044
CLIAAT


CLIMATE REPORT
NATIONAL WEATHER SERVICE MEDFORD, OR
544 PM PDT THU MAY 25 2017


...................................

...THE ALTURAS CA CLIMATE SUMMARY FOR MAY 25 2017...
VALID TODAY AS OF 0500 PM LOCAL TIME.

CLIMATE NORMAL PERIOD 1981 TO 2010
CLIMATE RECORD PERIOD 1905 TO 2017


WEATHER ITEM   OBSERVED TIME   RECORD YEAR NORMAL DEPARTURE LAST
                VALUE   (LST)  VALUE       VALUE  FROM      YEAR
                                                  NORMAL
..................................................................
TEMPERATURE (F)
 TODAY
  MAXIMUM         75    335 PM  91    1992  71      4       66
  MINIMUM         37    519 AM  24    1911  37      0       42
  AVERAGE         56                        54      2       54

PRECIPITATION (IN)
  TODAY            0.00          0.21 2011   0.03  -0.03     0.02
  MONTH TO DATE    0.19                      1.11  -0.92     1.17
  SINCE OCT 1     13.12                     11.80   1.32    12.81
  SINCE JAN 1      9.37                      7.29   2.08     6.83

SNOWFALL (IN)
  TODAY           MM                        MM     MM       MM
  MONTH TO DATE   MM                        MM     MM       MM
  SINCE JUL 1     MM                        MM     MM       MM
  SNOW DEPTH      MM

DEGREE DAYS
 HEATING
  TODAY            9                        11     -2       11
  MONTH TO DATE  253                       350    -97      290
  SINCE MAR 1   1549                      1827   -278     1434
  SINCE JUL 1   6211                      6694   -483     5821

 COOLING
  TODAY            0                         0      0        0
  MONTH TO DATE    0                         0      0        0
  SINCE MAR 1      0                         0      0        0
  SINCE JAN 1      0                         0      0        0
..................................................................


WIND (MPH)
  HIGHEST WIND SPEED   224   HIGHEST WIND DIRECTION    MM
  HIGHEST GUST SPEED    29   HIGHEST GUST DIRECTION    NW (310)
  AVERAGE WIND SPEED     5.9


SKY COVER
  POSSIBLE SUNSHINE  MM
  AVERAGE SKY COVER 0.0


WEATHER CONDITIONS
 THE FOLLOWING WEATHER WAS RECORDED TODAY.
  NO SIGNIFICANT WEATHER WAS OBSERVED.


RELATIVE HUMIDITY (PERCENT)
 HIGHEST    76           500 AM
 LOWEST     14           200 PM
 AVERAGE    45

..........................................................


THE ALTURAS CA CLIMATE NORMALS FOR TOMORROW
                         NORMAL    RECORD    YEAR
 MAXIMUM TEMPERATURE (F)   71        92      1966
 MINIMUM TEMPERATURE (F)   38        23      1989


SUNRISE AND SUNSET
MAY 25 2017...........SUNRISE   535 AM PDT   SUNSET   824 PM PDT
MAY 26 2017...........SUNRISE   534 AM PDT   SUNSET   825 PM PDT


-  INDICATES NEGATIVE NUMBERS.
R  INDICATES RECORD WAS SET OR TIED.
MM INDICATES DATA IS MISSING.
T  INDICATES TRACE AMOUNT.




$$
