476
CDUS46 KMFR 250838
CLIAAT


CLIMATE REPORT
NATIONAL WEATHER SERVICE MEDFORD, OR
1238 AM PST SUN FEB 25 2018


...................................

...THE ALTURAS CA CLIMATE SUMMARY FOR FEBRUARY 24 2018...

CLIMATE NORMAL PERIOD 1981 TO 2010
CLIMATE RECORD PERIOD 1905 TO 2018


WEATHER ITEM   OBSERVED TIME   RECORD YEAR NORMAL DEPARTURE LAST
                VALUE   (LST)  VALUE       VALUE  FROM      YEAR
                                                  NORMAL
..................................................................
TEMPERATURE (F)
 YESTERDAY
  MAXIMUM         33    421 PM  67    1995  48    -15       33
  MINIMUM         12   1147 PM  -4    1933  23    -11       13
  AVERAGE         23                        36    -13       23

PRECIPITATION (IN)
  YESTERDAY        0.05          0.82 1972   0.06  -0.01      T
  MONTH TO DATE    0.31                      1.23  -0.92     3.05
  SINCE OCT 1      4.64                      7.39  -2.75    10.06
  SINCE JAN 1      1.64                      2.88  -1.24     6.31

SNOWFALL (IN)
  YESTERDAY       MM                        MM     MM       MM
  MONTH TO DATE   MM                        MM     MM       MM
  SINCE JUL 1     MM                        MM     MM       MM
  SNOW DEPTH      MM

DEGREE DAYS
 HEATING
  YESTERDAY       42                        29     13       42
  MONTH TO DATE  781                       753     28      642
  SINCE DEC 1   2683                      2941   -258     2995
  SINCE JUL 1   4237                      4751   -514     4503

 COOLING
  YESTERDAY        0                         0      0        0
  MONTH TO DATE    0                         0      0        0
  SINCE DEC 1      0                         0      0        0
  SINCE JAN 1      0                         0      0        0
..................................................................


WIND (MPH)
  HIGHEST WIND SPEED    30   HIGHEST WIND DIRECTION    NW (310)
  HIGHEST GUST SPEED    35   HIGHEST GUST DIRECTION    NW (320)
  AVERAGE WIND SPEED     8.3


SKY COVER
  POSSIBLE SUNSHINE  MM
  AVERAGE SKY COVER 0.7


WEATHER CONDITIONS
 THE FOLLOWING WEATHER WAS RECORDED YESTERDAY.
  HEAVY SNOW
  SNOW
  LIGHT SNOW
  FOG
  FOG W/VISIBILITY <= 1/4 MILE
  HAZE


RELATIVE HUMIDITY (PERCENT)
 HIGHEST    92          1200 PM
 LOWEST     58          1000 AM
 AVERAGE    75

..........................................................


THE ALTURAS CA CLIMATE NORMALS FOR TODAY
                         NORMAL    RECORD    YEAR
 MAXIMUM TEMPERATURE (F)   48        69      1986
 MINIMUM TEMPERATURE (F)   23        -6      1933


SUNRISE AND SUNSET
FEBRUARY 25 2018......SUNRISE   643 AM PST   SUNSET   548 PM PST
FEBRUARY 26 2018......SUNRISE   641 AM PST   SUNSET   549 PM PST


-  INDICATES NEGATIVE NUMBERS.
R  INDICATES RECORD WAS SET OR TIED.
MM INDICATES DATA IS MISSING.
T  INDICATES TRACE AMOUNT.




$$
