000
CDUS46 KMFR 230835
CLIAAT


CLIMATE REPORT
NATIONAL WEATHER SERVICE MEDFORD, OR
135 AM PDT SAT SEP 23 2017


...................................

...THE ALTURAS CA CLIMATE SUMMARY FOR SEPTEMBER 22 2017...

CLIMATE NORMAL PERIOD 1981 TO 2010
CLIMATE RECORD PERIOD 1905 TO 2017


WEATHER ITEM   OBSERVED TIME   RECORD YEAR NORMAL DEPARTURE LAST
                VALUE   (LST)  VALUE       VALUE  FROM      YEAR
                                                  NORMAL
..................................................................
TEMPERATURE (F)
 YESTERDAY
  MAXIMUM         55    347 PM  91    2003  76    -21       57
  MINIMUM         25    551 AM  20    1968  33     -8       37
  AVERAGE         40                        54    -14       47

PRECIPITATION (IN)
  YESTERDAY        0.00          0.08 1983   0.02  -0.02    MM
  MONTH TO DATE    0.31                      0.35  -0.04     0.03
  SINCE OCT 1     15.94                     14.00   1.94    13.45
  SINCE JAN 1     12.19                      9.49   2.70     7.47

SNOWFALL (IN)
  YESTERDAY       MM                        MM     MM       MM
  MONTH TO DATE   MM                        MM     MM       MM
  SINCE JUL 1     MM                        MM     MM       MM
  SNOW DEPTH      MM

DEGREE DAYS
 HEATING
  YESTERDAY       25                        11     14       18
  MONTH TO DATE  130                       168    -38      166
  SINCE SEP 1    130                       168    -38      166
  SINCE JUL 1    131                       279   -148      223

 COOLING
  YESTERDAY        0                         0      0        0
  MONTH TO DATE   75                         3     72        0
  SINCE SEP 1     75                         3     72        0
  SINCE JAN 1    516                       154    362      254
..................................................................


WIND (MPH)
  HIGHEST WIND SPEED    13   HIGHEST WIND DIRECTION     N (340)
  HIGHEST GUST SPEED    17   HIGHEST GUST DIRECTION     N (20)
  AVERAGE WIND SPEED     2.8


SKY COVER
  POSSIBLE SUNSHINE  MM
  AVERAGE SKY COVER 0.5


WEATHER CONDITIONS
 THE FOLLOWING WEATHER WAS RECORDED YESTERDAY.
  FOG
  FOG W/VISIBILITY <= 1/4 MILE
  HAZE


RELATIVE HUMIDITY (PERCENT)
 HIGHEST   100           200 AM
 LOWEST     33           500 PM
 AVERAGE    67

..........................................................


THE ALTURAS CA CLIMATE NORMALS FOR TODAY
                         NORMAL    RECORD    YEAR
 MAXIMUM TEMPERATURE (F)   75        93      1987
                                             1949
 MINIMUM TEMPERATURE (F)   33        23      1993


SUNRISE AND SUNSET
SEPTEMBER 23 2017.....SUNRISE   651 AM PDT   SUNSET   657 PM PDT
SEPTEMBER 24 2017.....SUNRISE   652 AM PDT   SUNSET   655 PM PDT


-  INDICATES NEGATIVE NUMBERS.
R  INDICATES RECORD WAS SET OR TIED.
MM INDICATES DATA IS MISSING.
T  INDICATES TRACE AMOUNT.




$$
