000
CDUS41 KPHI 042144
CLIABE


CLIMATE REPORT
NATIONAL WEATHER SERVICE MOUNT HOLLY NJ
544 PM EDT SAT JUL 4 2015


...................................

...THE ALLENTOWN PA CLIMATE SUMMARY FOR JULY 4 2015...
VALID TODAY AS OF 0500 PM LOCAL TIME.

CLIMATE NORMAL PERIOD 1981 TO 2010
CLIMATE RECORD PERIOD 1922 TO 2015


WEATHER ITEM   OBSERVED TIME   RECORD YEAR NORMAL DEPARTURE LAST
                VALUE   (LST)  VALUE       VALUE  FROM      YEAR
                                                  NORMAL
..................................................................
TEMPERATURE (F)
 TODAY
  MAXIMUM         75    233 PM 102    1949  84     -9       74
  MINIMUM         66   1121 AM  46    1933  62      4       61
  AVERAGE         71                        73     -2       68

PRECIPITATION (IN)
  TODAY            0.14          1.94 2007   0.15  -0.01     0.41
  MONTH TO DATE    0.47                      0.61  -0.14     0.90
  SINCE JUN 1      8.06                      4.92   3.14     6.30
  SINCE JAN 1     19.67                     21.74  -2.07    28.60

SNOWFALL (IN)
  TODAY            0.0           0.0  2002   0.0    0.0      0.0
                                      2001
  MONTH TO DATE    0.0                       0.0    0.0      0.0
  SINCE JUN 1      0.0                       0.0    0.0      0.0
  SINCE JUL 1      0.0                       0.0    0.0      0.0
  SNOW DEPTH       0

DEGREE DAYS
 HEATING
  TODAY            0                         0      0        0
  MONTH TO DATE    0                         0      0        0
  SINCE JUN 1     21                        33    -12        4
  SINCE JUL 1      0                         0      0        0

 COOLING
  TODAY            6                         8     -2        3
  MONTH TO DATE   24                        32     -8       52
  SINCE JUN 1    223                       187     36      234
  SINCE JAN 1    356                       232    124      273
..................................................................


WIND (MPH)
  HIGHEST WIND SPEED    14   HIGHEST WIND DIRECTION     E (80)
  HIGHEST GUST SPEED    28   HIGHEST GUST DIRECTION     S (200)
  AVERAGE WIND SPEED     5.1


SKY COVER
  POSSIBLE SUNSHINE  MM
  AVERAGE SKY COVER 0.8


WEATHER CONDITIONS
 THE FOLLOWING WEATHER WAS RECORDED TODAY.
  LIGHT RAIN
  FOG
  HAZE


RELATIVE HUMIDITY (PERCENT)
 HIGHEST    87           800 AM
 LOWEST     61           300 PM
 AVERAGE    74

..........................................................


THE ALLENTOWN PA CLIMATE NORMALS FOR TOMORROW
                         NORMAL    RECORD    YEAR
 MAXIMUM TEMPERATURE (F)   84        98      2010
                                             1999
                                             1955
 MINIMUM TEMPERATURE (F)   62        50      1968
                                             1922


SUNRISE AND SUNSET
JULY  4 2015..........SUNRISE   536 AM EDT   SUNSET   836 PM EDT
JULY  5 2015..........SUNRISE   537 AM EDT   SUNSET   836 PM EDT


-  INDICATES NEGATIVE NUMBERS.
R  INDICATES RECORD WAS SET OR TIED.
MM INDICATES DATA IS MISSING.
T  INDICATES TRACE AMOUNT.




$$
