000
CDUS41 KPHI 280637
CLIABE


CLIMATE REPORT
NATIONAL WEATHER SERVICE MOUNT HOLLY NJ
136 AM EST FRI NOV 28 2014


...................................

...THE ALLENTOWN PA CLIMATE SUMMARY FOR NOVEMBER 27 2014...

CLIMATE NORMAL PERIOD 1981 TO 2010
CLIMATE RECORD PERIOD 1922 TO 2014


WEATHER ITEM   OBSERVED TIME   RECORD YEAR NORMAL DEPARTURE LAST
                VALUE   (LST)  VALUE       VALUE  FROM      YEAR
                                                  NORMAL
..................................................................
TEMPERATURE (F)
 YESTERDAY
  MAXIMUM         37    231 PM  62    1988  48    -11       48
                                      1959
  MINIMUM         24   1019 PM  12    1932  30     -6       30
  AVERAGE         31                        39     -8       39

PRECIPITATION (IN)
  YESTERDAY        0.05          1.43 1944   0.13  -0.08     1.07
  MONTH TO DATE    3.12                      3.10   0.02     2.58
  SINCE SEP 1      7.08                     11.60  -4.52     7.07
  SINCE JAN 1     41.07                     41.37  -0.30    41.91

SNOWFALL (IN)
  YESTERDAY        0.3           7.0  1938   0.0    0.3       T
  MONTH TO DATE    5.7                       0.5    5.2       T
  SINCE SEP 1      5.7                       0.5    5.2       T
  SINCE JUL 1      5.7                       0.5    5.2       T
  SNOW DEPTH       3

DEGREE DAYS
 HEATING
  YESTERDAY       34                        26      8       26
  MONTH TO DATE  654                       587     67      619
  SINCE SEP 1   1019                      1087    -68     1047
  SINCE JUL 1   1023                      1098    -75     1051

 COOLING
  YESTERDAY        0                         0      0        0
  MONTH TO DATE    0                         0      0        0
  SINCE SEP 1    120                        78     42      102
  SINCE JAN 1    807                       757     50      927
..................................................................


WIND (MPH)
  HIGHEST WIND SPEED    13   HIGHEST WIND DIRECTION    NW (330)
  HIGHEST GUST SPEED    17   HIGHEST GUST DIRECTION    NW (310)
  AVERAGE WIND SPEED     5.9


SKY COVER
  POSSIBLE SUNSHINE  MM
  AVERAGE SKY COVER 0.7


WEATHER CONDITIONS
 THE FOLLOWING WEATHER WAS RECORDED YESTERDAY.
  LIGHT SNOW
  FOG


RELATIVE HUMIDITY (PERCENT)
 HIGHEST    84          1100 PM
 LOWEST     64           100 PM
 AVERAGE    74

..........................................................


THE ALLENTOWN PA CLIMATE NORMALS FOR TODAY
                         NORMAL    RECORD    YEAR
 MAXIMUM TEMPERATURE (F)   47        70      1990
 MINIMUM TEMPERATURE (F)   29        12      1930


SUNRISE AND SUNSET
NOVEMBER 28 2014......SUNRISE   703 AM EST   SUNSET   436 PM EST
NOVEMBER 29 2014......SUNRISE   704 AM EST   SUNSET   436 PM EST


-  INDICATES NEGATIVE NUMBERS.
R  INDICATES RECORD WAS SET OR TIED.
MM INDICATES DATA IS MISSING.
T  INDICATES TRACE AMOUNT.




$$
