000
CDUS41 KPHI 210631
CLIABE


CLIMATE REPORT
NATIONAL WEATHER SERVICE MOUNT HOLLY NJ
230 AM EDT THU AUG 21 2014


...................................

...THE ALLENTOWN PA CLIMATE SUMMARY FOR AUGUST 20 2014...

CLIMATE NORMAL PERIOD 1981 TO 2010
CLIMATE RECORD PERIOD 1922 TO 2014


WEATHER ITEM   OBSERVED TIME   RECORD YEAR NORMAL DEPARTURE LAST
                VALUE   (LST)  VALUE       VALUE  FROM      YEAR
                                                  NORMAL
..................................................................
TEMPERATURE (F)
 YESTERDAY
  MAXIMUM         85    312 PM  96    1983  82      3       86
  MINIMUM         64    434 AM  46    1944  61      3       60
  AVERAGE         75                        71      4       73

PRECIPITATION (IN)
  YESTERDAY        0.01          1.80 1997   0.11  -0.10     0.00
  MONTH TO DATE    0.97                      2.53  -1.56     5.99
  SINCE JUN 1     10.69                     11.79  -1.10    16.99
  SINCE JAN 1     32.99                     28.61   4.38    30.54

SNOWFALL (IN)
  YESTERDAY        0.0           0.0  2002   0.0    0.0      0.0
                                      2001
  MONTH TO DATE    0.0                       0.0    0.0      0.0
  SINCE JUN 1      0.0                       0.0    0.0      0.0
  SINCE JUL 1      0.0                       0.0    0.0      0.0
  SNOW DEPTH       0

DEGREE DAYS
 HEATING
  YESTERDAY        0                         0      0        0
  MONTH TO DATE    4                         0      4        4
  SINCE JUN 1      8                        36    -28       13
  SINCE JUL 1      4                         3      1        4

 COOLING
  YESTERDAY       10                         7      3        8
  MONTH TO DATE  118                       152    -34       98
  SINCE JUN 1    579                       572      7      669
  SINCE JAN 1    618                       617      1      741
..................................................................


WIND (MPH)
  HIGHEST WIND SPEED    12   HIGHEST WIND DIRECTION     S (200)
  HIGHEST GUST SPEED    17   HIGHEST GUST DIRECTION    SE (140)
  AVERAGE WIND SPEED     4.4


SKY COVER
  POSSIBLE SUNSHINE  MM
  AVERAGE SKY COVER 0.7


WEATHER CONDITIONS
 THE FOLLOWING WEATHER WAS RECORDED YESTERDAY.
  LIGHT RAIN


RELATIVE HUMIDITY (PERCENT)
 HIGHEST    87           400 AM
 LOWEST     51           100 PM
 AVERAGE    69

..........................................................


THE ALLENTOWN PA CLIMATE NORMALS FOR TODAY
                         NORMAL    RECORD    YEAR
 MAXIMUM TEMPERATURE (F)   82        95      1937
 MINIMUM TEMPERATURE (F)   60        45      2000


SUNRISE AND SUNSET
AUGUST 21 2014........SUNRISE   618 AM EDT   SUNSET   751 PM EDT
AUGUST 22 2014........SUNRISE   619 AM EDT   SUNSET   749 PM EDT


-  INDICATES NEGATIVE NUMBERS.
R  INDICATES RECORD WAS SET OR TIED.
MM INDICATES DATA IS MISSING.
T  INDICATES TRACE AMOUNT.




$$
