000
CDUS41 KPHI 232130
CLIABE


CLIMATE REPORT
NATIONAL WEATHER SERVICE MOUNT HOLLY NJ
528 PM EDT SAT JUL 23 2016


...................................

...THE ALLENTOWN PA CLIMATE SUMMARY FOR JULY 23 2016...
VALID TODAY AS OF 0500 PM LOCAL TIME.

CLIMATE NORMAL PERIOD 1981 TO 2010
CLIMATE RECORD PERIOD 1922 TO 2016


WEATHER ITEM   OBSERVED TIME   RECORD YEAR NORMAL DEPARTURE LAST
                VALUE   (LST)  VALUE       VALUE  FROM      YEAR
                                                  NORMAL
..................................................................
TEMPERATURE (F)
 TODAY
  MAXIMUM         96    348 PM  99    1955  84     12       82
  MINIMUM         70    347 AM  51    1939  63      7       57
  AVERAGE         83                        74      9       70

PRECIPITATION (IN)
  TODAY            0.00          2.30 1953   0.16  -0.16     0.00
  MONTH TO DATE    2.09                      3.68  -1.59     3.69
  SINCE JUN 1      3.96                      7.99  -4.03    11.28
  SINCE JAN 1     19.79                     24.81  -5.02    22.89

SNOWFALL (IN)
  TODAY            0.0           0.0  2002   0.0    0.0      0.0
                                      2001
  MONTH TO DATE    0.0                       0.0    0.0      0.0
  SINCE JUN 1      0.0                       0.0    0.0      0.0
  SINCE JUL 1      0.0                       0.0    0.0      0.0
  SNOW DEPTH       0

DEGREE DAYS
 HEATING
  TODAY            0                         0      0        0
  MONTH TO DATE    0                         0      0        0
  SINCE JUN 1      9                        33    -24       21
  SINCE JUL 1      0                         0      0        0

 COOLING
  TODAY           18                         9      9        5
  MONTH TO DATE  263                       199     64      216
  SINCE JUN 1    461                       354    107      415
  SINCE JAN 1    548                       399    149      548
..................................................................


WIND (MPH)
  HIGHEST WIND SPEED    20   HIGHEST WIND DIRECTION     W (290)
  HIGHEST GUST SPEED    29   HIGHEST GUST DIRECTION     W (280)
  AVERAGE WIND SPEED     6.8


SKY COVER
  POSSIBLE SUNSHINE  MM
  AVERAGE SKY COVER 0.0


WEATHER CONDITIONS
 THE FOLLOWING WEATHER WAS RECORDED TODAY.
  NO SIGNIFICANT WEATHER WAS OBSERVED.


RELATIVE HUMIDITY (PERCENT)
 HIGHEST    84           400 AM
 LOWEST     24           200 PM
 AVERAGE    54

..........................................................


THE ALLENTOWN PA CLIMATE NORMALS FOR TOMORROW
                         NORMAL    RECORD    YEAR
 MAXIMUM TEMPERATURE (F)   84        95      1999
 MINIMUM TEMPERATURE (F)   63        51      1947


SUNRISE AND SUNSET
JULY 23 2016..........SUNRISE   551 AM EDT   SUNSET   825 PM EDT
JULY 24 2016..........SUNRISE   552 AM EDT   SUNSET   824 PM EDT


-  INDICATES NEGATIVE NUMBERS.
R  INDICATES RECORD WAS SET OR TIED.
MM INDICATES DATA IS MISSING.
T  INDICATES TRACE AMOUNT.




$$
