000
CDUS41 KPHI 282127
CLIABE


CLIMATE REPORT
NATIONAL WEATHER SERVICE MOUNT HOLLY NJ
527 PM EDT SAT MAY 28 2016


...................................

...THE ALLENTOWN PA CLIMATE SUMMARY FOR MAY 28 2016...
VALID TODAY AS OF 0500 PM LOCAL TIME.

CLIMATE NORMAL PERIOD 1981 TO 2010
CLIMATE RECORD PERIOD 1922 TO 2016


WEATHER ITEM   OBSERVED TIME   RECORD YEAR NORMAL DEPARTURE LAST
                VALUE   (LST)  VALUE       VALUE  FROM      YEAR
                                                  NORMAL
..................................................................
TEMPERATURE (F)
 TODAY
  MAXIMUM         92    341 PM  93    1941  75     17       88
  MINIMUM         67    439 AM  38    1997  52     15       63
  AVERAGE         80                        64     16       76

PRECIPITATION (IN)
  TODAY            0.00          1.97 1982   0.14  -0.14     0.00
  MONTH TO DATE    3.26                      3.70  -0.44     0.22
  SINCE MAR 1      6.01                     10.65  -4.64     6.46
  SINCE JAN 1     15.04                     16.38  -1.34    11.01

SNOWFALL (IN)
  TODAY            0.0           0.0    MM   0.0    0.0      0.0
  MONTH TO DATE    0.0                       0.0    0.0      0.0
  SINCE MAR 1      0.3                       5.9   -5.6     17.8
  SINCE JUL 1     36.2                      32.9    3.3     50.1
  SNOW DEPTH       0

DEGREE DAYS
 HEATING
  TODAY            0                         4     -4        0
  MONTH TO DATE  194                       189      5       81
  SINCE MAR 1   1199                      1450   -251     1447
  SINCE JUL 1   4656                      5759  -1103     5928

 COOLING
  TODAY           15                         2     13       11
  MONTH TO DATE   44                        30     14      102
  SINCE MAR 1     53                        35     18      102
  SINCE JAN 1     53                        35     18      102
..................................................................


WIND (MPH)
  HIGHEST WIND SPEED    16   HIGHEST WIND DIRECTION     S (200)
  HIGHEST GUST SPEED    22   HIGHEST GUST DIRECTION     S (180)
  AVERAGE WIND SPEED     6.3


SKY COVER
  POSSIBLE SUNSHINE  MM
  AVERAGE SKY COVER 0.1


WEATHER CONDITIONS
 THE FOLLOWING WEATHER WAS RECORDED TODAY.
  NO SIGNIFICANT WEATHER WAS OBSERVED.


RELATIVE HUMIDITY (PERCENT)
 HIGHEST    84           300 AM
 LOWEST     44           400 PM
 AVERAGE    64

..........................................................


THE ALLENTOWN PA CLIMATE NORMALS FOR TOMORROW
                         NORMAL    RECORD    YEAR
 MAXIMUM TEMPERATURE (F)   75        95      1969
 MINIMUM TEMPERATURE (F)   53        38      1949


SUNRISE AND SUNSET
MAY 28 2016...........SUNRISE   535 AM EDT   SUNSET   824 PM EDT
MAY 29 2016...........SUNRISE   534 AM EDT   SUNSET   825 PM EDT


-  INDICATES NEGATIVE NUMBERS.
R  INDICATES RECORD WAS SET OR TIED.
MM INDICATES DATA IS MISSING.
T  INDICATES TRACE AMOUNT.




$$
