977
CDUS41 KPHI 120629
CLIABE


CLIMATE REPORT
NATIONAL WEATHER SERVICE MOUNT HOLLY NJ
128 AM EST FRI FEB 12 2016


...................................

...THE ALLENTOWN PA CLIMATE SUMMARY FOR FEBRUARY 11 2016...

CLIMATE NORMAL PERIOD 1981 TO 2010
CLIMATE RECORD PERIOD 1922 TO 2016


WEATHER ITEM   OBSERVED TIME   RECORD YEAR NORMAL DEPARTURE LAST
                VALUE   (LST)  VALUE       VALUE  FROM      YEAR
                                                  NORMAL
..................................................................
TEMPERATURE (F)
 YESTERDAY
  MAXIMUM         25   1239 AM  64    2009  39    -14       35
  MINIMUM         17   1145 PM  -6    1962  21     -4       14
  AVERAGE         21                        30     -9       25

PRECIPITATION (IN)
  YESTERDAY        T             1.40 1983   0.10  -0.10     0.00
  MONTH TO DATE    1.12                      1.08   0.04     1.05
  SINCE DEC 1      8.49                      7.69   0.80     7.42
  SINCE JAN 1      4.29                      4.11   0.18     3.77

SNOWFALL (IN)
  YESTERDAY        T            24.0  1983   0.4   -0.4      0.0
  MONTH TO DATE    2.4                       4.5   -2.1      4.4
  SINCE DEC 1     34.7                      19.7   15.0     17.8
  SINCE JUL 1     34.7                      20.4   14.3     23.5
  SNOW DEPTH       0

DEGREE DAYS
 HEATING
  YESTERDAY       44                        35      9       40
  MONTH TO DATE  328                       395    -67      449
  SINCE DEC 1   2015                      2565   -550     2511
  SINCE JUL 1   2897                      3745   -848     3646

 COOLING
  YESTERDAY        0                         0      0        0
  MONTH TO DATE    0                         0      0        0
  SINCE DEC 1      0                         0      0        0
  SINCE JAN 1      0                         0      0        0
..................................................................


WIND (MPH)
  HIGHEST WIND SPEED    26   HIGHEST WIND DIRECTION     W (250)
  HIGHEST GUST SPEED    36   HIGHEST GUST DIRECTION     W (290)
  AVERAGE WIND SPEED    12.6


SKY COVER
  POSSIBLE SUNSHINE  MM
  AVERAGE SKY COVER 0.4


WEATHER CONDITIONS
 THE FOLLOWING WEATHER WAS RECORDED YESTERDAY.
  LIGHT SNOW
  FOG


RELATIVE HUMIDITY (PERCENT)
 HIGHEST    65           200 AM
 LOWEST     39           100 PM
 AVERAGE    52

..........................................................


THE ALLENTOWN PA CLIMATE NORMALS FOR TODAY
                         NORMAL    RECORD    YEAR
 MAXIMUM TEMPERATURE (F)   39        68      1999
 MINIMUM TEMPERATURE (F)   21        -6      1979


SUNRISE AND SUNSET
FEBRUARY 12 2016......SUNRISE   700 AM EST   SUNSET   532 PM EST
FEBRUARY 13 2016......SUNRISE   659 AM EST   SUNSET   534 PM EST


-  INDICATES NEGATIVE NUMBERS.
R  INDICATES RECORD WAS SET OR TIED.
MM INDICATES DATA IS MISSING.
T  INDICATES TRACE AMOUNT.




$$
