000
CDUS41 KPHI 290629
CLIABE


CLIMATE REPORT
NATIONAL WEATHER SERVICE MOUNT HOLLY NJ
227 AM EDT THU SEP 29 2016


...................................

...THE ALLENTOWN PA CLIMATE SUMMARY FOR SEPTEMBER 28 2016...

CLIMATE NORMAL PERIOD 1981 TO 2010
CLIMATE RECORD PERIOD 1922 TO 2016


WEATHER ITEM   OBSERVED TIME   RECORD YEAR NORMAL DEPARTURE LAST
                VALUE   (LST)  VALUE       VALUE  FROM      YEAR
                                                  NORMAL
..................................................................
TEMPERATURE (F)
 YESTERDAY
  MAXIMUM         71    145 PM  85    1941  70      1       81
  MINIMUM         46    552 AM  30    1947  48     -2       63
  AVERAGE         59                        59      0       72

PRECIPITATION (IN)
  YESTERDAY        0.01          3.83 2008   0.18  -0.17      T
  MONTH TO DATE    1.40                      4.27  -2.87     2.41
  SINCE SEP 1      1.40                      4.27  -2.87     2.41
  SINCE JAN 1     27.81                     34.04  -6.23    29.60

SNOWFALL (IN)
  YESTERDAY        0.0           0.0  2002   0.0    0.0      0.0
                                      2001
  MONTH TO DATE    0.0                       0.0    0.0      0.0
  SINCE SEP 1      0.0                       0.0    0.0      0.0
  SINCE JUL 1      0.0                       0.0    0.0      0.0
  SNOW DEPTH       0

DEGREE DAYS
 HEATING
  YESTERDAY        6                         7     -1        0
  MONTH TO DATE   28                        89    -61       22
  SINCE SEP 1     28                        89    -61       22
  SINCE JUL 1     28                       100    -72       22

 COOLING
  YESTERDAY        0                         1     -1        7
  MONTH TO DATE  176                        70    106      155
  SINCE SEP 1    176                        70    106      155
  SINCE JAN 1   1208                       749    459     1042
..................................................................


WIND (MPH)
  HIGHEST WIND SPEED    22   HIGHEST WIND DIRECTION     E (80)
  HIGHEST GUST SPEED    26   HIGHEST GUST DIRECTION     E (80)
  AVERAGE WIND SPEED     8.8


SKY COVER
  POSSIBLE SUNSHINE  MM
  AVERAGE SKY COVER 0.5


WEATHER CONDITIONS
 THE FOLLOWING WEATHER WAS RECORDED YESTERDAY.
  LIGHT RAIN


RELATIVE HUMIDITY (PERCENT)
 HIGHEST    93           300 AM
 LOWEST     61          1200 PM
 AVERAGE    77

..........................................................


THE ALLENTOWN PA CLIMATE NORMALS FOR TODAY
                         NORMAL    RECORD    YEAR
 MAXIMUM TEMPERATURE (F)   70        86      1945
                                             1929
 MINIMUM TEMPERATURE (F)   47        32      2000


SUNRISE AND SUNSET
SEPTEMBER 29 2016.....SUNRISE   657 AM EDT   SUNSET   646 PM EDT
SEPTEMBER 30 2016.....SUNRISE   658 AM EDT   SUNSET   645 PM EDT


-  INDICATES NEGATIVE NUMBERS.
R  INDICATES RECORD WAS SET OR TIED.
MM INDICATES DATA IS MISSING.
T  INDICATES TRACE AMOUNT.




$$
