000
CDUS41 KPHI 170627
CLIABE


CLIMATE REPORT
NATIONAL WEATHER SERVICE MOUNT HOLLY NJ
127 AM EST TUE JAN 17 2017


...................................

...THE ALLENTOWN PA CLIMATE SUMMARY FOR JANUARY 16 2017...

CLIMATE NORMAL PERIOD 1981 TO 2010
CLIMATE RECORD PERIOD 1922 TO 2017


WEATHER ITEM   OBSERVED TIME   RECORD YEAR NORMAL DEPARTURE LAST
                VALUE   (LST)  VALUE       VALUE  FROM      YEAR
                                                  NORMAL
..................................................................
TEMPERATURE (F)
 YESTERDAY
  MAXIMUM         41    335 PM  62    1995  36      5       50
  MINIMUM         13    605 AM   0    2004  19     -6       37
                                      1994
  AVERAGE         27                        27      0       44

PRECIPITATION (IN)
  YESTERDAY        0.00          0.85 1945   0.10  -0.10     0.15
  MONTH TO DATE    1.82                      1.54   0.28     1.41
  SINCE DEC 1      4.25                      5.12  -0.87     5.61
  SINCE JAN 1      1.82                      1.54   0.28     1.41

SNOWFALL (IN)
  YESTERDAY        0.0           9.9  1945   0.3   -0.3      0.0
  MONTH TO DATE    2.1                       4.9   -2.8      0.3
  SINCE DEC 1      2.8                      10.1   -7.3      0.3
  SINCE JUL 1      2.8                      10.8   -8.0      0.3
  SNOW DEPTH       0

DEGREE DAYS
 HEATING
  YESTERDAY       38                        38      0       21
  MONTH TO DATE  532                       596    -64      528
  SINCE DEC 1   1482                      1611   -129     1114
  SINCE JUL 1   2387                      2791   -404     1996

 COOLING
  YESTERDAY        0                         0      0        0
  MONTH TO DATE    0                         0      0        0
  SINCE DEC 1      0                         0      0        0
  SINCE JAN 1      0                         0      0        0
..................................................................


WIND (MPH)
  HIGHEST WIND SPEED    13   HIGHEST WIND DIRECTION     W (250)
  HIGHEST GUST SPEED    16   HIGHEST GUST DIRECTION    SW (240)
  AVERAGE WIND SPEED     2.9


SKY COVER
  POSSIBLE SUNSHINE  MM
  AVERAGE SKY COVER 0.4


WEATHER CONDITIONS
 THE FOLLOWING WEATHER WAS RECORDED YESTERDAY.
  FOG
  HAZE


RELATIVE HUMIDITY (PERCENT)
 HIGHEST    91           900 AM
 LOWEST     48           100 PM
 AVERAGE    70

..........................................................


THE ALLENTOWN PA CLIMATE NORMALS FOR TODAY
                         NORMAL    RECORD    YEAR
 MAXIMUM TEMPERATURE (F)   36        61      1990
 MINIMUM TEMPERATURE (F)   19        -8      1982


SUNRISE AND SUNSET
JANUARY 17 2017.......SUNRISE   722 AM EST   SUNSET   502 PM EST
JANUARY 18 2017.......SUNRISE   722 AM EST   SUNSET   503 PM EST


-  INDICATES NEGATIVE NUMBERS.
R  INDICATES RECORD WAS SET OR TIED.
MM INDICATES DATA IS MISSING.
T  INDICATES TRACE AMOUNT.




$$
