000
CDUS41 KPHI 230628
CLIABE


CLIMATE REPORT
NATIONAL WEATHER SERVICE MOUNT HOLLY NJ
228 AM EDT WED APR 23 2014


...................................

...THE ALLENTOWN PA CLIMATE SUMMARY FOR APRIL 22 2014...

CLIMATE NORMAL PERIOD 1981 TO 2010
CLIMATE RECORD PERIOD 1922 TO 2014


WEATHER ITEM   OBSERVED TIME   RECORD YEAR NORMAL DEPARTURE LAST
                VALUE   (LST)  VALUE       VALUE  FROM      YEAR
                                                  NORMAL
..................................................................
TEMPERATURE (F)
 YESTERDAY
  MAXIMUM         71   1145 AM  92    1985  64      7       56
  MINIMUM         43    459 AM  28    1981  41      2       31
  AVERAGE         57                        52      5       44

PRECIPITATION (IN)
  YESTERDAY        0.01          1.66 2012   0.11  -0.10     0.00
  MONTH TO DATE    2.63                      2.62   0.01     2.72
  SINCE MAR 1      5.07                      6.01  -0.94     5.01
  SINCE JAN 1     14.06                     11.74   2.32    11.07

SNOWFALL (IN)
  YESTERDAY        0.0           T    1986   0.0    0.0      0.0
  MONTH TO DATE    0.3                       0.9   -0.6      0.0
  SINCE MAR 1      1.4                       5.8   -4.4      4.5
  SINCE JUL 1     68.1                      32.8   35.3     21.4
  SNOW DEPTH       0

DEGREE DAYS
 HEATING
  YESTERDAY        8                        13     -5       21
  MONTH TO DATE  345                       364    -19      322
  SINCE MAR 1   1307                      1167    140     1155
  SINCE JUL 1   5905                      5476    429     5110

 COOLING
  YESTERDAY        0                         0      0        0
  MONTH TO DATE    7                         0      7        8
  SINCE MAR 1      7                         0      7        8
  SINCE JAN 1      7                         0      7        8
..................................................................


WIND (MPH)
  HIGHEST WIND SPEED    18   HIGHEST WIND DIRECTION     W (280)
  HIGHEST GUST SPEED    25   HIGHEST GUST DIRECTION     W (270)
  AVERAGE WIND SPEED     5.8


SKY COVER
  POSSIBLE SUNSHINE  MM
  AVERAGE SKY COVER 0.1


WEATHER CONDITIONS
 THE FOLLOWING WEATHER WAS RECORDED YESTERDAY.
  LIGHT RAIN
  HAZE


RELATIVE HUMIDITY (PERCENT)
 HIGHEST    80           900 PM
 LOWEST     48          1100 AM
 AVERAGE    64

..........................................................


THE ALLENTOWN PA CLIMATE NORMALS FOR TODAY
                         NORMAL    RECORD    YEAR
 MAXIMUM TEMPERATURE (F)   64        89      1960
 MINIMUM TEMPERATURE (F)   41        28      1945
                                             1936
                                             1933


SUNRISE AND SUNSET
APRIL 23 2014.........SUNRISE   611 AM EDT   SUNSET   749 PM EDT
APRIL 24 2014.........SUNRISE   610 AM EDT   SUNSET   750 PM EDT


-  INDICATES NEGATIVE NUMBERS.
R  INDICATES RECORD WAS SET OR TIED.
MM INDICATES DATA IS MISSING.
T  INDICATES TRACE AMOUNT.




$$
