000
CDUS41 KPHI 210604
CLIABE


CLIMATE REPORT
NATIONAL WEATHER SERVICE MOUNT HOLLY NJ
102 AM EST WED FEB 21 2018


...................................

...THE ALLENTOWN PA CLIMATE SUMMARY FOR FEBRUARY 20 2018...

CLIMATE NORMAL PERIOD 1981 TO 2010
CLIMATE RECORD PERIOD 1922 TO 2018


WEATHER ITEM   OBSERVED TIME   RECORD YEAR NORMAL DEPARTURE LAST
                VALUE   (LST)  VALUE       VALUE  FROM      YEAR
                                                  NORMAL
..................................................................
TEMPERATURE (F)
 YESTERDAY
  MAXIMUM         65    455 PM  68    1930  41     24       56
  MINIMUM         37    407 AM  -2    1936  23     14       32
  AVERAGE         51                        32     19       44

PRECIPITATION (IN)
  YESTERDAY        0.00          1.71 1924   0.09  -0.09     0.00
  MONTH TO DATE    3.97                      1.92   2.05     1.20
  SINCE DEC 1      9.02                      8.53   0.49     7.02
  SINCE JAN 1      7.14                      4.95   2.19     4.59

SNOWFALL (IN)
  YESTERDAY        0.0          17.0  1921   0.4   -0.4      0.0
  MONTH TO DATE    9.4                       8.3    1.1      7.1
  SINCE DEC 1     25.3                      23.5    1.8     10.0
  SINCE JUL 1     25.3                      24.2    1.1     10.0
  SNOW DEPTH       0

DEGREE DAYS
 HEATING
  YESTERDAY       14                        33    -19       21
  MONTH TO DATE  599                       702   -103      580
  SINCE DEC 1   2757                      2872   -115     2460
  SINCE JUL 1   3670                      4052   -382     3365

 COOLING
  YESTERDAY        0                         0      0        0
  MONTH TO DATE    0                         0      0        0
  SINCE DEC 1      0                         0      0        0
  SINCE JAN 1      0                         0      0        0
..................................................................


WIND (MPH)
  HIGHEST WIND SPEED     8   HIGHEST WIND DIRECTION     W (280)
  HIGHEST GUST SPEED     9   HIGHEST GUST DIRECTION    NW (310)
  AVERAGE WIND SPEED     1.5


SKY COVER
  POSSIBLE SUNSHINE  MM
  AVERAGE SKY COVER 0.6


WEATHER CONDITIONS
 THE FOLLOWING WEATHER WAS RECORDED YESTERDAY.
  FOG
  FOG W/VISIBILITY <= 1/4 MILE
  HAZE


RELATIVE HUMIDITY (PERCENT)
 HIGHEST    93           900 AM
 LOWEST     67           500 PM
 AVERAGE    80

..........................................................


THE ALLENTOWN PA CLIMATE NORMALS FOR TODAY
                         NORMAL    RECORD    YEAR
 MAXIMUM TEMPERATURE (F)   41        67      1953
                                             1930
 MINIMUM TEMPERATURE (F)   23        -3      2015


SUNRISE AND SUNSET
FEBRUARY 21 2018......SUNRISE   647 AM EST   SUNSET   544 PM EST
FEBRUARY 22 2018......SUNRISE   646 AM EST   SUNSET   545 PM EST


-  INDICATES NEGATIVE NUMBERS.
R  INDICATES RECORD WAS SET OR TIED.
MM INDICATES DATA IS MISSING.
T  INDICATES TRACE AMOUNT.




$$
