000
CDUS44 KSJT 300755
CLIABI


CLIMATE REPORT
NATIONAL WEATHER SERVICE SAN ANGELO TX
252 AM CDT SUN APR 30 2017


...................................

...THE ABILENE CLIMATE SUMMARY FOR APRIL 29 2017...

CLIMATE NORMAL PERIOD 1981 TO 2010
CLIMATE RECORD PERIOD 1886 TO 2017


WEATHER ITEM   OBSERVED TIME   RECORD YEAR NORMAL DEPARTURE LAST
                VALUE   (LST)  VALUE       VALUE  FROM      YEAR
                                                  NORMAL
..................................................................
TEMPERATURE (F)
 YESTERDAY
  MAXIMUM         74    146 AM  99    1928  81     -7       86
  MINIMUM         44   1159 PM  37    1908  56    -12       60
                                      1907
  AVERAGE         59                        68     -9       73

PRECIPITATION (IN)
  YESTERDAY        0.02          1.53 1954   0.07  -0.05     0.00
  MONTH TO DATE    1.34                      1.56  -0.22     6.24
  SINCE MAR 1      1.76                      3.30  -1.54     8.55
  SINCE JAN 1      5.14                      5.68  -0.54     9.27

SNOWFALL (IN)
  YESTERDAY       MM             0.0  2000   0.0   MM        0.0
  MONTH TO DATE    0.0                       0.3   -0.3       T
  SINCE NOV 1      T                         4.7   -4.7      5.1
  SINCE JUL 1      T                         4.7   -4.7      5.1

DEGREE DAYS
 HEATING
  YESTERDAY        6                         2      4        0
  MONTH TO DATE   73                       111    -38       79
  SINCE MAR 1    219                       409   -190      266
  SINCE JUL 1   1800                      2542   -742     2020

 COOLING
  YESTERDAY        0                         5     -5        8
  MONTH TO DATE  104                        93     11       63
  SINCE MAR 1    188                       122     66       81
  SINCE JAN 1    219                       127     92       95
..................................................................


WIND (MPH)
  HIGHEST WIND SPEED    26   HIGHEST WIND DIRECTION    NW (300)
  HIGHEST GUST SPEED    36   HIGHEST GUST DIRECTION     S (160)
  AVERAGE WIND SPEED    18.0


SKY COVER
  POSSIBLE SUNSHINE  MM
  AVERAGE SKY COVER 0.8


WEATHER CONDITIONS
 THE FOLLOWING WEATHER WAS RECORDED YESTERDAY.
  LIGHT RAIN
  FOG
  HAZE


RELATIVE HUMIDITY (PERCENT)
 HIGHEST   100          1000 AM
 LOWEST     61           600 PM
 AVERAGE    81

..........................................................


THE ABILENE CLIMATE NORMALS FOR TODAY
                         NORMAL    RECORD    YEAR
 MAXIMUM TEMPERATURE (F)   81        99      1948
 MINIMUM TEMPERATURE (F)   56        34      1903


SUNRISE AND SUNSET
APRIL 30 2017.........SUNRISE   653 AM CDT   SUNSET   819 PM CDT
MAY  1 2017...........SUNRISE   652 AM CDT   SUNSET   820 PM CDT


-  INDICATES NEGATIVE NUMBERS.
R  INDICATES RECORD WAS SET OR TIED.
MM INDICATES DATA IS MISSING.
T  INDICATES TRACE AMOUNT.




$$
