000
CDUS44 KSJT 272228
CLIABI


CLIMATE REPORT
NATIONAL WEATHER SERVICE SAN ANGELO TX
526 PM CDT SAT AUG 27 2016


...................................

...THE ABILENE CLIMATE SUMMARY FOR AUGUST 27 2016...
VALID TODAY AS OF 0500 PM LOCAL TIME.

CLIMATE NORMAL PERIOD 1981 TO 2010
CLIMATE RECORD PERIOD 1886 TO 2016


WEATHER ITEM   OBSERVED TIME   RECORD YEAR NORMAL DEPARTURE LAST
                VALUE   (LST)  VALUE       VALUE  FROM      YEAR
                                                  NORMAL
..................................................................
TEMPERATURE (F)
 TODAY
  MAXIMUM         92    200 PM 104    2011  93     -1       98
  MINIMUM         70    352 PM  59    1906  70      0       71
  AVERAGE         81                        81      0       85

PRECIPITATION (IN)
  TODAY            0.26          1.18 1923   0.09   0.17     0.00
  MONTH TO DATE    4.59                      2.23   2.36     0.62
  SINCE JUN 1      8.36                      7.66   0.70    12.54
  SINCE JAN 1     26.16                     16.60   9.56    25.17

DEGREE DAYS
 HEATING
  TODAY            0                         0      0        0
  MONTH TO DATE    0                         0      0        0
  SINCE JUN 1      0                         1     -1        0
  SINCE JUL 1      0                         0      0        0

 COOLING
  TODAY           16                        16      0       20
  MONTH TO DATE  502                       490     12      555
  SINCE JUN 1   1633                      1486    147     1627
  SINCE JAN 1   1942                      1883     59     2016
..................................................................


WIND (MPH)
  HIGHEST WIND SPEED    26   HIGHEST WIND DIRECTION     S (160)
  HIGHEST GUST SPEED    33   HIGHEST GUST DIRECTION     S (160)
  AVERAGE WIND SPEED     8.3


SKY COVER
  POSSIBLE SUNSHINE  MM
  AVERAGE SKY COVER 0.1


WEATHER CONDITIONS
 THE FOLLOWING WEATHER WAS RECORDED TODAY.
  THUNDERSTORM
  RAIN
  FOG


RELATIVE HUMIDITY (PERCENT)
 HIGHEST    93           300 AM
 LOWEST     41           200 PM
 AVERAGE    67

..........................................................


THE ABILENE CLIMATE NORMALS FOR TOMORROW
                         NORMAL    RECORD    YEAR
 MAXIMUM TEMPERATURE (F)   92       107      2011
 MINIMUM TEMPERATURE (F)   70        50      1992


SUNRISE AND SUNSET
AUGUST 27 2016........SUNRISE   711 AM CDT   SUNSET   809 PM CDT
AUGUST 28 2016........SUNRISE   712 AM CDT   SUNSET   807 PM CDT


-  INDICATES NEGATIVE NUMBERS.
R  INDICATES RECORD WAS SET OR TIED.
MM INDICATES DATA IS MISSING.
T  INDICATES TRACE AMOUNT.




$$
