000
CDUS44 KSJT 300711
CLIABI


CLIMATE REPORT
NATIONAL WEATHER SERVICE SAN ANGELO TX
211 AM CDT WED JUL 30 2014


...................................

...THE ABILENE CLIMATE SUMMARY FOR JULY 29 2014...

CLIMATE NORMAL PERIOD 1981 TO 2010
CLIMATE RECORD PERIOD 1886 TO 2014


WEATHER ITEM   OBSERVED TIME   RECORD YEAR NORMAL DEPARTURE LAST
                VALUE   (LST)  VALUE       VALUE  FROM      YEAR
                                                  NORMAL
..................................................................
TEMPERATURE (F)
 YESTERDAY
  MAXIMUM         91   1252 PM 103    1966  95     -4       96
                                      1960
                                      1957
  MINIMUM         72    552 AM  66    1892  73     -1       78
  AVERAGE         82                        84     -2       87

PRECIPITATION (IN)
  YESTERDAY        0.29          2.30 1964   0.06   0.23     0.00
  MONTH TO DATE    2.38                      1.75   0.63     4.44
  SINCE JUN 1      6.13                      5.31   0.82     9.57
  SINCE JAN 1     10.12                     14.25  -4.13    15.79

DEGREE DAYS
 HEATING
  YESTERDAY        0                         0      0        0
  MONTH TO DATE    0                         0      0        0
  SINCE JUN 1      0                         1     -1        0
  SINCE JUL 1      0                         0      0        0

 COOLING
  YESTERDAY       17                        19     -2       22
  MONTH TO DATE  549                       524     25      494
  SINCE JUN 1   1016                       959     57     1018
  SINCE JAN 1   1530                      1356    174     1499
..................................................................


WIND (MPH)
  HIGHEST WIND SPEED    25   HIGHEST WIND DIRECTION    NW (310)
  HIGHEST GUST SPEED    18   HIGHEST GUST DIRECTION    NW (310)
  AVERAGE WIND SPEED    10.4


SKY COVER
  POSSIBLE SUNSHINE  MM
  AVERAGE SKY COVER 0.2


WEATHER CONDITIONS
 THE FOLLOWING WEATHER WAS RECORDED YESTERDAY.
  THUNDERSTORM
  HEAVY RAIN
  LIGHT RAIN
  FOG


RELATIVE HUMIDITY (PERCENT)
 HIGHEST   100           700 PM
 LOWEST     44           100 PM
 AVERAGE    72

..........................................................


THE ABILENE CLIMATE NORMALS FOR TODAY
                         NORMAL    RECORD    YEAR
 MAXIMUM TEMPERATURE (F)   95       106      1912
 MINIMUM TEMPERATURE (F)   73        63      1972
                                             1971


SUNRISE AND SUNSET
JULY 30 2014..........SUNRISE   652 AM CDT   SUNSET   838 PM CDT
JULY 31 2014..........SUNRISE   653 AM CDT   SUNSET   837 PM CDT


-  INDICATES NEGATIVE NUMBERS.
R  INDICATES RECORD WAS SET OR TIED.
MM INDICATES DATA IS MISSING.
T  INDICATES TRACE AMOUNT.




$$
