000
CDUS44 KSJT 230754
CLIABI


CLIMATE REPORT
NATIONAL WEATHER SERVICE SAN ANGELO TX
254 AM CDT THU MAR 23 2017


...................................

...THE ABILENE CLIMATE SUMMARY FOR MARCH 22 2017...

CLIMATE NORMAL PERIOD 1981 TO 2010
CLIMATE RECORD PERIOD 1886 TO 2017


WEATHER ITEM   OBSERVED TIME   RECORD YEAR NORMAL DEPARTURE LAST
                VALUE   (LST)  VALUE       VALUE  FROM      YEAR
                                                  NORMAL
..................................................................
TEMPERATURE (F)
 YESTERDAY
  MAXIMUM         84    341 PM  92    1934  71     13       80
  MINIMUM         52    726 AM  23    1989  46      6       50
  AVERAGE         68                        58     10       65

PRECIPITATION (IN)
  YESTERDAY        0.00          0.80 1979   0.06  -0.06     0.00
  MONTH TO DATE    T                         1.24  -1.24     2.31
  SINCE MAR 1      T                         1.24  -1.24     2.31
  SINCE JAN 1      3.38                      3.62  -0.24     3.03

SNOWFALL (IN)
  YESTERDAY        0.0           0.0  2002   0.0    0.0      0.0
  MONTH TO DATE    0.0                       0.2   -0.2      0.0
  SINCE NOV 1      T                         4.3   -4.3      5.1
  SINCE JUL 1      T                         4.3   -4.3      5.1

DEGREE DAYS
 HEATING
  YESTERDAY        0                         8     -8        0
  MONTH TO DATE  129                       233   -104      141
  SINCE MAR 1    129                       233   -104      141
  SINCE JUL 1   1710                      2366   -656     1895

 COOLING
  YESTERDAY        3                         1      2        0
  MONTH TO DATE   65                        17     48        6
  SINCE MAR 1     65                        17     48        6
  SINCE JAN 1     96                        22     74       20
..................................................................


WIND (MPH)
  HIGHEST WIND SPEED    24   HIGHEST WIND DIRECTION     S (170)
  HIGHEST GUST SPEED    33   HIGHEST GUST DIRECTION     S (160)
  AVERAGE WIND SPEED    11.0


SKY COVER
  POSSIBLE SUNSHINE  MM
  AVERAGE SKY COVER 0.0


WEATHER CONDITIONS
 THE FOLLOWING WEATHER WAS RECORDED YESTERDAY.
  NO SIGNIFICANT WEATHER WAS OBSERVED.


RELATIVE HUMIDITY (PERCENT)
 HIGHEST    89           600 AM
 LOWEST     42           500 PM
 AVERAGE    66

..........................................................


THE ABILENE CLIMATE NORMALS FOR TODAY
                         NORMAL    RECORD    YEAR
 MAXIMUM TEMPERATURE (F)   71        87      1998
                                             1929
                                             1902
 MINIMUM TEMPERATURE (F)   46        23      1952
                                             1898


SUNRISE AND SUNSET
MARCH 23 2017.........SUNRISE   738 AM CDT   SUNSET   753 PM CDT
MARCH 24 2017.........SUNRISE   737 AM CDT   SUNSET   753 PM CDT


-  INDICATES NEGATIVE NUMBERS.
R  INDICATES RECORD WAS SET OR TIED.
MM INDICATES DATA IS MISSING.
T  INDICATES TRACE AMOUNT.




$$
