000
CDUS44 KSJT 282328
CLIABI


CLIMATE REPORT
NATIONAL WEATHER SERVICE SAN ANGELO TX
527 PM CST SUN DEC 28 2014


...................................

...THE ABILENE CLIMATE SUMMARY FOR DECEMBER 28 2014...
VALID TODAY AS OF 0500 PM LOCAL TIME.

CLIMATE NORMAL PERIOD 1981 TO 2010
CLIMATE RECORD PERIOD 1886 TO 2014


WEATHER ITEM   OBSERVED TIME   RECORD YEAR NORMAL DEPARTURE LAST
                VALUE   (LST)  VALUE       VALUE  FROM      YEAR
                                                  NORMAL
..................................................................
TEMPERATURE (F)
 TODAY
  MAXIMUM         52    353 PM  81    1921  56     -4       54
  MINIMUM         29    743 AM   6    1894  33     -4       37
  AVERAGE         41                        44     -3       46

PRECIPITATION (IN)
  TODAY            0.00          1.23 1969   0.04  -0.04     0.00
  MONTH TO DATE    0.42                      1.12  -0.70     1.11
  SINCE DEC 1      0.42                      1.12  -0.70     1.11
  SINCE JAN 1     14.91                     24.71  -9.80    23.19

SNOWFALL (IN)
  TODAY            0.0           4.0  1954   0.1   -0.1      0.0
  MONTH TO DATE    T                         1.0   -1.0      0.8
  SINCE NOV 1      0.1                       1.7   -1.6      1.3
  SINCE JUL 1      0.1                       1.7   -1.6      1.3

DEGREE DAYS
 HEATING
  TODAY           24                        21      3       19
  MONTH TO DATE  355                       549   -194      616
  SINCE DEC 1    355                       549   -194      616
  SINCE JUL 1    772                       982   -210     1088

 COOLING
  TODAY            0                         0      0        0
  MONTH TO DATE    0                         0      0        1
  SINCE DEC 1      0                         0      0        1
  SINCE JAN 1   2819                      2408    411     2723
..................................................................


WIND (MPH)
  HIGHEST WIND SPEED    15   HIGHEST WIND DIRECTION     S (200)
  HIGHEST GUST SPEED    21   HIGHEST GUST DIRECTION     S (200)
  AVERAGE WIND SPEED     6.3


SKY COVER
  POSSIBLE SUNSHINE  MM
  AVERAGE SKY COVER 0.3


WEATHER CONDITIONS
 THE FOLLOWING WEATHER WAS RECORDED TODAY.
  NO SIGNIFICANT WEATHER WAS OBSERVED.


RELATIVE HUMIDITY (PERCENT)
 HIGHEST    85          1200 AM
 LOWEST     32           300 PM
 AVERAGE    59

..........................................................


THE ABILENE CLIMATE NORMALS FOR TOMORROW
                         NORMAL    RECORD    YEAR
 MAXIMUM TEMPERATURE (F)   56        78      1951
                                             1898
 MINIMUM TEMPERATURE (F)   33         5      1983


SUNRISE AND SUNSET
DECEMBER 28 2014......SUNRISE   739 AM CST   SUNSET   542 PM CST
DECEMBER 29 2014......SUNRISE   739 AM CST   SUNSET   542 PM CST


-  INDICATES NEGATIVE NUMBERS.
R  INDICATES RECORD WAS SET OR TIED.
MM INDICATES DATA IS MISSING.
T  INDICATES TRACE AMOUNT.




$$
