000
CDUS44 KSJT 230750
CLIABI


CLIMATE REPORT
NATIONAL WEATHER SERVICE SAN ANGELO TX
250 AM CDT MON OCT 23 2017


...................................

...THE ABILENE CLIMATE SUMMARY FOR OCTOBER 22 2017...

CLIMATE NORMAL PERIOD 1981 TO 2010
CLIMATE RECORD PERIOD 1886 TO 2017


WEATHER ITEM   OBSERVED TIME   RECORD YEAR NORMAL DEPARTURE LAST
                VALUE   (LST)  VALUE       VALUE  FROM      YEAR
                                                  NORMAL
..................................................................
TEMPERATURE (F)
 YESTERDAY
  MAXIMUM         71    304 PM  91    1934  76     -5       81
  MINIMUM         47   1154 PM  32    1990  53     -6       49
                                      1911
  AVERAGE         59                        64     -5       65

PRECIPITATION (IN)
  YESTERDAY        0.00          4.85 1908   0.10  -0.10     0.00
  MONTH TO DATE    0.06                      2.18  -2.12     0.40
  SINCE SEP 1      4.49                      4.42   0.07     5.99
  SINCE JAN 1     18.94                     21.38  -2.44    33.10

SNOWFALL (IN)
  YESTERDAY        0.0           0.0  2002   0.0    0.0      0.0
  MONTH TO DATE    0.0                       0.0    0.0      0.0
  SINCE NOV 1      T                         4.7   -4.7      5.1
  SINCE JUL 1      0.0                       0.0    0.0      0.0

DEGREE DAYS
 HEATING
  YESTERDAY        6                         4      2        0
  MONTH TO DATE   40                        49     -9       18
  SINCE SEP 1     46                        60    -14       19
  SINCE JUL 1     46                        60    -14       19

 COOLING
  YESTERDAY        0                         3     -3        0
  MONTH TO DATE  133                        98     35      155
  SINCE SEP 1    466                       424     42      505
  SINCE JAN 1   2382                      2369     13     2504
..................................................................


WIND (MPH)
  HIGHEST WIND SPEED    15   HIGHEST WIND DIRECTION    NW (330)
  HIGHEST GUST SPEED    19   HIGHEST GUST DIRECTION     N (340)
  AVERAGE WIND SPEED     8.6


SKY COVER
  POSSIBLE SUNSHINE  MM
  AVERAGE SKY COVER 0.0


WEATHER CONDITIONS
 THE FOLLOWING WEATHER WAS RECORDED YESTERDAY.
  NO SIGNIFICANT WEATHER WAS OBSERVED.


RELATIVE HUMIDITY (PERCENT)
 HIGHEST   100           100 AM
 LOWEST     30           500 PM
 AVERAGE    65

..........................................................


THE ABILENE CLIMATE NORMALS FOR TODAY
                         NORMAL    RECORD    YEAR
 MAXIMUM TEMPERATURE (F)   75        90      1989
 MINIMUM TEMPERATURE (F)   52        33      2008
                                             1917


SUNRISE AND SUNSET
OCTOBER 23 2017.......SUNRISE   749 AM CDT   SUNSET   657 PM CDT
OCTOBER 24 2017.......SUNRISE   750 AM CDT   SUNSET   656 PM CDT


-  INDICATES NEGATIVE NUMBERS.
R  INDICATES RECORD WAS SET OR TIED.
MM INDICATES DATA IS MISSING.
T  INDICATES TRACE AMOUNT.




$$
