000
CDUS44 KSJT 240935
CLIABI


CLIMATE REPORT
NATIONAL WEATHER SERVICE SAN ANGELO TX
435 AM CDT TUE MAY 24 2016


...................................

...THE ABILENE CLIMATE SUMMARY FOR MAY 23 2016...

CLIMATE NORMAL PERIOD 1981 TO 2010
CLIMATE RECORD PERIOD 1886 TO 2016


WEATHER ITEM   OBSERVED TIME   RECORD YEAR NORMAL DEPARTURE LAST
                VALUE   (LST)  VALUE       VALUE  FROM      YEAR
                                                  NORMAL
..................................................................
TEMPERATURE (F)
 YESTERDAY
  MAXIMUM         82    455 PM 106    2000  86     -4       85
  MINIMUM         70    500 AM  45    1893  64      6       65
  AVERAGE         76                        75      1       75

PRECIPITATION (IN)
  YESTERDAY        0.00          2.46 1908   0.12  -0.12     0.04
  MONTH TO DATE    5.47                      2.18   3.29     3.19
  SINCE MAR 1     14.02                      5.56   8.46     6.97
  SINCE JAN 1     14.74                      7.94   6.80    10.48

DEGREE DAYS
 HEATING
  YESTERDAY        0                         0      0        0
  MONTH TO DATE   37                        13     24       12
  SINCE MAR 1    304                       422   -118      401
  SINCE JUL 1   2058                      2555   -497     2478

 COOLING
  YESTERDAY       11                        10      1       10
  MONTH TO DATE  119                       177    -58      156
  SINCE MAR 1    200                       305   -105      323
  SINCE JAN 1    214                       310    -96      327
..................................................................


WIND (MPH)
  HIGHEST WIND SPEED    24   HIGHEST WIND DIRECTION    SE (140)
  HIGHEST GUST SPEED    29   HIGHEST GUST DIRECTION    SE (140)
  AVERAGE WIND SPEED    15.2


SKY COVER
  POSSIBLE SUNSHINE  MM
  AVERAGE SKY COVER 0.5


WEATHER CONDITIONS
 THE FOLLOWING WEATHER WAS RECORDED YESTERDAY.
  NO SIGNIFICANT WEATHER WAS OBSERVED.


RELATIVE HUMIDITY (PERCENT)
 HIGHEST    93          1100 PM
 LOWEST     69           400 PM
 AVERAGE    81

..........................................................


THE ABILENE CLIMATE NORMALS FOR TODAY
                         NORMAL    RECORD    YEAR
 MAXIMUM TEMPERATURE (F)   86       109      2000
 MINIMUM TEMPERATURE (F)   64        48      1930


SUNRISE AND SUNSET
MAY 24 2016...........SUNRISE   635 AM CDT   SUNSET   836 PM CDT
MAY 25 2016...........SUNRISE   635 AM CDT   SUNSET   837 PM CDT


-  INDICATES NEGATIVE NUMBERS.
R  INDICATES RECORD WAS SET OR TIED.
MM INDICATES DATA IS MISSING.
T  INDICATES TRACE AMOUNT.




$$
