000
CDUS44 KSJT 310705
CLIABI


CLIMATE REPORT
NATIONAL WEATHER SERVICE SAN ANGELO TX
205 AM CDT SUN JUL 31 2016


...................................

...THE ABILENE CLIMATE SUMMARY FOR JULY 30 2016...

CLIMATE NORMAL PERIOD 1981 TO 2010
CLIMATE RECORD PERIOD 1886 TO 2016


WEATHER ITEM   OBSERVED TIME   RECORD YEAR NORMAL DEPARTURE LAST
                VALUE   (LST)  VALUE       VALUE  FROM      YEAR
                                                  NORMAL
..................................................................
TEMPERATURE (F)
 YESTERDAY
  MAXIMUM         98    328 PM 106    1912  95      3      101
  MINIMUM         74    629 AM  63    1972  73      1       75
                                      1971
  AVERAGE         86                        84      2       88

PRECIPITATION (IN)
  YESTERDAY        0.00          1.81 1990   0.06  -0.06     0.04
  MONTH TO DATE    0.64                      1.81  -1.17     8.30
  SINCE JUN 1      3.77                      5.37  -1.60    11.92
  SINCE JAN 1     21.57                     14.31   7.26    24.55

DEGREE DAYS
 HEATING
  YESTERDAY        0                         0      0        0
  MONTH TO DATE    0                         0      0        0
  SINCE JUN 1      0                         1     -1        0
  SINCE JUL 1      0                         0      0        0

 COOLING
  YESTERDAY       21                        19      2       23
  MONTH TO DATE  655                       543    112      582
  SINCE JUN 1   1108                       978    130     1048
  SINCE JAN 1   1417                      1375     42     1437
..................................................................


WIND (MPH)
  HIGHEST WIND SPEED    16   HIGHEST WIND DIRECTION    SE (140)
  HIGHEST GUST SPEED    23   HIGHEST GUST DIRECTION     S (180)
  AVERAGE WIND SPEED     9.4


SKY COVER
  POSSIBLE SUNSHINE  MM
  AVERAGE SKY COVER 0.1


WEATHER CONDITIONS
 THE FOLLOWING WEATHER WAS RECORDED YESTERDAY.
  NO SIGNIFICANT WEATHER WAS OBSERVED.


RELATIVE HUMIDITY (PERCENT)
 HIGHEST    73           600 AM
 LOWEST     30           400 PM
 AVERAGE    52

..........................................................


THE ABILENE CLIMATE NORMALS FOR TODAY
                         NORMAL    RECORD    YEAR
 MAXIMUM TEMPERATURE (F)   95       105      2012
                                             1986
 MINIMUM TEMPERATURE (F)   73        54      1911


SUNRISE AND SUNSET
JULY 31 2016..........SUNRISE   653 AM CDT   SUNSET   837 PM CDT
AUGUST  1 2016........SUNRISE   654 AM CDT   SUNSET   836 PM CDT


-  INDICATES NEGATIVE NUMBERS.
R  INDICATES RECORD WAS SET OR TIED.
MM INDICATES DATA IS MISSING.
T  INDICATES TRACE AMOUNT.




$$
