000
CDUS44 KSJT 260727
CLIABI


CLIMATE REPORT
NATIONAL WEATHER SERVICE SAN ANGELO TX
227 AM CDT MON SEP 26 2016


...................................

...THE ABILENE CLIMATE SUMMARY FOR SEPTEMBER 25 2016...

CLIMATE NORMAL PERIOD 1981 TO 2010
CLIMATE RECORD PERIOD 1886 TO 2016


WEATHER ITEM   OBSERVED TIME   RECORD YEAR NORMAL DEPARTURE LAST
                VALUE   (LST)  VALUE       VALUE  FROM      YEAR
                                                  NORMAL
..................................................................
TEMPERATURE (F)
 YESTERDAY
  MAXIMUM         71   1149 AM 104    2005  84    -13       92
                                      1977
  MINIMUM         60   1159 PM  40    1975  61     -1       67
  AVERAGE         66                        72     -6       80

PRECIPITATION (IN)
  YESTERDAY        1.29          2.30 1893   0.07   1.22     0.00
  MONTH TO DATE    5.58                      1.88   3.70     0.92
  SINCE SEP 1      5.58                      1.88   3.70     0.92
  SINCE JAN 1     32.69                     18.84  13.85    26.09

DEGREE DAYS
 HEATING
  YESTERDAY        0                         1     -1        0
  MONTH TO DATE    0                         6     -6        0
  SINCE SEP 1      0                         6     -6        0
  SINCE JUL 1      0                         6     -6        0

 COOLING
  YESTERDAY        1                         8     -7       15
  MONTH TO DATE  342                       290     52      416
  SINCE SEP 1    342                       290     52      416
  SINCE JAN 1   2341                      2235    106     2501
..................................................................


WIND (MPH)
  HIGHEST WIND SPEED    23   HIGHEST WIND DIRECTION     N (360)
  HIGHEST GUST SPEED    28   HIGHEST GUST DIRECTION     N (360)
  AVERAGE WIND SPEED     9.5


SKY COVER
  POSSIBLE SUNSHINE  MM
  AVERAGE SKY COVER 1.0


WEATHER CONDITIONS
 THE FOLLOWING WEATHER WAS RECORDED YESTERDAY.
  THUNDERSTORM
  HEAVY RAIN
  RAIN
  LIGHT RAIN
  FOG


RELATIVE HUMIDITY (PERCENT)
 HIGHEST   100          1200 AM
 LOWEST     84          1100 AM
 AVERAGE    92

..........................................................


THE ABILENE CLIMATE NORMALS FOR TODAY
                         NORMAL    RECORD    YEAR
 MAXIMUM TEMPERATURE (F)   83       105      1977
 MINIMUM TEMPERATURE (F)   61        39      2000


SUNRISE AND SUNSET
SEPTEMBER 26 2016.....SUNRISE   730 AM CDT   SUNSET   729 PM CDT
SEPTEMBER 27 2016.....SUNRISE   730 AM CDT   SUNSET   728 PM CDT


-  INDICATES NEGATIVE NUMBERS.
R  INDICATES RECORD WAS SET OR TIED.
MM INDICATES DATA IS MISSING.
T  INDICATES TRACE AMOUNT.




$$
