000
CDUS45 KABQ 230831
CLIABQ


CLIMATE REPORT
NATIONAL WEATHER SERVICE ALBUQUERQUE NM
230 AM MDT THU MAR 23 2017


...................................

...THE ALBUQUERQUE  NM CLIMATE SUMMARY FOR MARCH 22 2017...

CLIMATE NORMAL PERIOD 1981 TO 2010
CLIMATE RECORD PERIOD 1891 TO 2017


WEATHER ITEM   OBSERVED TIME   RECORD YEAR NORMAL DEPARTURE LAST
                VALUE   (LST)  VALUE       VALUE  FROM      YEAR
                                                  NORMAL
..................................................................
TEMPERATURE (F)
 YESTERDAY
  MAXIMUM         82R   336 PM  77    2016  62     20       77
                                      1971
  MINIMUM         50    628 AM  18    1952  37     13       45
  AVERAGE         66                        49     17       61

PRECIPITATION (IN)
  YESTERDAY        0.00          0.50 1897   0.02  -0.02
  MONTH TO DATE    0.00                      0.40  -0.40
  SINCE MAR 1      0.00                      0.40  -0.40
  SINCE JAN 1      1.39                      1.26   0.13

SNOWFALL (IN)
  YESTERDAY        0.0
  MONTH TO DATE    0.0
  SINCE MAR 1      0.0
  SINCE JUL 1      2.9
  SNOW DEPTH       0

DEGREE DAYS
 HEATING
  YESTERDAY        0                        16    -16        4
  MONTH TO DATE  203                       394   -191      264
  SINCE MAR 1    203                       394   -191      264
  SINCE JUL 1   2885                      3697   -812     3274

 COOLING
  YESTERDAY        1                         0      1        0
  MONTH TO DATE    1                         0      1        0
  SINCE MAR 1      1                         0      1        0
  SINCE JAN 1      1                         0      1        0
..................................................................


WIND (MPH)
  HIGHEST WIND SPEED    35   HIGHEST WIND DIRECTION     S (180)
  HIGHEST GUST SPEED    43   HIGHEST GUST DIRECTION     S (170)
  AVERAGE WIND SPEED    11.7


SKY COVER
  POSSIBLE SUNSHINE  MM
  AVERAGE SKY COVER 0.3


WEATHER CONDITIONS
 THE FOLLOWING WEATHER WAS RECORDED YESTERDAY.
  NO SIGNIFICANT WEATHER WAS OBSERVED.


RELATIVE HUMIDITY (PERCENT)
 HIGHEST    51           800 AM
 LOWEST      6           500 PM
 AVERAGE    29

..........................................................


THE ALBUQUERQUE  NM CLIMATE NORMALS FOR TODAY
                         NORMAL    RECORD    YEAR
 MAXIMUM TEMPERATURE (F)   62        78      1971
 MINIMUM TEMPERATURE (F)   37        17      1914


SUNRISE AND SUNSET
MARCH 23 2017.........SUNRISE   705 AM MDT   SUNSET   721 PM MDT
MARCH 24 2017.........SUNRISE   704 AM MDT   SUNSET   722 PM MDT


-  INDICATES NEGATIVE NUMBERS.
R  INDICATES RECORD WAS SET OR TIED.
MM INDICATES DATA IS MISSING.
T  INDICATES TRACE AMOUNT.




$$
