000
CDUS45 KABQ 010830
CLIABQ


CLIMATE REPORT
NATIONAL WEATHER SERVICE ALBUQUERQUE NM
226 AM MDT SAT AUG 1 2015


...................................

...THE ALBUQUERQUE  NM CLIMATE SUMMARY FOR JULY 31 2015...

CLIMATE NORMAL PERIOD 1981 TO 2010
CLIMATE RECORD PERIOD 1891 TO 2015


WEATHER ITEM   OBSERVED TIME   RECORD YEAR NORMAL DEPARTURE LAST
                VALUE   (LST)  VALUE       VALUE  FROM      YEAR
                                                  NORMAL
..................................................................
TEMPERATURE (F)
 YESTERDAY
  MAXIMUM         86    207 PM 103    1972  89     -3       82
  MINIMUM         68    615 AM  49    1911  66      2       63
  AVERAGE         77                        78     -1       73

PRECIPITATION (IN)
  YESTERDAY        T             1.07 2006   0.06  -0.06
  MONTH TO DATE    3.28                      1.50   1.78
  SINCE JUN 1      3.84                      2.16   1.68
  SINCE JAN 1      7.48                      4.70   2.78

SNOWFALL (IN)
  YESTERDAY        0.0
  MONTH TO DATE    0.0
  SINCE JUN 1      0.0
  SINCE JUL 1      0.0
  SNOW DEPTH       0

DEGREE DAYS
 HEATING
  YESTERDAY        0                         0      0        0
  MONTH TO DATE    0                         0      0        0
  SINCE JUN 1      0                         4     -4        0
  SINCE JUL 1      0                         0      0        0

 COOLING
  YESTERDAY       12                        12      0        8
  MONTH TO DATE  375                       411    -36      439
  SINCE JUN 1    762                       713     49      825
  SINCE JAN 1    795                       811    -16      937
..................................................................


WIND (MPH)
  HIGHEST WIND SPEED    21   HIGHEST WIND DIRECTION     E (100)
  HIGHEST GUST SPEED    25   HIGHEST GUST DIRECTION     E (110)
  AVERAGE WIND SPEED     8.5


SKY COVER
  POSSIBLE SUNSHINE  MM
  AVERAGE SKY COVER 0.8


WEATHER CONDITIONS
 THE FOLLOWING WEATHER WAS RECORDED YESTERDAY.
  THUNDERSTORM
  LIGHT RAIN


RELATIVE HUMIDITY (PERCENT)
 HIGHEST    81           300 AM
 LOWEST     36           500 PM
 AVERAGE    59

..........................................................


THE ALBUQUERQUE  NM CLIMATE NORMALS FOR TODAY
                         NORMAL    RECORD    YEAR
 MAXIMUM TEMPERATURE (F)   88       101      1938
                                             1934
 MINIMUM TEMPERATURE (F)   66        47      1911


SUNRISE AND SUNSET
AUGUST  1 2015........SUNRISE   616 AM MDT   SUNSET   809 PM MDT
AUGUST  2 2015........SUNRISE   616 AM MDT   SUNSET   809 PM MDT


-  INDICATES NEGATIVE NUMBERS.
R  INDICATES RECORD WAS SET OR TIED.
MM INDICATES DATA IS MISSING.
T  INDICATES TRACE AMOUNT.


$$
