000
CDUS45 KABQ 210021
CLIABQ


CLIMATE REPORT
NATIONAL WEATHER SERVICE ALBUQUERQUE NM
520 PM MST TUE FEB 20 2018


...................................

...THE ALBUQUERQUE  NM CLIMATE SUMMARY FOR FEBRUARY 20 2018...
VALID TODAY AS OF 0500 PM LOCAL TIME.

CLIMATE NORMAL PERIOD 1981 TO 2010
CLIMATE RECORD PERIOD 1891 TO 2018


WEATHER ITEM   OBSERVED TIME   RECORD YEAR NORMAL DEPARTURE LAST
                VALUE   (LST)  VALUE       VALUE  FROM      YEAR
                                                  NORMAL
..................................................................
TEMPERATURE (F)
 TODAY
  MAXIMUM         42    427 PM  74    1981  54    -12       60
  MINIMUM         29    722 AM   9    1955  31     -2       38
  AVERAGE         36                        43     -7       49

PRECIPITATION (IN)
  TODAY            0.01          0.19 2005   0.02  -0.01
  MONTH TO DATE    0.50                      0.34   0.16
  SINCE DEC 1      0.53                      1.22  -0.69
  SINCE JAN 1      0.53                      0.72  -0.19

SNOWFALL (IN)
  TODAY            0.3
  MONTH TO DATE    0.3
  SINCE DEC 1      0.3
  SINCE JUL 1      0.3
  SNOW DEPTH       0

DEGREE DAYS
 HEATING
  TODAY           29                        22      7       16
  MONTH TO DATE  373                       491   -118      367
  SINCE DEC 1   1929                      2266   -337     1953
  SINCE JUL 1   2498                      3133   -635     2530

 COOLING
  TODAY            0                         0      0        0
  MONTH TO DATE    0                         0      0        0
  SINCE DEC 1      0                         0      0        0
  SINCE JAN 1      0                         0      0        0
..................................................................


WIND (MPH)
  HIGHEST WIND SPEED    22   HIGHEST WIND DIRECTION     N (350)
  HIGHEST GUST SPEED    28   HIGHEST GUST DIRECTION     N (10)
  AVERAGE WIND SPEED     8.9


SKY COVER
  POSSIBLE SUNSHINE  MM
  AVERAGE SKY COVER 0.8



RELATIVE HUMIDITY (PERCENT)
 HIGHEST    70           100 AM
 LOWEST     37           300 PM
 AVERAGE    54

..........................................................


THE ALBUQUERQUE  NM CLIMATE NORMALS FOR TOMORROW
                         NORMAL    RECORD    YEAR
 MAXIMUM TEMPERATURE (F)   54        72      1972
 MINIMUM TEMPERATURE (F)   32         8      1912


SUNRISE AND SUNSET
FEBRUARY 20 2018......SUNRISE   647 AM MST   SUNSET   554 PM MST
FEBRUARY 21 2018......SUNRISE   646 AM MST   SUNSET   555 PM MST


-  INDICATES NEGATIVE NUMBERS.
R  INDICATES RECORD WAS SET OR TIED.
MM INDICATES DATA IS MISSING.
T  INDICATES TRACE AMOUNT.




$$
