000
CDUS45 KABQ 220838
CLIABQ


CLIMATE REPORT
NATIONAL WEATHER SERVICE ALBUQUERQUE NM
237 AM MDT MON SEP 22 2014


...................................

...THE ALBUQUERQUE  NM CLIMATE SUMMARY FOR SEPTEMBER 21 2014...

CLIMATE NORMAL PERIOD 1981 TO 2010
CLIMATE RECORD PERIOD 1897 TO 2014


WEATHER ITEM   OBSERVED TIME   RECORD YEAR NORMAL DEPARTURE LAST
                VALUE   (LST)  VALUE       VALUE  FROM      YEAR
                                                  NORMAL
..................................................................
TEMPERATURE (F)
 YESTERDAY
  MAXIMUM         82    142 PM  91    1966  79      3       79
                                      1944
                                      1926
  MINIMUM         64    529 AM  32    1912  56      8       59
  AVERAGE         73                        67      6       69

PRECIPITATION (IN)
  YESTERDAY        0.00          1.04 1997   0.04  -0.04
  MONTH TO DATE    0.55                      0.75  -0.20
  SINCE SEP 1      0.55                      0.75  -0.20
  SINCE JAN 1      6.61                      7.03  -0.42

SNOWFALL (IN)
  YESTERDAY        0.0
  MONTH TO DATE    0.0
  SINCE SEP 1      0.0
  SINCE JUL 1      0.0
  SNOW DEPTH       0

DEGREE DAYS
 HEATING
  YESTERDAY        0                         1     -1        0
  MONTH TO DATE    5                         7     -2        0
  SINCE SEP 1      5                         7     -2        0
  SINCE JUL 1      5                         7     -2        0

 COOLING
  YESTERDAY        8                         4      4        4
  MONTH TO DATE  166                       135     31      176
  SINCE SEP 1    166                       135     31      176
  SINCE JAN 1   1396                      1292    104     1551
..................................................................


WIND (MPH)
  HIGHEST WIND SPEED    26   HIGHEST WIND DIRECTION     E (110)
  HIGHEST GUST SPEED    32   HIGHEST GUST DIRECTION    SE (120)
  AVERAGE WIND SPEED    16.0


SKY COVER
  POSSIBLE SUNSHINE  MM
  AVERAGE SKY COVER 0.7


WEATHER CONDITIONS
 THE FOLLOWING WEATHER WAS RECORDED YESTERDAY.
  NO SIGNIFICANT WEATHER WAS OBSERVED.


RELATIVE HUMIDITY (PERCENT)
 HIGHEST    68           300 AM
 LOWEST     35           200 PM
 AVERAGE    52

..........................................................


THE ALBUQUERQUE  NM CLIMATE NORMALS FOR TODAY
                         NORMAL    RECORD    YEAR
 MAXIMUM TEMPERATURE (F)   79        90      1966
                                             1944
 MINIMUM TEMPERATURE (F)   56        26      1912


SUNRISE AND SUNSET
SEPTEMBER 22 2014.....SUNRISE   654 AM MDT   SUNSET   703 PM MDT
SEPTEMBER 23 2014.....SUNRISE   655 AM MDT   SUNSET   702 PM MDT


-  INDICATES NEGATIVE NUMBERS.
R  INDICATES RECORD WAS SET OR TIED.
MM INDICATES DATA IS MISSING.
T  INDICATES TRACE AMOUNT.




$$
