599
CDUS45 KABQ 300835
CLIABQ


CLIMATE REPORT
NATIONAL WEATHER SERVICE ALBUQUERQUE NM
228 AM MDT MON MAY 30 2016


...................................

...THE ALBUQUERQUE  NM CLIMATE SUMMARY FOR MAY 29 2016...

CLIMATE NORMAL PERIOD 1981 TO 2010
CLIMATE RECORD PERIOD 1891 TO 2016


WEATHER ITEM   OBSERVED TIME   RECORD YEAR NORMAL DEPARTURE LAST
                VALUE   (LST)  VALUE       VALUE  FROM      YEAR
                                                  NORMAL
..................................................................
TEMPERATURE (F)
 YESTERDAY
  MAXIMUM         86    435 PM  97    2000  83      3       81
                                      1910
  MINIMUM         56    523 AM  37    1909  56      0       60
  AVERAGE         71                        70      1       71

PRECIPITATION (IN)
  YESTERDAY        0.00          0.70 1907   0.02  -0.02
  MONTH TO DATE    0.11                      0.47  -0.36
  SINCE MAR 1      0.77                      1.65  -0.88
  SINCE JAN 1      1.19                      2.51  -1.32

SNOWFALL (IN)
  YESTERDAY        0.0
  MONTH TO DATE    T
  SINCE MAR 1      T
  SINCE JUL 1      9.8
  SNOW DEPTH       0

DEGREE DAYS
 HEATING
  YESTERDAY        0                         1     -1        0
  MONTH TO DATE   90                        70     20      125
  SINCE MAR 1    774                       871    -97      730
  SINCE JUL 1   3784                      4174   -390     3651

 COOLING
  YESTERDAY        6                         5      1        6
  MONTH TO DATE   56                        80    -24       18
  SINCE MAR 1     61                        87    -26       18
  SINCE JAN 1     61                        87    -26       18
..................................................................


WIND (MPH)
  HIGHEST WIND SPEED    26   HIGHEST WIND DIRECTION     S (200)
  HIGHEST GUST SPEED    33   HIGHEST GUST DIRECTION     S (190)
  AVERAGE WIND SPEED     9.8


SKY COVER
  POSSIBLE SUNSHINE  MM
  AVERAGE SKY COVER 0.3


WEATHER CONDITIONS
 THE FOLLOWING WEATHER WAS RECORDED YESTERDAY.
  NO SIGNIFICANT WEATHER WAS OBSERVED.


RELATIVE HUMIDITY (PERCENT)
 HIGHEST    30           500 AM
 LOWEST      7           100 PM
 AVERAGE    19

..........................................................


THE ALBUQUERQUE  NM CLIMATE NORMALS FOR TODAY
                         NORMAL    RECORD    YEAR
 MAXIMUM TEMPERATURE (F)   84        97      2000
                                             1910
 MINIMUM TEMPERATURE (F)   57        35      1909


SUNRISE AND SUNSET
MAY 30 2016...........SUNRISE   554 AM MDT   SUNSET   814 PM MDT
MAY 31 2016...........SUNRISE   554 AM MDT   SUNSET   815 PM MDT


-  INDICATES NEGATIVE NUMBERS.
R  INDICATES RECORD WAS SET OR TIED.
MM INDICATES DATA IS MISSING.
T  INDICATES TRACE AMOUNT.


$$
