000
CDUS43 KABR 010908
CLIABR


CLIMATE REPORT
NATIONAL WEATHER SERVICE ABERDEEN SD
407 AM CDT MON SEP 1 2014


...................................

...THE ABERDEEN SD CLIMATE SUMMARY FOR AUGUST 31 2014...

CLIMATE NORMAL PERIOD 1981 TO 2010
CLIMATE RECORD PERIOD 1893 TO 2014


WEATHER ITEM   OBSERVED TIME   RECORD YEAR NORMAL DEPARTURE LAST
                VALUE   (LST)  VALUE       VALUE  FROM      YEAR
                                                  NORMAL
..................................................................
TEMPERATURE (F)
 YESTERDAY
  MAXIMUM         73   1219 PM  98    1921  78     -5       92
                                      1898
  MINIMUM         58    920 PM  32    1987  52      6       58
  AVERAGE         66                        65      1       75

PRECIPITATION (IN)
  YESTERDAY        0.01          0.75 1977   0.08  -0.07     0.19
                                      1908
  MONTH TO DATE    6.19                      2.43   3.76     0.34
  SINCE JUN 1     10.20                      9.15   1.05     5.24
  SINCE JAN 1     15.63                     16.29  -0.66    13.76

DEGREE DAYS
 HEATING
  YESTERDAY        0                         3     -3        0
  MONTH TO DATE   25                        38    -13       19
  SINCE JUN 1    145                       127     18      132
  SINCE JUL 1     62                        51     11       51

 COOLING
  YESTERDAY        1                         3     -2       10
  MONTH TO DATE  102                       160    -58      178
  SINCE JUN 1    262                       460   -198      468
  SINCE JAN 1    304                       483   -179      489
..................................................................


WIND (MPH)
  HIGHEST WIND SPEED    15   HIGHEST WIND DIRECTION     W (260)
  HIGHEST GUST SPEED    21   HIGHEST GUST DIRECTION     W (250)
  AVERAGE WIND SPEED     7.8


SKY COVER
  POSSIBLE SUNSHINE  MM
  AVERAGE SKY COVER 0.4


WEATHER CONDITIONS
 THE FOLLOWING WEATHER WAS RECORDED YESTERDAY.
  LIGHT RAIN
  FOG


RELATIVE HUMIDITY (PERCENT)
 HIGHEST   100          1200 AM
 LOWEST     73          1200 PM
 AVERAGE    87

..........................................................


THE ABERDEEN SD CLIMATE NORMALS FOR TODAY
                         NORMAL    RECORD    YEAR
 MAXIMUM TEMPERATURE (F)   78       104      1913
 MINIMUM TEMPERATURE (F)   52        30      1893


SUNRISE AND SUNSET
SEPTEMBER  1 2014.....SUNRISE   655 AM CDT   SUNSET   811 PM CDT
SEPTEMBER  2 2014.....SUNRISE   656 AM CDT   SUNSET   809 PM CDT


-  INDICATES NEGATIVE NUMBERS.
R  INDICATES RECORD WAS SET OR TIED.
MM INDICATES DATA IS MISSING.
T  INDICATES TRACE AMOUNT.




$$
