000
CDUS43 KABR 252232
CLIABR


CLIMATE REPORT
NATIONAL WEATHER SERVICE ABERDEEN SD
530 PM CDT SAT OCT 25 2014


...................................

...THE ABERDEEN SD CLIMATE SUMMARY FOR OCTOBER 25 2014...
VALID TODAY AS OF 0500 PM LOCAL TIME.

CLIMATE NORMAL PERIOD 1981 TO 2010
CLIMATE RECORD PERIOD 1893 TO 2014


WEATHER ITEM   OBSERVED TIME   RECORD YEAR NORMAL DEPARTURE LAST
                VALUE   (LST)  VALUE       VALUE  FROM      YEAR
                                                  NORMAL
..................................................................
TEMPERATURE (F)
 TODAY
  MAXIMUM         67    355 PM  81    1989  53     14       66
  MINIMUM         38    721 AM  10    1942  29      9       20
  AVERAGE         53                        41     12       43

PRECIPITATION (IN)
  TODAY            0.00          0.67 1956   0.06  -0.06     0.00
  MONTH TO DATE    0.25                      1.72  -1.47     4.35
  SINCE SEP 1      1.25                      3.91  -2.66     6.79
  SINCE JAN 1     16.88                     20.20  -3.32    20.55

SNOWFALL (IN)
  TODAY            0.0
  MONTH TO DATE    0.0
  SINCE OCT 1      0.0
  SINCE JUL 1      0.0
  SNOW DEPTH       0

DEGREE DAYS
 HEATING
  TODAY           12                        24    -12       22
  MONTH TO DATE  356                       463   -107      507
  SINCE SEP 1    549                       686   -137      622
  SINCE JUL 1    611                       737   -126      673

 COOLING
  TODAY            0                         0      0        0
  MONTH TO DATE    0                         0      0        0
  SINCE SEP 1     38                        40     -2       91
  SINCE JAN 1    342                       523   -181      580
..................................................................


WIND (MPH)
  HIGHEST WIND SPEED    10   HIGHEST WIND DIRECTION    NW (320)
  HIGHEST GUST SPEED    14   HIGHEST GUST DIRECTION    NW (310)
  AVERAGE WIND SPEED     5.1


SKY COVER
  POSSIBLE SUNSHINE  MM
  AVERAGE SKY COVER 0.0


WEATHER CONDITIONS
 THE FOLLOWING WEATHER WAS RECORDED TODAY.
  NO SIGNIFICANT WEATHER WAS OBSERVED.


RELATIVE HUMIDITY (PERCENT)
 HIGHEST    76           700 AM
 LOWEST     24           400 PM
 AVERAGE    50

..........................................................


THE ABERDEEN SD CLIMATE NORMALS FOR TOMORROW
                         NORMAL    RECORD    YEAR
 MAXIMUM TEMPERATURE (F)   52        83      1922
 MINIMUM TEMPERATURE (F)   29        -3      1919


SUNRISE AND SUNSET
OCTOBER 25 2014.......SUNRISE   803 AM CDT   SUNSET   631 PM CDT
OCTOBER 26 2014.......SUNRISE   805 AM CDT   SUNSET   630 PM CDT


-  INDICATES NEGATIVE NUMBERS.
R  INDICATES RECORD WAS SET OR TIED.
MM INDICATES DATA IS MISSING.
T  INDICATES TRACE AMOUNT.

&&

PEAK WIND WAS 14 MPH FROM THE NORTHWEST AT 116 AM CDT

$$
