592
CDUS43 KABR 221035
CLIABR


CLIMATE REPORT
NATIONAL WEATHER SERVICE ABERDEEN SD
434 AM CST THU FEB 22 2018


...................................

...THE ABERDEEN SD CLIMATE SUMMARY FOR FEBRUARY 21 2018...

CLIMATE NORMAL PERIOD 1981 TO 2010
CLIMATE RECORD PERIOD 1893 TO 2018


WEATHER ITEM   OBSERVED TIME   RECORD YEAR NORMAL DEPARTURE LAST
                VALUE   (LST)  VALUE       VALUE  FROM      YEAR
                                                  NORMAL
..................................................................
TEMPERATURE (F)
 YESTERDAY
  MAXIMUM         12    443 PM  64    2017  30    -18       64
  MINIMUM        -24    709 AM -30    1918  10    -34       31
  AVERAGE         -6                        20    -26       48

PRECIPITATION (IN)
  YESTERDAY        0.00          0.25 1917   0.02  -0.02     0.00
  MONTH TO DATE    0.25                      0.37  -0.12     0.11
  SINCE DEC 1      0.64                      1.36  -0.72     2.40
  SINCE JAN 1      0.29                      0.84  -0.55     0.62

SNOWFALL (IN)
  YESTERDAY        0.0           2.5  1917   0.2   -0.2      0.0
  MONTH TO DATE    6.0                       4.9    1.1      0.7
  SINCE OCT 1     11.0                      25.9  -14.9     26.9
  SINCE JUL 1     11.0                      25.9  -14.9     26.9
  SNOW DEPTH       4

DEGREE DAYS
 HEATING
  YESTERDAY       71                        45     26       17
  MONTH TO DATE 1228                      1024    204      796
  SINCE DEC 1   4220                      4195     25     4004
  SINCE JUL 1   5997                      6158   -161     5354

 COOLING
  YESTERDAY        0                         0      0        0
  MONTH TO DATE    0                         0      0        0
  SINCE DEC 1      0                         0      0        0
  SINCE JAN 1      0                         0      0        0
..................................................................


WIND (MPH)
  HIGHEST WIND SPEED    18   HIGHEST WIND DIRECTION    SE (140)
  HIGHEST GUST SPEED    20   HIGHEST GUST DIRECTION    SE (150)
  AVERAGE WIND SPEED     8.0


SKY COVER
  POSSIBLE SUNSHINE  MM
  AVERAGE SKY COVER 0.0


WEATHER CONDITIONS
 THE FOLLOWING WEATHER WAS RECORDED YESTERDAY.
  NO SIGNIFICANT WEATHER WAS OBSERVED.


RELATIVE HUMIDITY (PERCENT)
 HIGHEST    91           600 AM
 LOWEST     66           400 PM
 AVERAGE    79

..........................................................


THE ABERDEEN SD CLIMATE NORMALS FOR TODAY
                         NORMAL    RECORD    YEAR
 MAXIMUM TEMPERATURE (F)   30        59      2000
                                             1958
 MINIMUM TEMPERATURE (F)   10       -24      1918


SUNRISE AND SUNSET
FEBRUARY 22 2018......SUNRISE   724 AM CST   SUNSET   611 PM CST
FEBRUARY 23 2018......SUNRISE   722 AM CST   SUNSET   612 PM CST


-  INDICATES NEGATIVE NUMBERS.
R  INDICATES RECORD WAS SET OR TIED.
MM INDICATES DATA IS MISSING.
T  INDICATES TRACE AMOUNT.




$$
