000
CDUS43 KABR 270911
CLIABR


CLIMATE REPORT
NATIONAL WEATHER SERVICE ABERDEEN SD
410 AM CDT FRI MAY 27 2016


...................................

...THE ABERDEEN SD CLIMATE SUMMARY FOR MAY 26 2016...

CLIMATE NORMAL PERIOD 1981 TO 2010
CLIMATE RECORD PERIOD 1893 TO 2016


WEATHER ITEM   OBSERVED TIME   RECORD YEAR NORMAL DEPARTURE LAST
                VALUE   (LST)  VALUE       VALUE  FROM      YEAR
                                                  NORMAL
..................................................................
TEMPERATURE (F)
 YESTERDAY
  MAXIMUM         79    416 PM  94    1900  71      8       79
  MINIMUM         47    523 AM  30    1992  48     -1       45
  AVERAGE         63                        60      3       62

PRECIPITATION (IN)
  YESTERDAY        0.12          2.40 1906   0.09   0.03      T
  MONTH TO DATE    1.56                      2.62  -1.06     5.86
  SINCE MAR 1      5.68                      5.63   0.05     6.64
  SINCE JAN 1      6.37                      6.65  -0.28     7.69

DEGREE DAYS
 HEATING
  YESTERDAY        2                         6     -4        3
  MONTH TO DATE  203                       257    -54      268
  SINCE MAR 1   1525                      1965   -440     1681
  SINCE JUL 1   6762                      8428  -1666     7949

 COOLING
  YESTERDAY        0                         1     -1        0
  MONTH TO DATE   26                        16     10        2
  SINCE MAR 1     27                        18      9        2
  SINCE JAN 1     27                        18      9        2
..................................................................


WIND (MPH)
  HIGHEST WIND SPEED    21   HIGHEST WIND DIRECTION    SW (230)
  HIGHEST GUST SPEED    29   HIGHEST GUST DIRECTION    SW (230)
  AVERAGE WIND SPEED     8.8


SKY COVER
  POSSIBLE SUNSHINE  MM
  AVERAGE SKY COVER 0.2


WEATHER CONDITIONS
 THE FOLLOWING WEATHER WAS RECORDED YESTERDAY.
  THUNDERSTORM
  LIGHT RAIN


RELATIVE HUMIDITY (PERCENT)
 HIGHEST    93           500 AM
 LOWEST     37           500 PM
 AVERAGE    65

..........................................................


THE ABERDEEN SD CLIMATE NORMALS FOR TODAY
                         NORMAL    RECORD    YEAR
 MAXIMUM TEMPERATURE (F)   72        98      1934
 MINIMUM TEMPERATURE (F)   48        28      1907


SUNRISE AND SUNSET
MAY 27 2016...........SUNRISE   552 AM CDT   SUNSET   911 PM CDT
MAY 28 2016...........SUNRISE   551 AM CDT   SUNSET   912 PM CDT


-  INDICATES NEGATIVE NUMBERS.
R  INDICATES RECORD WAS SET OR TIED.
MM INDICATES DATA IS MISSING.
T  INDICATES TRACE AMOUNT.




$$
