000
CDUS43 KABR 172227
CLIABR


CLIMATE REPORT
NATIONAL WEATHER SERVICE ABERDEEN SD
526 PM CDT WED SEP 17 2014


...................................

...THE ABERDEEN SD CLIMATE SUMMARY FOR SEPTEMBER 17 2014...
VALID TODAY AS OF 0500 PM LOCAL TIME.

CLIMATE NORMAL PERIOD 1981 TO 2010
CLIMATE RECORD PERIOD 1893 TO 2014


WEATHER ITEM   OBSERVED TIME   RECORD YEAR NORMAL DEPARTURE LAST
                VALUE   (LST)  VALUE       VALUE  FROM      YEAR
                                                  NORMAL
..................................................................
TEMPERATURE (F)
 TODAY
  MAXIMUM         73    324 PM  97    1955  72      1       67
                                      1920
  MINIMUM         39    617 AM  28    1903  45     -6       50
  AVERAGE         56                        58     -2       59

PRECIPITATION (IN)
  TODAY            0.00          2.50 1967   0.07  -0.07     0.00
  MONTH TO DATE    0.22                      1.27  -1.05     0.68
  SINCE SEP 1      0.22                      1.27  -1.05     0.68
  SINCE JAN 1     15.85                     17.56  -1.71    14.44

DEGREE DAYS
 HEATING
  TODAY            9                         8      1        6
  MONTH TO DATE  156                        89     67       51
  SINCE SEP 1    156                        89     67       51
  SINCE JUL 1    218                       140     78      102

 COOLING
  TODAY            0                         1     -1        0
  MONTH TO DATE    5                        33    -28       64
  SINCE SEP 1      5                        33    -28       64
  SINCE JAN 1    309                       516   -207      553
..................................................................


WIND (MPH)
  HIGHEST WIND SPEED    15   HIGHEST WIND DIRECTION    NE (60)
  HIGHEST GUST SPEED    19   HIGHEST GUST DIRECTION    NE (30)
  AVERAGE WIND SPEED     5.4


SKY COVER
  POSSIBLE SUNSHINE  MM
  AVERAGE SKY COVER 0.3


WEATHER CONDITIONS
 THE FOLLOWING WEATHER WAS RECORDED TODAY.
  FOG
  FOG W/VISIBILITY <= 1/4 MILE


RELATIVE HUMIDITY (PERCENT)
 HIGHEST   100           100 AM
 LOWEST     44           200 PM
 AVERAGE    72

..........................................................


THE ABERDEEN SD CLIMATE NORMALS FOR TOMORROW
                         NORMAL    RECORD    YEAR
 MAXIMUM TEMPERATURE (F)   71        95      2000
 MINIMUM TEMPERATURE (F)   45        22      1896


SUNRISE AND SUNSET
SEPTEMBER 17 2014.....SUNRISE   715 AM CDT   SUNSET   741 PM CDT
SEPTEMBER 18 2014.....SUNRISE   716 AM CDT   SUNSET   739 PM CDT


-  INDICATES NEGATIVE NUMBERS.
R  INDICATES RECORD WAS SET OR TIED.
MM INDICATES DATA IS MISSING.
T  INDICATES TRACE AMOUNT.


&&

PEAK WIND WAS 19 MPH FROM THE NORTHEAST AT 230 PM CDT.

$$
