000
CDUS43 KABR 010915
CLIABR


CLIMATE REPORT
NATIONAL WEATHER SERVICE ABERDEEN SD
415 AM CDT SUN MAY 1 2016


...................................

...THE ABERDEEN SD CLIMATE SUMMARY FOR APRIL 30 2016...

CLIMATE NORMAL PERIOD 1981 TO 2010
CLIMATE RECORD PERIOD 1893 TO 2016


WEATHER ITEM   OBSERVED TIME   RECORD YEAR NORMAL DEPARTURE LAST
                VALUE   (LST)  VALUE       VALUE  FROM      YEAR
                                                  NORMAL
..................................................................
TEMPERATURE (F)
 YESTERDAY
  MAXIMUM         60    403 PM  98    1992  64     -4       81
  MINIMUM         37    217 AM   5    1966  38     -1       33
  AVERAGE         49                        51     -2       57

PRECIPITATION (IN)
  YESTERDAY        0.00          1.58 1953   0.09  -0.09     0.04
  MONTH TO DATE    3.66                      1.85   1.81     0.55
  SINCE MAR 1      4.12                      3.01   1.11     0.78
  SINCE JAN 1      4.81                      4.03   0.78     1.83

SNOWFALL (IN)
  YESTERDAY        0.0
  MONTH TO DATE    T
  SINCE OCT 1     26.5
  SINCE JUL 1     26.5
  SNOW DEPTH       0

DEGREE DAYS
 HEATING
  YESTERDAY       16                        14      2        8
  MONTH TO DATE  568                       621    -53      488
  SINCE MAR 1   1322                      1708   -386     1413
  SINCE JUL 1   6559                      8171  -1612     7681

 COOLING
  YESTERDAY        0                         0      0        0
  MONTH TO DATE    1                         2     -1        0
  SINCE MAR 1      1                         2     -1        0
  SINCE JAN 1      1                         2     -1        0
..................................................................


WIND (MPH)
  HIGHEST WIND SPEED    29   HIGHEST WIND DIRECTION    NE (50)
  HIGHEST GUST SPEED    39   HIGHEST GUST DIRECTION    NE (60)
  AVERAGE WIND SPEED    14.6


SKY COVER
  POSSIBLE SUNSHINE  MM
  AVERAGE SKY COVER 0.2


WEATHER CONDITIONS
 THE FOLLOWING WEATHER WAS RECORDED YESTERDAY.
  NO SIGNIFICANT WEATHER WAS OBSERVED.


RELATIVE HUMIDITY (PERCENT)
 HIGHEST    92           100 AM
 LOWEST     36           400 PM
 AVERAGE    64

..........................................................


THE ABERDEEN SD CLIMATE NORMALS FOR TODAY
                         NORMAL    RECORD    YEAR
 MAXIMUM TEMPERATURE (F)   64       102      1959
 MINIMUM TEMPERATURE (F)   38        19      1961


SUNRISE AND SUNSET
MAY  1 2016...........SUNRISE   621 AM CDT   SUNSET   841 PM CDT
MAY  2 2016...........SUNRISE   620 AM CDT   SUNSET   842 PM CDT


-  INDICATES NEGATIVE NUMBERS.
R  INDICATES RECORD WAS SET OR TIED.
MM INDICATES DATA IS MISSING.
T  INDICATES TRACE AMOUNT.




$$
