012
CDUS43 KABR 101547
CLIABR


CLIMATE REPORT
NATIONAL WEATHER SERVICE ABERDEEN SD
947 AM CST SAT DEC 10 2016


...................................

...THE ABERDEEN SD CLIMATE SUMMARY FOR DECEMBER 9 2016...

CLIMATE NORMAL PERIOD 1981 TO 2010
CLIMATE RECORD PERIOD 1893 TO 2016


WEATHER ITEM   OBSERVED TIME   RECORD YEAR NORMAL DEPARTURE LAST
                VALUE   (LST)  VALUE       VALUE  FROM      YEAR
                                                  NORMAL
..................................................................
TEMPERATURE (F)
 YESTERDAY
  MAXIMUM          9   1241 PM  61    1939  27    -18       41
  MINIMUM         -9    411 AM -27    1955   8    -17       23
  AVERAGE          0                        17    -17       32

PRECIPITATION (IN)
  YESTERDAY        0.00          0.25 1924   0.02  -0.02     0.00
                                      1903
  MONTH TO DATE    0.01                      0.16  -0.15     0.24
  SINCE DEC 1      0.01                      0.16  -0.15     0.24
  SINCE JAN 1     18.82                     21.36  -2.54    20.78

SNOWFALL (IN)
  YESTERDAY        0.0
  MONTH TO DATE    0.5
  SINCE OCT 1      5.7
  SINCE JUL 1      5.7
  SNOW DEPTH       T

DEGREE DAYS
 HEATING
  YESTERDAY       65                        48     17       33
  MONTH TO DATE  408                       414     -6      341
  SINCE DEC 1    408                       414     -6      341
  SINCE JUL 1   1758                      2377   -619     1753

 COOLING
  YESTERDAY        0                         0      0        0
  MONTH TO DATE    0                         0      0        0
  SINCE DEC 1      0                         0      0        0
  SINCE JAN 1    722                       525    197      677
..................................................................


WIND (MPH)
  HIGHEST WIND SPEED    10   HIGHEST WIND DIRECTION     N (340)
  HIGHEST GUST SPEED    13   HIGHEST GUST DIRECTION     N (360)
  AVERAGE WIND SPEED     6.3


SKY COVER
  POSSIBLE SUNSHINE  MM
  AVERAGE SKY COVER 0.3


WEATHER CONDITIONS
 THE FOLLOWING WEATHER WAS RECORDED YESTERDAY.
  HAZE


RELATIVE HUMIDITY (PERCENT)
 HIGHEST    83          1200 AM
 LOWEST     57           100 PM
 AVERAGE    70

..........................................................


THE ABERDEEN SD CLIMATE NORMALS FOR TODAY
                         NORMAL    RECORD    YEAR
 MAXIMUM TEMPERATURE (F)   27        58      1979
 MINIMUM TEMPERATURE (F)    7       -29      1972


SUNRISE AND SUNSET
DECEMBER 10 2016......SUNRISE   803 AM CST   SUNSET   450 PM CST
DECEMBER 11 2016......SUNRISE   804 AM CST   SUNSET   450 PM CST


-  INDICATES NEGATIVE NUMBERS.
R  INDICATES RECORD WAS SET OR TIED.
MM INDICATES DATA IS MISSING.
T  INDICATES TRACE AMOUNT.




$$
