000
CDUS43 KABR 132227
CLIABR


CLIMATE REPORT
NATIONAL WEATHER SERVICE ABERDEEN SD
526 PM CDT SUN JUL 13 2014


...................................

...THE ABERDEEN SD CLIMATE SUMMARY FOR JULY 13 2014...
VALID TODAY AS OF 0500 PM LOCAL TIME.

CLIMATE NORMAL PERIOD 1981 TO 2010
CLIMATE RECORD PERIOD 1893 TO 2014


WEATHER ITEM   OBSERVED TIME   RECORD YEAR NORMAL DEPARTURE LAST
                VALUE   (LST)  VALUE       VALUE  FROM      YEAR
                                                  NORMAL
..................................................................
TEMPERATURE (F)
 TODAY
  MAXIMUM         78    343 PM 106    1936  84     -6       88
  MINIMUM         51    509 AM  44    1987  59     -8       71
  AVERAGE         65                        71     -6       80

PRECIPITATION (IN)
  TODAY            0.00          1.85 1937   0.11  -0.11     0.00
  MONTH TO DATE    0.50                      1.39  -0.89     2.25
  SINCE JUN 1      3.81                      5.09  -1.28     4.45
  SINCE JAN 1      9.24                     12.23  -2.99    12.97

DEGREE DAYS
 COOLING
  TODAY            0                         7     -7       15
  MONTH TO DATE   54                        82    -28      105
  SINCE JUN 1    100                       174    -74      201
  SINCE JAN 1    142                       197    -55      222
..................................................................


WIND (MPH)
  HIGHEST WIND SPEED    23   HIGHEST WIND DIRECTION    NW (330)
  HIGHEST GUST SPEED    29   HIGHEST GUST DIRECTION    NW (320)
  AVERAGE WIND SPEED    11.6


SKY COVER
  POSSIBLE SUNSHINE  MM
  AVERAGE SKY COVER 0.0


WEATHER CONDITIONS
 THE FOLLOWING WEATHER WAS RECORDED TODAY.
  NO SIGNIFICANT WEATHER WAS OBSERVED.


RELATIVE HUMIDITY (PERCENT)
 HIGHEST   100           400 AM
 LOWEST     26           400 PM
 AVERAGE    63

..........................................................


THE ABERDEEN SD CLIMATE NORMALS FOR TOMORROW
                         NORMAL    RECORD    YEAR
 MAXIMUM TEMPERATURE (F)   84       106      1931
                                             1901
 MINIMUM TEMPERATURE (F)   59        42      1967


SUNRISE AND SUNSET
JULY 13 2014..........SUNRISE   558 AM CDT   SUNSET   921 PM CDT
JULY 14 2014..........SUNRISE   559 AM CDT   SUNSET   920 PM CDT


-  INDICATES NEGATIVE NUMBERS.
R  INDICATES RECORD WAS SET OR TIED.
MM INDICATES DATA IS MISSING.
T  INDICATES TRACE AMOUNT.

&&

PEAK WIND WAS 29 MPH FROM THE NORTHWEST AT 310 PM CDT.




$$
