000
CDUS42 KTAE 072235
CLIABY


CLIMATE REPORT
NATIONAL WEATHER SERVICE TALLAHASSEE FL
534 PM EST WED DEC 7 2016


...................................

...THE ALBANY CLIMATE SUMMARY FOR DECEMBER 7 2016...
VALID TODAY AS OF 0500 PM LOCAL TIME.

CLIMATE NORMAL PERIOD 1981 TO 2010
CLIMATE RECORD PERIOD 1930 TO 2016


WEATHER ITEM   OBSERVED TIME   RECORD YEAR NORMAL DEPARTURE LAST
                VALUE   (LST)  VALUE       VALUE  FROM      YEAR
                                                  NORMAL
..................................................................
TEMPERATURE (F)
 TODAY
  MAXIMUM         60   1235 AM  80    2004  64     -4       72
                                      1943
  MINIMUM         56    949 AM  17    1937  41     15       41
  AVERAGE         58                        52      6       57

PRECIPITATION (IN)
  TODAY            0.00                      0.15  -0.15     0.00
  MONTH TO DATE    7.78                      1.04   6.74     1.95
  SINCE DEC 1      7.78                      1.04   6.74     1.95
  SINCE JAN 1     46.14                     45.86   0.28    44.64

..................................................................







THE ALBANY CLIMATE NORMALS FOR TOMORROW
                         NORMAL    RECORD    YEAR
 MAXIMUM TEMPERATURE (F)   64        85      1978
 MINIMUM TEMPERATURE (F)   41        21      1965



-  INDICATES NEGATIVE NUMBERS.
R  INDICATES RECORD WAS SET OR TIED.
MM INDICATES DATA IS MISSING.
T  INDICATES TRACE AMOUNT.




$$
