000
CDUS42 KTAE 250634
CLIABY


CLIMATE REPORT
NATIONAL WEATHER SERVICE TALLAHASSEE FL
232 AM EDT THU AUG 25 2016


...................................

...THE ALBANY CLIMATE SUMMARY FOR AUGUST 24 2016...

CLIMATE NORMAL PERIOD 1981 TO 2010
CLIMATE RECORD PERIOD 1930 TO 2016


WEATHER ITEM   OBSERVED TIME   RECORD YEAR NORMAL DEPARTURE LAST
                VALUE   (LST)  VALUE       VALUE  FROM      YEAR
                                                  NORMAL
..................................................................
TEMPERATURE (F)
 YESTERDAY
  MAXIMUM         94    255 PM 102    1938  92      2       95
  MINIMUM         75    635 AM  59    1957  72      3       73
  AVERAGE         85                        82      3       84

PRECIPITATION (IN)
  YESTERDAY        0.00                      0.16  -0.16     0.00
  MONTH TO DATE    4.04                      3.92   0.12     4.29
  SINCE JUN 1     10.68                     14.32  -3.64    14.19
  SINCE JAN 1     33.41                     34.68  -1.27    30.05

SNOWFALL (IN)
  YESTERDAY        0.0

DEGREE DAYS
 HEATING
  YESTERDAY        0                         0      0        0
  MONTH TO DATE    0                         0      0        0
  SINCE JUN 1      0                         0      0        0
  SINCE JUL 1      0                         0      0        0

 COOLING
  YESTERDAY       20                        17      3       19
  MONTH TO DATE  470                       408     62      455
  SINCE JUN 1   1611                      1414    197     1546
  SINCE JAN 1   2103                      1854    249     2150
..................................................................


WIND (MPH)
  HIGHEST WIND SPEED    14   HIGHEST WIND DIRECTION    SE (120)
  HIGHEST GUST SPEED    18   HIGHEST GUST DIRECTION     E (90)
  AVERAGE WIND SPEED     6.0




RELATIVE HUMIDITY (PERCENT)
 HIGHEST    94
 LOWEST     41
 AVERAGE    68

..........................................................


THE ALBANY CLIMATE NORMALS FOR TODAY
                         NORMAL    RECORD    YEAR
 MAXIMUM TEMPERATURE (F)   92       104      1938
 MINIMUM TEMPERATURE (F)   72        60      1969


SUNRISE AND SUNSET
AUGUST 25 2016........SUNRISE   709 AM EDT   SUNSET   808 PM EDT
AUGUST 26 2016........SUNRISE   709 AM EDT   SUNSET   807 PM EDT


-  INDICATES NEGATIVE NUMBERS.
R  INDICATES RECORD WAS SET OR TIED.
MM INDICATES DATA IS MISSING.
T  INDICATES TRACE AMOUNT.




$$
