000
CDUS42 KTAE 280633
CLIABY


CLIMATE REPORT
NATIONAL WEATHER SERVICE TALLAHASSEE FL
232 AM EDT WED JUN 28 2017


...................................

...THE ALBANY CLIMATE SUMMARY FOR JUNE 27 2017...

CLIMATE NORMAL PERIOD 1981 TO 2010
CLIMATE RECORD PERIOD 1930 TO 2017


WEATHER ITEM   OBSERVED TIME   RECORD YEAR NORMAL DEPARTURE LAST
                VALUE   (LST)  VALUE       VALUE  FROM      YEAR
                                                  NORMAL
..................................................................
TEMPERATURE (F)
 YESTERDAY
  MAXIMUM         88    159 PM 103    1952  92     -4       93
  MINIMUM         72    622 AM  62    1990  72      0       70
  AVERAGE         80                        82     -2       82

PRECIPITATION (IN)
  YESTERDAY        0.00                      0.16  -0.16     0.00
  MONTH TO DATE    3.53                      4.47  -0.94     3.94
  SINCE JUN 1      3.53                      4.47  -0.94     3.94
  SINCE JAN 1     22.53                     24.83  -2.30    26.67

SNOWFALL (IN)
  YESTERDAY        0.0

DEGREE DAYS
 HEATING
  YESTERDAY        0                         0      0        0
  MONTH TO DATE    0                         0      0        0
  SINCE JUN 1      0                         0      0        0
  SINCE JUL 1   1002                      1838   -836     1290

 COOLING
  YESTERDAY       15                        17     -2       17
  MONTH TO DATE  393                       414    -21      463
  SINCE JUN 1    393                       414    -21      463
  SINCE JAN 1   1023                       854    169      955
..................................................................


WIND (MPH)
  HIGHEST WIND SPEED    13   HIGHEST WIND DIRECTION     N (360)
  HIGHEST GUST SPEED    19   HIGHEST GUST DIRECTION    NE (40)
  AVERAGE WIND SPEED     4.2




RELATIVE HUMIDITY (PERCENT)
 HIGHEST    87
 LOWEST     50
 AVERAGE    69

..........................................................


THE ALBANY CLIMATE NORMALS FOR TODAY
                         NORMAL    RECORD    YEAR
 MAXIMUM TEMPERATURE (F)   92       105      1952
 MINIMUM TEMPERATURE (F)   72        56      1968


SUNRISE AND SUNSET
JUNE 28 2017..........SUNRISE   634 AM EDT   SUNSET   846 PM EDT
JUNE 29 2017..........SUNRISE   635 AM EDT   SUNSET   846 PM EDT


-  INDICATES NEGATIVE NUMBERS.
R  INDICATES RECORD WAS SET OR TIED.
MM INDICATES DATA IS MISSING.
T  INDICATES TRACE AMOUNT.




$$
