000
CDUS42 KTAE 220635
CLIABY


CLIMATE REPORT
NATIONAL WEATHER SERVICE TALLAHASSEE FL
234 AM EDT TUE AUG 22 2017


...................................

...THE ALBANY CLIMATE SUMMARY FOR AUGUST 21 2017...

CLIMATE NORMAL PERIOD 1981 TO 2010
CLIMATE RECORD PERIOD 1930 TO 2017


WEATHER ITEM   OBSERVED TIME   RECORD YEAR NORMAL DEPARTURE LAST
                VALUE   (LST)  VALUE       VALUE  FROM      YEAR
                                                  NORMAL
..................................................................
TEMPERATURE (F)
 YESTERDAY
  MAXIMUM         94    327 PM 101    1983  92      2       96
  MINIMUM         75    650 AM  60    1991  72      3       75
  AVERAGE         85                        82      3       86

PRECIPITATION (IN)
  YESTERDAY        0.00                      0.17  -0.17      T
  MONTH TO DATE    1.78                      3.45  -1.67     3.50
  SINCE JUN 1     12.56                     13.85  -1.29    10.14
  SINCE JAN 1     31.56                     34.21  -2.65    32.87

SNOWFALL (IN)
  YESTERDAY        0.0

DEGREE DAYS
 HEATING
  YESTERDAY        0                         0      0        0
  MONTH TO DATE    0                         0      0        0
  SINCE JUN 1      0                         0      0        0
  SINCE JUL 1      0                         0      0        0

 COOLING
  YESTERDAY       20                        17      3       21
  MONTH TO DATE  388                       357     31      405
  SINCE JUN 1   1394                      1363     31     1546
  SINCE JAN 1   2024                      1803    221     2038
..................................................................


WIND (MPH)
  HIGHEST WIND SPEED    14   HIGHEST WIND DIRECTION    NE (50)
  HIGHEST GUST SPEED    17   HIGHEST GUST DIRECTION    NE (60)
  AVERAGE WIND SPEED     4.6




RELATIVE HUMIDITY (PERCENT)
 HIGHEST    94
 LOWEST     49
 AVERAGE    72

..........................................................


THE ALBANY CLIMATE NORMALS FOR TODAY
                         NORMAL    RECORD    YEAR
 MAXIMUM TEMPERATURE (F)   92       101      1980
 MINIMUM TEMPERATURE (F)   72        60      1991


SUNRISE AND SUNSET
AUGUST 22 2017........SUNRISE   707 AM EDT   SUNSET   812 PM EDT
AUGUST 23 2017........SUNRISE   707 AM EDT   SUNSET   811 PM EDT


-  INDICATES NEGATIVE NUMBERS.
R  INDICATES RECORD WAS SET OR TIED.
MM INDICATES DATA IS MISSING.
T  INDICATES TRACE AMOUNT.




$$
