885
CDUS42 KTAE 270635
CLIABY


CLIMATE REPORT
NATIONAL WEATHER SERVICE TALLAHASSEE FL
134 AM EST MON FEB 27 2017


...................................

...THE ALBANY CLIMATE SUMMARY FOR FEBRUARY 26 2017...

CLIMATE NORMAL PERIOD 1981 TO 2010
CLIMATE RECORD PERIOD 1930 TO 2017


WEATHER ITEM   OBSERVED TIME   RECORD YEAR NORMAL DEPARTURE LAST
                VALUE   (LST)  VALUE       VALUE  FROM      YEAR
                                                  NORMAL
..................................................................
TEMPERATURE (F)
 YESTERDAY
  MAXIMUM         70    349 PM  84    1944  67      3       57
  MINIMUM         36    728 AM  17    1989  42     -6       37
  AVERAGE         53                        55     -2       47

PRECIPITATION (IN)
  YESTERDAY        0.00                      0.17  -0.17     0.00
  MONTH TO DATE    2.52                      3.82  -1.30     6.65
  SINCE DEC 1     21.98                     12.39   9.59    17.17
  SINCE JAN 1     11.30                      8.64   2.66    10.31

SNOWFALL (IN)
  YESTERDAY        0.0

DEGREE DAYS
 HEATING
  YESTERDAY       12                        11      1       18
  MONTH TO DATE  134                       336   -202      304
  SINCE DEC 1    657                      1270   -613      973
  SINCE JUL 1    798                      1540   -742     1097

 COOLING
  YESTERDAY        0                         1     -1        0
  MONTH TO DATE   16                         1     15        3
  SINCE DEC 1     59                        14     45       79
  SINCE JAN 1     36                         5     31        3
..................................................................


WIND (MPH)
  HIGHEST WIND SPEED    10   HIGHEST WIND DIRECTION    NE (50)
  HIGHEST GUST SPEED    14   HIGHEST GUST DIRECTION    NE (40)
  AVERAGE WIND SPEED     3.5




RELATIVE HUMIDITY (PERCENT)
 HIGHEST    70
 LOWEST     15
 AVERAGE    43

..........................................................


THE ALBANY CLIMATE NORMALS FOR TODAY
                         NORMAL    RECORD    YEAR
 MAXIMUM TEMPERATURE (F)   68        85      1944
 MINIMUM TEMPERATURE (F)   42        19      1967


SUNRISE AND SUNSET
FEBRUARY 27 2017......SUNRISE   706 AM EST   SUNSET   634 PM EST
FEBRUARY 28 2017......SUNRISE   704 AM EST   SUNSET   634 PM EST


-  INDICATES NEGATIVE NUMBERS.
R  INDICATES RECORD WAS SET OR TIED.
MM INDICATES DATA IS MISSING.
T  INDICATES TRACE AMOUNT.




$$
