000
CDUS42 KTAE 172159
CLIABY


CLIMATE REPORT
NATIONAL WEATHER SERVICE TALLAHASSEE FL
558 PM EDT WED SEP 17 2014


...................................

...THE ALBANY CLIMATE SUMMARY FOR SEPTEMBER 17 2014...
VALID TODAY AS OF 0500 PM LOCAL TIME.

CLIMATE NORMAL PERIOD 1981 TO 2010
CLIMATE RECORD PERIOD 1930 TO 2014


WEATHER ITEM   OBSERVED TIME   RECORD YEAR NORMAL DEPARTURE LAST
                VALUE   (LST)  VALUE       VALUE  FROM      YEAR
                                                  NORMAL
..................................................................
TEMPERATURE (F)
 TODAY
  MAXIMUM         91    226 PM 100    1972  88      3       91
  MINIMUM         70    651 AM  52    1961  67      3       72
  AVERAGE         81                        78      3       82

PRECIPITATION (IN)
  TODAY            0.00                      0.09  -0.09      T
  MONTH TO DATE    6.81                      2.29   4.52     0.21
  SINCE SEP 1      6.81                      2.29   4.52     0.21
  SINCE JAN 1     31.94                     37.89  -5.95    41.57

..................................................................







THE ALBANY CLIMATE NORMALS FOR TOMORROW
                         NORMAL    RECORD    YEAR
 MAXIMUM TEMPERATURE (F)   88        98      2005
                                             1933
 MINIMUM TEMPERATURE (F)   67        52      1981



-  INDICATES NEGATIVE NUMBERS.
R  INDICATES RECORD WAS SET OR TIED.
MM INDICATES DATA IS MISSING.
T  INDICATES TRACE AMOUNT.




$$
