000
CDUS44 KFWD 170638
CLIACT


CLIMATE REPORT
NATIONAL WEATHER SERVICE FORT WORTH TX
1237 AM CST SUN DEC 17 2017


...................................

...THE WACO CLIMATE SUMMARY FOR DECEMBER 16 2017...

CLIMATE NORMAL PERIOD 1981 TO 2010
CLIMATE RECORD PERIOD 1901 TO 2017


WEATHER ITEM   OBSERVED TIME   RECORD YEAR NORMAL DEPARTURE LAST
                VALUE   (LST)  VALUE       VALUE  FROM      YEAR
                                                  NORMAL
..................................................................
TEMPERATURE (F)
 YESTERDAY
  MAXIMUM         54    121 PM  84    1977  59     -5       66
  MINIMUM         32   1250 AM  11    1989  37     -5       49
  AVERAGE         43                        48     -5       58

PRECIPITATION (IN)
  YESTERDAY        0.66          2.82 1906   0.09   0.57     0.00
  MONTH TO DATE    0.80                      1.42  -0.62     1.12
  SINCE DEC 1      0.80                      1.42  -0.62     1.12
  SINCE JAN 1     32.46                     33.36  -0.90    38.40

SNOWFALL (IN)
  YESTERDAY       MM             1.0  1932   0.0   MM        0.0
  MONTH TO DATE    T                         0.0    0.0      0.0
  SINCE DEC 1      T                         0.0    0.0      0.0
  SINCE JUL 1      T                         0.1   -0.1      0.0
  SNOW DEPTH       0

DEGREE DAYS
 HEATING
  YESTERDAY       22                        17      5        7
  MONTH TO DATE  233                       251    -18      259
  SINCE DEC 1    233                       251    -18      259
  SINCE JUL 1    474                       579   -105      402

 COOLING
  YESTERDAY        0                         0      0        0
  MONTH TO DATE    9                         0      9        0
  SINCE DEC 1      9                         0      9        0
  SINCE JAN 1   3065                      2792    273     3041
..................................................................


WIND (MPH)
  HIGHEST WIND SPEED    21   HIGHEST WIND DIRECTION     S (160)
  HIGHEST GUST SPEED    23   HIGHEST GUST DIRECTION     S (160)
  AVERAGE WIND SPEED     6.1


SKY COVER
  POSSIBLE SUNSHINE  MM
  AVERAGE SKY COVER 0.6


WEATHER CONDITIONS
 THE FOLLOWING WEATHER WAS RECORDED YESTERDAY.
  HEAVY RAIN
  RAIN
  LIGHT RAIN
  FOG


RELATIVE HUMIDITY (PERCENT)
 HIGHEST    92           800 PM
 LOWEST     50          1200 PM
 AVERAGE    71

..........................................................


THE WACO CLIMATE NORMALS FOR TODAY
                         NORMAL    RECORD    YEAR
 MAXIMUM TEMPERATURE (F)   58        81      1990
                                             1908
 MINIMUM TEMPERATURE (F)   37        18      1932


SUNRISE AND SUNSET
DECEMBER 17 2017......SUNRISE   722 AM CST   SUNSET   528 PM CST
DECEMBER 18 2017......SUNRISE   723 AM CST   SUNSET   528 PM CST


-  INDICATES NEGATIVE NUMBERS.
R  INDICATES RECORD WAS SET OR TIED.
MM INDICATES DATA IS MISSING.
T  INDICATES TRACE AMOUNT.




$$
