000
CDUS44 KFWD 200650
CLIACT


CLIMATE REPORT
NATIONAL WEATHER SERVICE FORT WORTH TX
148 AM CDT FRI OCT 20 2017

...................................

...THE WACO CLIMATE SUMMARY FOR OCTOBER 19 2017...

CLIMATE NORMAL PERIOD 1981 TO 2010
CLIMATE RECORD PERIOD 1901 TO 2017


WEATHER ITEM   OBSERVED TIME   RECORD YEAR NORMAL DEPARTURE LAST
                VALUE   (LST)  VALUE       VALUE  FROM      YEAR
                                                  NORMAL
..................................................................
TEMPERATURE (F)
 YESTERDAY
  MAXIMUM         85    308 PM  94    2004  79      6       90
  MINIMUM         53    634 AM  37    1989  56     -3       74
  AVERAGE         69                        67      2       82

PRECIPITATION (IN)
  YESTERDAY        0.00          2.64 1985   0.14  -0.14     0.00
  MONTH TO DATE    0.12                      2.42  -2.30     0.18
  SINCE SEP 1      0.63                      5.48  -4.85     0.90
  SINCE JAN 1     29.34                     27.64   1.70    32.88

SNOWFALL (IN)
  YESTERDAY        0.0           0.0    MM   0.0    0.0      0.0
  MONTH TO DATE    0.0                       0.0    0.0      0.0
  SINCE SEP 1      0.0                       0.0    0.0      0.0
  SINCE JUL 1      0.0                       0.0    0.0      0.0
  SNOW DEPTH       0

DEGREE DAYS
 HEATING
  YESTERDAY        0                         2     -2        0
  MONTH TO DATE   10                        24    -14        0
  SINCE SEP 1     10                        30    -20        0
  SINCE JUL 1     10                        30    -20        0

 COOLING
  YESTERDAY        4                         4      0       17
  MONTH TO DATE  167                       118     49      202
  SINCE SEP 1    602                       517     85      672
  SINCE JAN 1   2942                      2712    230     2912
..................................................................

WIND (MPH)
  HIGHEST WIND SPEED    15   HIGHEST WIND DIRECTION    SE (150)
  HIGHEST GUST SPEED    20   HIGHEST GUST DIRECTION    SE (150)
  AVERAGE WIND SPEED     8.1


SKY COVER
  POSSIBLE SUNSHINE  MM
  AVERAGE SKY COVER 0.0


WEATHER CONDITIONS
 THE FOLLOWING WEATHER WAS RECORDED YESTERDAY.
  FOG
  HAZE


RELATIVE HUMIDITY (PERCENT)
 HIGHEST    87           500 AM
 LOWEST     37           200 PM
 AVERAGE    62

..........................................................

THE WACO CLIMATE NORMALS FOR TODAY
                         NORMAL    RECORD    YEAR
 MAXIMUM TEMPERATURE (F)   79        92      2005
                                             1978
 MINIMUM TEMPERATURE (F)   56        33      1976


SUNRISE AND SUNSET
OCTOBER 20 2017.......SUNRISE   736 AM CDT   SUNSET   651 PM CDT
OCTOBER 21 2017.......SUNRISE   737 AM CDT   SUNSET   650 PM CDT


-  INDICATES NEGATIVE NUMBERS.
R  INDICATES RECORD WAS SET OR TIED.
MM INDICATES DATA IS MISSING.
T  INDICATES TRACE AMOUNT.

$$
