000
CDUS44 KFWD 060642
CLIACT


CLIMATE REPORT
NATIONAL WEATHER SERVICE FORT WORTH TX
141 AM CDT MON JUL 6 2015


...................................

...THE WACO CLIMATE SUMMARY FOR JULY 5 2015...

CLIMATE NORMAL PERIOD 1981 TO 2010
CLIMATE RECORD PERIOD 1901 TO 2015


WEATHER ITEM   OBSERVED TIME   RECORD YEAR NORMAL DEPARTURE LAST
                VALUE   (LST)  VALUE       VALUE  FROM      YEAR
                                                  NORMAL
..................................................................
TEMPERATURE (F)
 YESTERDAY
  MAXIMUM         93    348 PM 104    1911  95     -2       92
  MINIMUM         76    545 AM  60    1940  74      2       69
  AVERAGE         85                        84      1       81

PRECIPITATION (IN)
  YESTERDAY        0.00          1.15 1983   0.07  -0.07     0.00
  MONTH TO DATE    0.00                      0.33  -0.33      T
  SINCE JUN 1      5.97                      3.76   2.21     8.31
  SINCE JAN 1     27.31                     18.65   8.66    19.45

DEGREE DAYS
 HEATING
  YESTERDAY        0                         0      0        0
  MONTH TO DATE    0                         0      0        0
  SINCE JUN 1      0                         0      0        0
  SINCE JUL 1      0                         0      0        0

 COOLING
  YESTERDAY       20                        19      1       16
  MONTH TO DATE   93                        95     -2       84
  SINCE JUN 1    597                       583     14      565
  SINCE JAN 1   1032                      1035     -3      952
..................................................................


WIND (MPH)
  HIGHEST WIND SPEED    22   HIGHEST WIND DIRECTION     S (180)
  HIGHEST GUST SPEED    28   HIGHEST GUST DIRECTION     S (170)
  AVERAGE WIND SPEED    15.4


SKY COVER
  POSSIBLE SUNSHINE  MM
  AVERAGE SKY COVER 0.2


WEATHER CONDITIONS
 THE FOLLOWING WEATHER WAS RECORDED YESTERDAY.
  NO SIGNIFICANT WEATHER WAS OBSERVED.


RELATIVE HUMIDITY (PERCENT)
 HIGHEST    88           300 AM
 LOWEST     46           300 PM
 AVERAGE    67

..........................................................


THE WACO CLIMATE NORMALS FOR TODAY
                         NORMAL    RECORD    YEAR
 MAXIMUM TEMPERATURE (F)   95       103      2011
                                             1998
                                             1996
 MINIMUM TEMPERATURE (F)   74        60      1924


SUNRISE AND SUNSET
JULY  6 2015..........SUNRISE   630 AM CDT   SUNSET   838 PM CDT
JULY  7 2015..........SUNRISE   630 AM CDT   SUNSET   837 PM CDT


-  INDICATES NEGATIVE NUMBERS.
R  INDICATES RECORD WAS SET OR TIED.
MM INDICATES DATA IS MISSING.
T  INDICATES TRACE AMOUNT.




$$
