000
CDUS44 KFWD 110641
CLIACT

CLIMATE REPORT
NATIONAL WEATHER SERVICE FORT WORTH TX
140 AM CDT FRI JUL 11 2014

...THE WACO CLIMATE SUMMARY FOR JULY 10 2014...

CLIMATE NORMAL PERIOD 1981 TO 2010
CLIMATE RECORD PERIOD 1901 TO 2014


WEATHER ITEM   OBSERVED TIME   RECORD YEAR NORMAL DEPARTURE LAST
                VALUE   (LST)  VALUE       VALUE  FROM      YEAR
                                                  NORMAL
..................................................................
TEMPERATURE (F)
 YESTERDAY
  MAXIMUM         95    249 PM 107    1917  96     -1      102
  MINIMUM         72    615 AM  61    1905  74     -2       78
  AVERAGE         84                        85     -1       90

PRECIPITATION (IN)
  YESTERDAY        0.00          2.26 1999   0.06  -0.06     0.00
  MONTH TO DATE    T                         0.63  -0.63     0.00
  SINCE JUN 1      8.31                      4.06   4.25     1.62
  SINCE JAN 1     19.45                     18.95   0.50    15.71

DEGREE DAYS
 HEATING
  YESTERDAY        0                         0      0        0
  MONTH TO DATE    0                         0      0        0
  SINCE JUN 1      0                         0      0        0
  SINCE JUL 1      0                         0      0        0

 COOLING
  YESTERDAY       19                        20     -1       25
  MONTH TO DATE  179                       193    -14      184
  SINCE JUN 1    660                       681    -21      736
  SINCE JAN 1   1047                      1133    -86     1153
..................................................................


WIND (MPH)
  HIGHEST WIND SPEED    21   HIGHEST WIND DIRECTION     S (170)
  HIGHEST GUST SPEED    25   HIGHEST GUST DIRECTION     S (160)
  AVERAGE WIND SPEED    10.8


SKY COVER
  POSSIBLE SUNSHINE  MM
  AVERAGE SKY COVER 0.0


WEATHER CONDITIONS
 THE FOLLOWING WEATHER WAS RECORDED YESTERDAY.
  NO SIGNIFICANT WEATHER WAS OBSERVED.


RELATIVE HUMIDITY (PERCENT)
 HIGHEST    87           400 AM
 LOWEST     38           600 PM
 AVERAGE    63

..........................................................


THE WACO CLIMATE NORMALS FOR TODAY
                         NORMAL    RECORD    YEAR
 MAXIMUM TEMPERATURE (F)   96       106      1998
                                             1917
 MINIMUM TEMPERATURE (F)   74        62      1905


SUNRISE AND SUNSET
JULY 11 2014..........SUNRISE   632 AM CDT   SUNSET   836 PM CDT
JULY 12 2014..........SUNRISE   633 AM CDT   SUNSET   836 PM CDT


-  INDICATES NEGATIVE NUMBERS.
R  INDICATES RECORD WAS SET OR TIED.
MM INDICATES DATA IS MISSING.
T  INDICATES TRACE AMOUNT.




$$
