000
CDUS44 KFWD 240639
CLIACT


CLIMATE REPORT
NATIONAL WEATHER SERVICE FORT WORTH TX
139 AM CDT SAT JUN 24 2017


...................................

...THE WACO CLIMATE SUMMARY FOR JUNE 23 2017...

CLIMATE NORMAL PERIOD 1981 TO 2010
CLIMATE RECORD PERIOD 1901 TO 2017


WEATHER ITEM   OBSERVED TIME   RECORD YEAR NORMAL DEPARTURE LAST
                VALUE   (LST)  VALUE       VALUE  FROM      YEAR
                                                  NORMAL
..................................................................
TEMPERATURE (F)
 YESTERDAY
  MAXIMUM        100    449 PM 105    1933  93      7       95
  MINIMUM         77    538 AM  62    2001  72      5       77
  AVERAGE         89                        83      6       86

PRECIPITATION (IN)
  YESTERDAY        0.00          1.53 1920   0.10  -0.10     0.00
  MONTH TO DATE    1.41                      2.88  -1.47     4.59
  SINCE JUN 1      1.41                      2.88  -1.47     4.59
  SINCE JAN 1     20.72                     17.77   2.95    27.23

DEGREE DAYS
 HEATING
  YESTERDAY        0                         0      0        0
  MONTH TO DATE    0                         0      0        0
  SINCE JUN 1      0                         0      0        0
  SINCE JUL 1   1335                      2142   -807     1691

 COOLING
  YESTERDAY       24                        18      6       21
  MONTH TO DATE  399                       360     39      390
  SINCE JUN 1    399                       360     39      390
  SINCE JAN 1    968                       812    156      781
..................................................................


WIND (MPH)
  HIGHEST WIND SPEED    18   HIGHEST WIND DIRECTION     S (190)
  HIGHEST GUST SPEED    22   HIGHEST GUST DIRECTION     S (190)
  AVERAGE WIND SPEED    11.3


SKY COVER
  POSSIBLE SUNSHINE  MM
  AVERAGE SKY COVER 0.1


WEATHER CONDITIONS
 THE FOLLOWING WEATHER WAS RECORDED YESTERDAY.
  NO SIGNIFICANT WEATHER WAS OBSERVED.


RELATIVE HUMIDITY (PERCENT)
 HIGHEST    94           300 AM
 LOWEST     42           200 PM
 AVERAGE    68

..........................................................


THE WACO CLIMATE NORMALS FOR TODAY
                         NORMAL    RECORD    YEAR
 MAXIMUM TEMPERATURE (F)   93       106      2009
 MINIMUM TEMPERATURE (F)   72        63      1974


SUNRISE AND SUNSET
JUNE 24 2017..........SUNRISE   625 AM CDT   SUNSET   838 PM CDT
JUNE 25 2017..........SUNRISE   625 AM CDT   SUNSET   838 PM CDT


-  INDICATES NEGATIVE NUMBERS.
R  INDICATES RECORD WAS SET OR TIED.
MM INDICATES DATA IS MISSING.
T  INDICATES TRACE AMOUNT.




$$
