000
CDUS44 KFWD 180638
CLIACT

CLIMATE REPORT
NATIONAL WEATHER SERVICE FORT WORTH TX
136 AM CDT THU SEP 18 2014


...................................

...THE WACO CLIMATE SUMMARY FOR SEPTEMBER 17 2014...

CLIMATE NORMAL PERIOD 1981 TO 2010
CLIMATE RECORD PERIOD 1901 TO 2014


WEATHER ITEM   OBSERVED TIME   RECORD YEAR NORMAL DEPARTURE LAST
                VALUE   (LST)  VALUE       VALUE  FROM      YEAR
                                                  NORMAL
..................................................................
TEMPERATURE (F)
 YESTERDAY
  MAXIMUM         94    408 PM 100    1997  89      5       94
                                      1911
  MINIMUM         72    351 AM  48    1903  66      6       71
  AVERAGE         83                        78      5       83

PRECIPITATION (IN)
  YESTERDAY        0.27          2.21 1970   0.10   0.17     0.00
  MONTH TO DATE    1.21                      1.72  -0.51     0.52
  SINCE SEP 1      1.21                      1.72  -0.51     0.52
  SINCE JAN 1     21.79                     23.88  -2.09    21.95

DEGREE DAYS
 HEATING
  YESTERDAY        0                         0      0        0
  MONTH TO DATE    0                         0      0        0
  SINCE SEP 1      0                         0      0        0
  SINCE JUL 1      0                         0      0        0

 COOLING
  YESTERDAY       18                        13      5       18
  MONTH TO DATE  287                       260     27      345
  SINCE SEP 1    287                       260     27      345
  SINCE JAN 1   2362                      2455    -93     2556
..................................................................


WIND (MPH)
  HIGHEST WIND SPEED    20   HIGHEST WIND DIRECTION     S (170)
  HIGHEST GUST SPEED    23   HIGHEST GUST DIRECTION     S (180)
  AVERAGE WIND SPEED     6.6


SKY COVER
  POSSIBLE SUNSHINE  MM
  AVERAGE SKY COVER 0.5


WEATHER CONDITIONS
 THE FOLLOWING WEATHER WAS RECORDED YESTERDAY.
  THUNDERSTORM
  HEAVY RAIN
  RAIN
  LIGHT RAIN
  FOG


RELATIVE HUMIDITY (PERCENT)
 HIGHEST    93           100 AM
 LOWEST     44           400 PM
 AVERAGE    69

..........................................................


THE WACO CLIMATE NORMALS FOR TODAY
                         NORMAL    RECORD    YEAR
 MAXIMUM TEMPERATURE (F)   89       100      1977
 MINIMUM TEMPERATURE (F)   66        47      1903


SUNRISE AND SUNSET
SEPTEMBER 18 2014.....SUNRISE   715 AM CDT   SUNSET   731 PM CDT
SEPTEMBER 19 2014.....SUNRISE   715 AM CDT   SUNSET   729 PM CDT


-  INDICATES NEGATIVE NUMBERS.
R  INDICATES RECORD WAS SET OR TIED.
MM INDICATES DATA IS MISSING.
T  INDICATES TRACE AMOUNT.




$$
