000
CDUS41 KPHI 220643
CLIACY


CLIMATE REPORT
NATIONAL WEATHER SERVICE MOUNT HOLLY NJ
141 AM EST WED FEB 22 2017


...................................

...THE ATLANTIC CITY NJ CLIMATE SUMMARY FOR FEBRUARY 21 2017...

CLIMATE NORMAL PERIOD 1981 TO 2010
CLIMATE RECORD PERIOD 1874 TO 2017


WEATHER ITEM   OBSERVED TIME   RECORD YEAR NORMAL DEPARTURE LAST
                VALUE   (LST)  VALUE       VALUE  FROM      YEAR
                                                  NORMAL
..................................................................
TEMPERATURE (F)
 YESTERDAY
  MAXIMUM         49   1253 PM  74    1930  46      3       67
  MINIMUM         26    524 AM  -6    2015  27     -1       41
  AVERAGE         38                        36      2       54

PRECIPITATION (IN)
  YESTERDAY        0.00          2.49 1951   0.10  -0.10     0.06
  MONTH TO DATE    0.97                      2.08  -1.11     3.08
  SINCE DEC 1      8.44                      8.99  -0.55    11.36
  SINCE JAN 1      5.15                      5.30  -0.15     5.92

SNOWFALL (IN)
  YESTERDAY        0.0           6.0  1929   0.3   -0.3      0.0
  MONTH TO DATE    0.3                       5.4   -5.1      3.9
  SINCE DEC 1      7.5                      13.6   -6.1     20.6
  SINCE JUL 1      7.5                      13.8   -6.3     20.6
  SNOW DEPTH       0

DEGREE DAYS
 HEATING
  YESTERDAY       27                        29     -2       11
  MONTH TO DATE  510                       637   -127      608
  SINCE DEC 1   2148                      2491   -343     2019
  SINCE JUL 1   2895                      3398   -503     2714

 COOLING
  YESTERDAY        0                         0      0        0
  MONTH TO DATE    0                         0      0        0
  SINCE DEC 1      0                         0      0        3
  SINCE JAN 1      0                         0      0        0
..................................................................


WIND (MPH)
  HIGHEST WIND SPEED    13   HIGHEST WIND DIRECTION    SE (140)
  HIGHEST GUST SPEED    19   HIGHEST GUST DIRECTION     S (180)
  AVERAGE WIND SPEED    MM


SKY COVER
  POSSIBLE SUNSHINE  MM
  AVERAGE SKY COVER  MM


WEATHER CONDITIONS
 THE FOLLOWING WEATHER WAS RECORDED YESTERDAY.
  NO SIGNIFICANT WEATHER WAS OBSERVED.


RELATIVE HUMIDITY (PERCENT)
 HIGHEST    MM
 LOWEST     MM
 AVERAGE    MM

..........................................................


THE ATLANTIC CITY NJ CLIMATE NORMALS FOR TODAY
                         NORMAL    RECORD    YEAR
 MAXIMUM TEMPERATURE (F)   46        68      1991
 MINIMUM TEMPERATURE (F)   27         2      1968


SUNRISE AND SUNSET
FEBRUARY 22 2017......SUNRISE   641 AM EST   SUNSET   543 PM EST
FEBRUARY 23 2017......SUNRISE   639 AM EST   SUNSET   544 PM EST


-  INDICATES NEGATIVE NUMBERS.
R  INDICATES RECORD WAS SET OR TIED.
MM INDICATES DATA IS MISSING.
T  INDICATES TRACE AMOUNT.




$$
