334
CDUS41 KPHI 222129
CLIACY


CLIMATE REPORT
NATIONAL WEATHER SERVICE MOUNT HOLLY NJ
529 PM EDT THU JUN 22 2017


...................................

...THE ATLANTIC CITY NJ CLIMATE SUMMARY FOR JUNE 22 2017...
VALID TODAY AS OF 0500 PM LOCAL TIME.

CLIMATE NORMAL PERIOD 1981 TO 2010
CLIMATE RECORD PERIOD 1874 TO 2017


WEATHER ITEM   OBSERVED TIME   RECORD YEAR NORMAL DEPARTURE LAST
                VALUE   (LST)  VALUE       VALUE  FROM      YEAR
                                                  NORMAL
..................................................................
TEMPERATURE (F)
 TODAY
  MAXIMUM         85    110 PM 100    1988  83      2       90
  MINIMUM         66    508 AM  43    1992  63      3       63
  AVERAGE         76                        73      3       77

PRECIPITATION (IN)
  TODAY            0.00          1.76 1972   0.09  -0.09     0.00
  MONTH TO DATE    2.28                      2.32  -0.04     0.66
  SINCE JUN 1      2.28                      2.32  -0.04     0.66
  SINCE JAN 1     23.94                     19.60   4.34    20.72

SNOWFALL (IN)
  TODAY            0.0           0.0    MM   0.0    0.0      0.0
  MONTH TO DATE    0.0                       0.0    0.0      0.0
  SINCE JUN 1      0.0                       0.0    0.0      0.0
  SINCE JUL 1      7.7                      16.5   -8.8     27.5
  SNOW DEPTH       0

DEGREE DAYS
 HEATING
  TODAY            0                         0      0        0
  MONTH TO DATE   24                        24      0        4
  SINCE JUN 1     24                        24      0        4
  SINCE JUL 1   4144                      4902   -758     4054

 COOLING
  TODAY           11                         8      3       12
  MONTH TO DATE  171                       129     42      136
  SINCE JUN 1    171                       129     42      136
  SINCE JAN 1    256                       193     63      215
..................................................................


WIND (MPH)
  HIGHEST WIND SPEED    15   HIGHEST WIND DIRECTION     S (160)
  HIGHEST GUST SPEED    18   HIGHEST GUST DIRECTION    SE (150)
  AVERAGE WIND SPEED     4.6


SKY COVER
  POSSIBLE SUNSHINE  MM
  AVERAGE SKY COVER 0.1


WEATHER CONDITIONS
 THE FOLLOWING WEATHER WAS RECORDED TODAY.
  NO SIGNIFICANT WEATHER WAS OBSERVED.


RELATIVE HUMIDITY (PERCENT)
 HIGHEST    93           300 AM
 LOWEST     40          1200 PM
 AVERAGE    67

..........................................................


THE ATLANTIC CITY NJ CLIMATE NORMALS FOR TOMORROW
                         NORMAL    RECORD    YEAR
 MAXIMUM TEMPERATURE (F)   83        98      1988
 MINIMUM TEMPERATURE (F)   64        39      1992


SUNRISE AND SUNSET
JUNE 22 2017..........SUNRISE   532 AM EDT   SUNSET   829 PM EDT
JUNE 23 2017..........SUNRISE   532 AM EDT   SUNSET   829 PM EDT


-  INDICATES NEGATIVE NUMBERS.
R  INDICATES RECORD WAS SET OR TIED.
MM INDICATES DATA IS MISSING.
T  INDICATES TRACE AMOUNT.




$$
