000
CDUS41 KPHI 260659
CLIACY


CLIMATE REPORT
NATIONAL WEATHER SERVICE MOUNT HOLLY NJ
238 AM EDT TUE JUL 26 2016


...................................

...THE ATLANTIC CITY NJ CLIMATE SUMMARY FOR JULY 25 2016...

CLIMATE NORMAL PERIOD 1981 TO 2010
CLIMATE RECORD PERIOD 1874 TO 2016


WEATHER ITEM   OBSERVED TIME   RECORD YEAR NORMAL DEPARTURE LAST
                VALUE   (LST)  VALUE       VALUE  FROM      YEAR
                                                  NORMAL
..................................................................
TEMPERATURE (F)
 YESTERDAY
  MAXIMUM         95    334 PM  99    2010  86      9       86
  MINIMUM         74    925 PM  53    1969  67      7       59
  AVERAGE         85                        76      9       73

PRECIPITATION (IN)
  YESTERDAY        0.30          1.67 1926   0.12   0.18     0.00
  MONTH TO DATE    6.86                      2.96   3.90     5.82
  SINCE JUN 1      9.17                      6.07   3.10    14.18
  SINCE JAN 1     29.23                     23.35   5.88    30.43

SNOWFALL (IN)
  YESTERDAY        0.0           0.0  1903   0.0    0.0      0.0
  MONTH TO DATE    0.0                       0.0    0.0      0.0
  SINCE JUN 1      0.0                       0.0    0.0      0.0
  SINCE JUL 1      0.0                       0.0    0.0      0.0
  SNOW DEPTH       0

DEGREE DAYS
 HEATING
  YESTERDAY        0                         0      0        0
  MONTH TO DATE    0                         0      0        0
  SINCE JUN 1      4                        27    -23       26
  SINCE JUL 1      0                         0      0        0

 COOLING
  YESTERDAY       20                        11      9        8
  MONTH TO DATE  324                       280     44      270
  SINCE JUN 1    516                       483     33      515
  SINCE JAN 1    595                       547     48      649
..................................................................


WIND (MPH)
  HIGHEST WIND SPEED    35   HIGHEST WIND DIRECTION     N (340)
  HIGHEST GUST SPEED    44   HIGHEST GUST DIRECTION     N (340)
  AVERAGE WIND SPEED     7.4


SKY COVER
  POSSIBLE SUNSHINE  MM
  AVERAGE SKY COVER 0.4


WEATHER CONDITIONS
 THE FOLLOWING WEATHER WAS RECORDED YESTERDAY.
  HEAVY RAIN
  LIGHT RAIN
  FOG


RELATIVE HUMIDITY (PERCENT)
 HIGHEST    94           800 AM
 LOWEST     56           300 PM
 AVERAGE    75

..........................................................


THE ATLANTIC CITY NJ CLIMATE NORMALS FOR TODAY
                         NORMAL    RECORD    YEAR
 MAXIMUM TEMPERATURE (F)   86        96      2011
                                             1963
 MINIMUM TEMPERATURE (F)   67        49      1976


SUNRISE AND SUNSET
JULY 26 2016..........SUNRISE   553 AM EDT   SUNSET   816 PM EDT
JULY 27 2016..........SUNRISE   554 AM EDT   SUNSET   815 PM EDT


-  INDICATES NEGATIVE NUMBERS.
R  INDICATES RECORD WAS SET OR TIED.
MM INDICATES DATA IS MISSING.
T  INDICATES TRACE AMOUNT.




$$
