825
CDUS41 KPHI 040631
CLIACY


CLIMATE REPORT
NATIONAL WEATHER SERVICE MOUNT HOLLY NJ
131 AM EST SUN DEC 4 2016


...................................

...THE ATLANTIC CITY NJ CLIMATE SUMMARY FOR DECEMBER 3 2016...

CLIMATE NORMAL PERIOD 1981 TO 2010
CLIMATE RECORD PERIOD 1874 TO 2016


WEATHER ITEM   OBSERVED TIME   RECORD YEAR NORMAL DEPARTURE LAST
                VALUE   (LST)  VALUE       VALUE  FROM      YEAR
                                                  NORMAL
..................................................................
TEMPERATURE (F)
 YESTERDAY
  MAXIMUM         52    156 PM  69    1998  50      2       53
  MINIMUM         41    551 AM   6    1976  32      9       39
  AVERAGE         47                        41      6       46

PRECIPITATION (IN)
  YESTERDAY        0.00          1.37 1967   0.12  -0.12     0.00
  MONTH TO DATE    0.12                      0.37  -0.25     0.88
  SINCE DEC 1      0.12                      0.37  -0.25     0.88
  SINCE JAN 1     41.85                     38.43   3.42    41.98

SNOWFALL (IN)
  YESTERDAY        0.0           T    2007   0.1   -0.1      0.0
                                      1989
                                      1957
  MONTH TO DATE    0.0                       0.2   -0.2      0.0
  SINCE DEC 1      0.0                       0.2   -0.2      0.0
  SINCE JUL 1      T                         0.4   -0.4      0.0
  SNOW DEPTH       0

DEGREE DAYS
 HEATING
  YESTERDAY       18                        24     -6       19
  MONTH TO DATE   49                        71    -22       39
  SINCE DEC 1     49                        71    -22       39
  SINCE JUL 1    796                       978   -182      734

 COOLING
  YESTERDAY        0                         0      0        0
  MONTH TO DATE    0                         0      0        0
  SINCE DEC 1      0                         0      0        0
  SINCE JAN 1   1340                      1055    285     1296
..................................................................


WIND (MPH)
  HIGHEST WIND SPEED    30   HIGHEST WIND DIRECTION    NW (320)
  HIGHEST GUST SPEED    40   HIGHEST GUST DIRECTION    NW (310)
  AVERAGE WIND SPEED    14.0


SKY COVER
  POSSIBLE SUNSHINE  MM
  AVERAGE SKY COVER 0.4


WEATHER CONDITIONS
 THE FOLLOWING WEATHER WAS RECORDED YESTERDAY.
  NO SIGNIFICANT WEATHER WAS OBSERVED.


RELATIVE HUMIDITY (PERCENT)
 HIGHEST    62           800 AM
 LOWEST     38           200 PM
 AVERAGE    50

..........................................................


THE ATLANTIC CITY NJ CLIMATE NORMALS FOR TODAY
                         NORMAL    RECORD    YEAR
 MAXIMUM TEMPERATURE (F)   49        73      1998
 MINIMUM TEMPERATURE (F)   32         6      1976


SUNRISE AND SUNSET
DECEMBER  4 2016......SUNRISE   703 AM EST   SUNSET   435 PM EST
DECEMBER  5 2016......SUNRISE   704 AM EST   SUNSET   434 PM EST


-  INDICATES NEGATIVE NUMBERS.
R  INDICATES RECORD WAS SET OR TIED.
MM INDICATES DATA IS MISSING.
T  INDICATES TRACE AMOUNT.




$$
