000
CDUS41 KPHI 292135
CLIACY


CLIMATE REPORT
NATIONAL WEATHER SERVICE MOUNT HOLLY NJ
535 PM EDT TUE JUL 29 2014


...................................

...THE ATLANTIC CITY NJ CLIMATE SUMMARY FOR JULY 29 2014...
VALID TODAY AS OF 0500 PM LOCAL TIME.

CLIMATE NORMAL PERIOD 1981 TO 2010
CLIMATE RECORD PERIOD 1874 TO 2014


WEATHER ITEM   OBSERVED TIME   RECORD YEAR NORMAL DEPARTURE LAST
                VALUE   (LST)  VALUE       VALUE  FROM      YEAR
                                                  NORMAL
..................................................................
TEMPERATURE (F)
 TODAY
  MAXIMUM         77    218 PM  98    2002  85     -8       86
  MINIMUM         60    532 AM  53    1992  67     -7       66
                                      1880
  AVERAGE         69                        76     -7       76

PRECIPITATION (IN)
  TODAY            0.00          2.21 1884   0.12  -0.12     0.00
  MONTH TO DATE    5.09                      3.46   1.63     3.40
  SINCE JUN 1      6.63                      6.57   0.06    10.93
  SINCE JAN 1     26.81                     23.85   2.96    28.49

SNOWFALL (IN)
  TODAY            0.0           0.0  1903   0.0    0.0      0.0
  MONTH TO DATE    0.0                       0.0    0.0      0.0
  SINCE JUN 1      0.0                       0.0    0.0      0.0
  SINCE JUL 1      0.0                       0.0    0.0      0.0
  SNOW DEPTH       0

DEGREE DAYS
 HEATING
  TODAY            0                         0      0        0
  MONTH TO DATE    0                         0      0        0
  SINCE JUN 1     10                        27    -17        8
  SINCE JUL 1      0                         0      0        0

 COOLING
  TODAY            4                        11     -7       11
  MONTH TO DATE  281                       324    -43      416
  SINCE JUN 1    477                       527    -50      627
  SINCE JAN 1    513                       591    -78      721
..................................................................


WIND (MPH)
  HIGHEST WIND SPEED    14   HIGHEST WIND DIRECTION    NW (310)
  HIGHEST GUST SPEED    19   HIGHEST GUST DIRECTION    NW (330)
  AVERAGE WIND SPEED     6.8


SKY COVER
  POSSIBLE SUNSHINE  MM
  AVERAGE SKY COVER 0.3


WEATHER CONDITIONS
 THE FOLLOWING WEATHER WAS RECORDED TODAY.
  NO SIGNIFICANT WEATHER WAS OBSERVED.


RELATIVE HUMIDITY (PERCENT)
 HIGHEST    90           500 AM
 LOWEST     46           100 PM
 AVERAGE    68

..........................................................


THE ATLANTIC CITY NJ CLIMATE NORMALS FOR TOMORROW
                         NORMAL    RECORD    YEAR
 MAXIMUM TEMPERATURE (F)   85        98      1917
 MINIMUM TEMPERATURE (F)   67        53      1981
                                             1968


SUNRISE AND SUNSET
JULY 29 2014..........SUNRISE   555 AM EDT   SUNSET   814 PM EDT
JULY 30 2014..........SUNRISE   556 AM EDT   SUNSET   813 PM EDT


-  INDICATES NEGATIVE NUMBERS.
R  INDICATES RECORD WAS SET OR TIED.
MM INDICATES DATA IS MISSING.
T  INDICATES TRACE AMOUNT.




$$
