000
CDUS41 KPHI 182130
CLIACY


CLIMATE REPORT
NATIONAL WEATHER SERVICE MOUNT HOLLY NJ
530 PM EDT WED OCT 18 2017


...................................

...THE ATLANTIC CITY NJ CLIMATE SUMMARY FOR OCTOBER 18 2017...
VALID TODAY AS OF 0500 PM LOCAL TIME.

CLIMATE NORMAL PERIOD 1981 TO 2010
CLIMATE RECORD PERIOD 1874 TO 2017


WEATHER ITEM   OBSERVED TIME   RECORD YEAR NORMAL DEPARTURE LAST
                VALUE   (LST)  VALUE       VALUE  FROM      YEAR
                                                  NORMAL
..................................................................
TEMPERATURE (F)
 TODAY
  MAXIMUM         71    258 PM  83    1908  66      5       82
  MINIMUM         39    133 AM  28    1982  45     -6       61
                                      1978
  AVERAGE         55                        55      0       72

PRECIPITATION (IN)
  TODAY            0.00          2.95 1956   0.11  -0.11     0.00
  MONTH TO DATE    0.90                      1.98  -1.08     2.11
  SINCE SEP 1      4.95                      5.13  -0.18     7.40
  SINCE JAN 1     43.52                     33.35  10.17    39.70

SNOWFALL (IN)
  TODAY            0.0           T    1990   0.0    0.0      0.0
  MONTH TO DATE    0.0                       0.0    0.0      0.0
  SINCE SEP 1      0.0                       0.0    0.0      0.0
  SINCE JUL 1      0.0                       0.0    0.0      0.0
  SNOW DEPTH       0

DEGREE DAYS
 HEATING
  TODAY           10                        10      0        0
  MONTH TO DATE   58                       139    -81      100
  SINCE SEP 1     77                       198   -121      115
  SINCE JUL 1     77                       201   -124      115

 COOLING
  TODAY            0                         0      0        7
  MONTH TO DATE   67                        16     51       10
  SINCE SEP 1    240                       141     99      215
  SINCE JAN 1   1257                      1050    207     1318
..................................................................


WIND (MPH)
  HIGHEST WIND SPEED    10   HIGHEST WIND DIRECTION    SW (230)
  HIGHEST GUST SPEED    20   HIGHEST GUST DIRECTION     W (270)
  AVERAGE WIND SPEED     4.3


SKY COVER
  POSSIBLE SUNSHINE  MM
  AVERAGE SKY COVER 0.0


WEATHER CONDITIONS
 THE FOLLOWING WEATHER WAS RECORDED TODAY.
  NO SIGNIFICANT WEATHER WAS OBSERVED.


RELATIVE HUMIDITY (PERCENT)
 HIGHEST    92          1200 AM
 LOWEST     40          1200 PM
 AVERAGE    66

..........................................................


THE ATLANTIC CITY NJ CLIMATE NORMALS FOR TOMORROW
                         NORMAL    RECORD    YEAR
 MAXIMUM TEMPERATURE (F)   66        86      2016
 MINIMUM TEMPERATURE (F)   44        25      1976


SUNRISE AND SUNSET
OCTOBER 18 2017.......SUNRISE   712 AM EDT   SUNSET   615 PM EDT
OCTOBER 19 2017.......SUNRISE   713 AM EDT   SUNSET   613 PM EDT


-  INDICATES NEGATIVE NUMBERS.
R  INDICATES RECORD WAS SET OR TIED.
MM INDICATES DATA IS MISSING.
T  INDICATES TRACE AMOUNT.




$$
