000
CDUS41 KPHI 312129
CLIACY


CLIMATE REPORT
NATIONAL WEATHER SERVICE MOUNT HOLLY NJ
528 PM EDT WED AUG 31 2016


...................................

...THE ATLANTIC CITY NJ CLIMATE SUMMARY FOR AUGUST 31 2016...
VALID TODAY AS OF 0500 PM LOCAL TIME.

CLIMATE NORMAL PERIOD 1981 TO 2010
CLIMATE RECORD PERIOD 1874 TO 2016


WEATHER ITEM   OBSERVED TIME   RECORD YEAR NORMAL DEPARTURE LAST
                VALUE   (LST)  VALUE       VALUE  FROM      YEAR
                                                  NORMAL
..................................................................
TEMPERATURE (F)
 TODAY
  MAXIMUM         90   1156 AM  99    2010  82      8       91
  MINIMUM         65    544 AM  40    1976  63      2       74
                                      1965
  AVERAGE         78                        72      6       83

PRECIPITATION (IN)
  TODAY            0.00          2.48 1954   0.10  -0.10     0.00
                                      1911
  MONTH TO DATE    1.10                      4.11  -3.01     1.25
  SINCE JUN 1     12.24                     10.94   1.30    16.20
  SINCE JAN 1     32.30                     28.22   4.08    32.45

SNOWFALL (IN)
  TODAY            0.0           0.0    MM   0.0    0.0      0.0
  MONTH TO DATE    0.0                       0.0    0.0      0.0
  SINCE JUN 1      0.0                       0.0    0.0      0.0
  SINCE JUL 1      0.0                       0.0    0.0      0.0
  SNOW DEPTH       0

DEGREE DAYS
 HEATING
  TODAY            0                         0      0        0
  MONTH TO DATE    0                         0      0        0
  SINCE JUN 1      4                        30    -26       26
  SINCE JUL 1      0                         3     -3        0

 COOLING
  TODAY           13                         7      6       18
  MONTH TO DATE  420                       295    125      341
  SINCE JUN 1   1024                       845    179      946
  SINCE JAN 1   1103                       909    194     1080
..................................................................


WIND (MPH)
  HIGHEST WIND SPEED    16   HIGHEST WIND DIRECTION     S (160)
  HIGHEST GUST SPEED    20   HIGHEST GUST DIRECTION     S (160)
  AVERAGE WIND SPEED     4.1


SKY COVER
  POSSIBLE SUNSHINE  MM
  AVERAGE SKY COVER 0.3


WEATHER CONDITIONS
 THE FOLLOWING WEATHER WAS RECORDED TODAY.
  FOG
  FOG W/VISIBILITY <= 1/4 MILE


RELATIVE HUMIDITY (PERCENT)
 HIGHEST    97          1200 AM
 LOWEST     38          1200 PM
 AVERAGE    68

..........................................................


THE ATLANTIC CITY NJ CLIMATE NORMALS FOR TOMORROW
                         NORMAL    RECORD    YEAR
 MAXIMUM TEMPERATURE (F)   81        97      2010
 MINIMUM TEMPERATURE (F)   62        47      1991


SUNRISE AND SUNSET
AUGUST 31 2016........SUNRISE   626 AM EDT   SUNSET   730 PM EDT
SEPTEMBER  1 2016.....SUNRISE   627 AM EDT   SUNSET   728 PM EDT


-  INDICATES NEGATIVE NUMBERS.
R  INDICATES RECORD WAS SET OR TIED.
MM INDICATES DATA IS MISSING.
T  INDICATES TRACE AMOUNT.




$$
