000
CDAK48 PADQ 071252
CLIADQ

CLIMATE REPORT
NATIONAL WEATHER SERVICE KODIAK, AK
452 AM AKDT TUE JUL 7 2015

...................................
...THE KODIAK AP CLIMATE SUMMARY FOR JULY 6 2015...

CLIMATE NORMAL PERIOD  1981 TO  2010
CLIMATE RECORD PERIOD  1949 TO  2015

WEATHER ITEM   OBSERVED TIME    RECORD YEAR NORMAL DEPARTURE LAST
               VALUE    (LST)   VALUE       VALUE  FROM      YEAR
                                                   NORMAL
...................................................................
TEMPERATURE
YESTERDAY
 MAXIMUM            58  0312 PM    78  1984     58       0     60
 MINIMUM            51  1159 PM    39  1982     48       3     53
 AVERAGE            55                          53       2     57

PRECIPITATION
(INCHES)
 YESTERDAY        1.37           1.37  2015   0.16    1.21   0.26
 MONTH TO DATE    2.41                        0.96    1.45   0.30
 SINCE JUN 1      5.49                        6.87   -1.38   6.52
 SINCE JAN 1     44.61                       38.26    6.35  40.05

SNOWFALL
(INCHES)
 YESTERDAY         0.0            0.0  2015    0.0     0.0    0.0
 MONTH TO DATE     0.0                         0.0     0.0    0.0
 SINCE JUN 1       0.0                         0.0     0.0    0.0
 SINCE JUL 1       0.0                         0.0     0.0    0.0
 SNOW DEPTH (IN)     0                                          0

DEGREE DAYS
 HEATING
  YESTERDAY         10                          12      -2      8
  MONTH TO DATE     50                          73     -23     36
  SINCE JUN 1      361                         534    -173    458
  SINCE JUL 1       50                          73     -23     36

 COOLING
  YESTERDAY          0                           0       0      0
  MONTH TO DATE      0                           0       0      0
  SINCE JUN 1        1                           0       1      0
  SINCE JAN 1        1                           0       1      4
...................................................................

WIND (MPH)
 HIGHEST WIND SPEED    18     HIGHEST WIND DIRECTION    110
 HIGHEST GUST SPEED    21     HIGHEST GUST DIRECTION    110
 AVERAGE WIND SPEED  11.2

SKY COVER
  POSSIBLE SUNSHINE    MM          AVERAGE SKY COVER     MM

WEATHER CONDITIONS
 THE FOLLOWING WEATHER WAS RECORDED YESTERDAY.
  FOG
RAIN


RELATIVE HUMIDITY
 HIGHEST RH     MM PERCENT       MM
 LOWEST  RH     MM PERCENT       MM
 AVERAGE RH     MM PERCENT       MM
...................................................................

THE KODIAK CLIMATE NORMALS FOR TODAY
                           NORMAL    RECORD   YEAR
 MAXIMUM TEMPERATURE (F)     59        80     2004
 MINIMUM TEMPERATURE (F)     49        41     2007

SUNRISE AND SUNSET
 JUL 7 2015..........SUNRISE  5:21 AM      SUNSET 11:09 PM
 JUL 8 2015..........SUNRISE  5:23 AM      SUNSET 11:08 PM

-  INDICATES NEGATIVE NUMBERS.
R  INDICATES RECORD HAS BEEN SET OR TIED.
MM INDICATES DATA IS MISSING.
T  INDICATES TRACE OF PRECIPITATION.

&&
-------------------------------------------------------------------

AMOUNT OF DAYLIGHT TODAY  (HOUR:MIN)........17 HOURS 48 MINUTES
GAIN/LOSS SINCE YESTERDAY (HOUR:MIN:SEC)....-0:02:12

$$
*** JUL 15
