000
CDAK48 PADQ 041204
CLIADQ

CLIMATE REPORT
NATIONAL WEATHER SERVICE KODIAK, AK
405 AM AKDT TUE AUG 4 2015

...................................
...THE KODIAK AP CLIMATE SUMMARY FOR AUGUST 3 2015...

CLIMATE NORMAL PERIOD  1981 TO  2010
CLIMATE RECORD PERIOD  1913 TO  2015

WEATHER ITEM   OBSERVED TIME    RECORD YEAR NORMAL DEPARTURE LAST
               VALUE    (LST)   VALUE       VALUE  FROM      YEAR
                                                   NORMAL
...................................................................
TEMPERATURE
YESTERDAY
 MAXIMUM            64  1259 PM    78  1983     62       2     62
 MINIMUM            50  0539 AM    39  1973     50       0     54
 AVERAGE            57                          56       1     58

PRECIPITATION
(INCHES)
 YESTERDAY        0.00           1.28  2009   0.15   -0.15   0.20
 MONTH TO DATE    0.00                        0.44   -0.44   0.49
 SINCE JUN 1      6.40                       11.28   -4.88   9.29
 SINCE JAN 1     45.52                       42.67    2.85  42.82

SNOWFALL
(INCHES)
 YESTERDAY         0.0            0.0  2015    0.0     0.0    0.0
 MONTH TO DATE     0.0                         0.0     0.0    0.0
 SINCE JUN 1       0.0                         0.0     0.0    0.0
 SINCE JUL 1       0.0                         0.0     0.0    0.0
 SNOW DEPTH (IN)     0                                          0

DEGREE DAYS
 HEATING
  YESTERDAY          8                           9      -1      7
  MONTH TO DATE     13                          27     -14     21
  SINCE JUN 1      551                         814    -263    683
  SINCE JUL 1      240                         353    -113    261

 COOLING
  YESTERDAY          0                           0       0      0
  MONTH TO DATE      0                           0       0      0
  SINCE JUN 1        1                           0       1      0
  SINCE JAN 1        1                           0       1      4
...................................................................

WIND (MPH)
 HIGHEST WIND SPEED    16     HIGHEST WIND DIRECTION     90
 HIGHEST GUST SPEED    19     HIGHEST GUST DIRECTION    100
 AVERAGE WIND SPEED   7.9

SKY COVER
  POSSIBLE SUNSHINE    MM          AVERAGE SKY COVER     MM

WEATHER CONDITIONS
 THE FOLLOWING WEATHER WAS RECORDED YESTERDAY.
  NO SIGNIFICANT WEATHER WAS OBSERVED.

RELATIVE HUMIDITY
 HIGHEST RH     MM PERCENT       MM
 LOWEST  RH     MM PERCENT       MM
 AVERAGE RH     MM PERCENT       MM
...................................................................

THE KODIAK CLIMATE NORMALS FOR TODAY
                           NORMAL    RECORD   YEAR
 MAXIMUM TEMPERATURE (F)     62        75     1984
 MINIMUM TEMPERATURE (F)     50        41     1939

SUNRISE AND SUNSET
 AUG 4 2015..........SUNRISE  6:11 AM      SUNSET 10:20 PM
 AUG 5 2015..........SUNRISE  6:13 AM      SUNSET 10:18 PM

-  INDICATES NEGATIVE NUMBERS.
R  INDICATES RECORD HAS BEEN SET OR TIED.
MM INDICATES DATA IS MISSING.
T  INDICATES TRACE OF PRECIPITATION.

&&
-------------------------------------------------------------------

AMOUNT OF DAYLIGHT TODAY  (HOUR:MIN)........16 HOURS 9 MINUTES
GAIN/LOSS SINCE YESTERDAY (HOUR:MIN:SEC)....-0:04:21

$$
LRM AUG 15
