000
CDAK48 PADQ 061448
CLIADQ

CLIMATE REPORT
NATIONAL WEATHER SERVICE KODIAK, AK
648 AM AKDT FRI MAY 6 2016

...................................
...THE KODIAK AP CLIMATE SUMMARY FOR MAY 5 2016...

CLIMATE NORMAL PERIOD  1981 TO  2010
CLIMATE RECORD PERIOD  1913 TO  2016

WEATHER ITEM   OBSERVED TIME    RECORD YEAR NORMAL DEPARTURE LAST
               VALUE    (LST)   VALUE       VALUE  FROM      YEAR
                                                   NORMAL
...................................................................
TEMPERATURE
YESTERDAY
 MAXIMUM            47  0703 PM    69  2004     48      -1     48
 MINIMUM            41  0657 AM    26  1920     37       4     42
 AVERAGE            44                          42       2     45

PRECIPITATION
(INCHES)
 YESTERDAY        0.79           2.10  2005   0.17    0.62   0.05
 MONTH TO DATE    2.21                        0.88    1.33   0.34
 SINCE MAR 1     18.45                       12.22    6.23  14.51
 SINCE JAN 1     41.74                       26.65   15.09  33.43

SNOWFALL
(INCHES)
 YESTERDAY         0.0            2.6  2001    0.0     0.0    0.0
 MONTH TO DATE     0.0                         0.1    -0.1    0.0
 SINCE MAR 1       3.6                        19.4   -15.8    4.7
 SINCE JUL 1        MM                        68.8      MM   20.1
 SNOW DEPTH (IN)     0                                          0

DEGREE DAYS
 HEATING
  YESTERDAY         21                          23      -2     20
  MONTH TO DATE    107                         116      -9    109
  SINCE MAR 1     1574                        1935    -361   1758
  SINCE JUL 1     6511                        7808   -1297   6676

 COOLING
  YESTERDAY          0                           0       0      0
  MONTH TO DATE      0                           0       0      0
  SINCE MAR 1        0                           0       0      0
  SINCE JAN 1        0                           0       0      0
...................................................................

WIND (MPH)
 HIGHEST WIND SPEED    32     HIGHEST WIND DIRECTION     60
 HIGHEST GUST SPEED    40     HIGHEST GUST DIRECTION     40
 AVERAGE WIND SPEED  17.9

SKY COVER
  POSSIBLE SUNSHINE    MM          AVERAGE SKY COVER     MM

WEATHER CONDITIONS
 THE FOLLOWING WEATHER WAS RECORDED YESTERDAY.
  FOG
RAIN


RELATIVE HUMIDITY
 HIGHEST RH     MM PERCENT       MM
 LOWEST  RH     MM PERCENT       MM
 AVERAGE RH     MM PERCENT       MM
...................................................................

THE KODIAK CLIMATE NORMALS FOR TODAY
                           NORMAL    RECORD   YEAR
 MAXIMUM TEMPERATURE (F)     48        61     1918
 MINIMUM TEMPERATURE (F)     37        23     1972

SUNRISE AND SUNSET
 MAY 6 2016..........SUNRISE  6:06 AM      SUNSET 10:10 PM
 MAY 7 2016..........SUNRISE  6:03 AM      SUNSET 10:12 PM

-  INDICATES NEGATIVE NUMBERS.
R  INDICATES RECORD HAS BEEN SET OR TIED.
MM INDICATES DATA IS MISSING.
T  INDICATES TRACE OF PRECIPITATION.

&&
-------------------------------------------------------------------

AMOUNT OF DAYLIGHT TODAY  (HOUR:MIN)........16 HOURS 4 MINUTES
GAIN/LOSS SINCE YESTERDAY (HOUR:MIN:SEC)....+0:04:28

$$
CSB MAY 16
