000
CDAK48 PADQ 312348
CLIADQ

CLIMATE REPORT
NATIONAL WEATHER SERVICE KODIAK, AK
348 PM AKDT TUE MAY 31 2016

...................................
...THE KODIAK AP CLIMATE SUMMARY FOR MAY 31 2016...
VALID TODAY AS OF 2:00 PM LOCAL TIME

CLIMATE NORMAL PERIOD  1981 TO  2010
CLIMATE RECORD PERIOD  1913 TO  2016

WEATHER ITEM   OBSERVED TIME    RECORD YEAR NORMAL DEPARTURE LAST
               VALUE    (LST)   VALUE       VALUE  FROM      YEAR
                                                   NORMAL
...................................................................
TEMPERATURE
TODAY
 MAXIMUM            50  0159 PM    72  1964     52      -2     66
 MINIMUM            47  0139 AM    34  1984     41       6     52
 AVERAGE            49                          47       2     59

PRECIPITATION
(INCHES)
 TODAY            0.17           3.63  1979   0.20   -0.03   0.00
 MONTH TO DATE    2.85                        5.62   -2.77   6.03
 SINCE MAR 1     19.09                       16.96    2.13  20.20
 SINCE JAN 1     42.38                       31.39   10.99  39.12

SNOWFALL
(INCHES)
 TODAY             0.0              T  1969    0.0     0.0    0.0
 MONTH TO DATE     0.0                         0.2    -0.2    0.0
 SINCE MAR 1       3.6                        19.5   -15.9    4.7
 SINCE JUL 1        MM                        68.9      MM   20.1
 SNOW DEPTH (IN)     0                                          0

DEGREE DAYS
 HEATING
  TODAY             16                          18      -2      6
  MONTH TO DATE    513                         642    -129    552
  SINCE MAR 1     1980                        2461    -481   2201
  SINCE JUL 1     6917                        8334   -1417   7119

 COOLING
  TODAY              0                           0       0      0
  MONTH TO DATE      0                           0       0      0
  SINCE MAR 1        0                           0       0      0
  SINCE JAN 1        0                           0       0      0
...................................................................

WIND (MPH)
 HIGHEST WIND SPEED    33     HIGHEST WIND DIRECTION     30
 HIGHEST GUST SPEED    42     HIGHEST GUST DIRECTION     10
 AVERAGE WIND SPEED    MM

SKY COVER
  POSSIBLE SUNSHINE  MM            AVERAGE SKY COVER MM

WEATHER CONDITIONS
 THE FOLLOWING WEATHER WAS RECORDED TODAY.
FOG
RAIN


RELATIVE HUMIDITY
 HIGHEST RH     MM PERCENT       MM
 LOWEST  RH     MM PERCENT       MM
 AVERAGE RH     MM PERCENT       MM
...................................................................

THE KODIAK CLIMATE NORMALS FOR TOMORROW
                        NORMAL    RECORD   YEAR
 MAXIMUM TEMPERATURE      53        67     1984
 MINIMUM TEMPERATURE      42        33     1968

SUNRISE AND SUNSET
 MAY 31 2016..........SUNRISE  5:20 AM      SUNSET 10:58 PM
 JUN 1 2016..........SUNRISE  5:19 AM      SUNSET 10:59 PM

-  INDICATES NEGATIVE NUMBERS.
R  INDICATES RECORD HAS BEEN SET OR TIED.
MM INDICATES DATA IS MISSING.
T  INDICATES TRACE OF PRECIPITATION.

&&
-------------------------------------------------------------------

AMOUNT OF DAYLIGHT TODAY  (HOUR:MIN)........17 HOURS 38 MINUTES
GAIN/LOSS SINCE YESTERDAY (HOUR:MIN:SEC)....+0:02:45

$$
JTS MAY 16
