000
CDAK48 PADQ 112354
CLIADQ

CLIMATE REPORT
NATIONAL WEATHER SERVICE KODIAK, AK
254 PM AKST THU FEB 11 2016

...................................
...THE KODIAK AP CLIMATE SUMMARY FOR FEBRUARY 11 2016...
VALID TODAY AS OF 2:00 PM LOCAL TIME

CLIMATE NORMAL PERIOD  1981 TO  2010
CLIMATE RECORD PERIOD  1913 TO  2016

WEATHER ITEM   OBSERVED TIME    RECORD YEAR NORMAL DEPARTURE LAST
               VALUE    (LST)   VALUE       VALUE  FROM      YEAR
                                                   NORMAL
...................................................................
TEMPERATURE
TODAY
 MAXIMUM            40  0727 AM    60  1923     35       5     40
 MINIMUM            37  0159 PM     3  1921     26      11     36
 AVERAGE            39                          31       8     38

PRECIPITATION
(INCHES)
 TODAY            0.48           0.94  1917   0.23    0.25   0.24
 MONTH TO DATE    4.14                        2.58    1.56   2.73
 SINCE DEC 1     26.83                       19.60    7.23  26.65
 SINCE JAN 1     14.55                       10.87    3.68  12.86

SNOWFALL
(INCHES)
 TODAY             0.0            8.4  2009    0.5    -0.5    0.0
 MONTH TO DATE       T                         5.8    -5.8   10.2
 SINCE DEC 1      15.0                        32.6   -17.6   14.7
 SINCE JUL 1        MM                        40.1      MM   15.4
 SNOW DEPTH (IN)     0                                          0

DEGREE DAYS
 HEATING
  TODAY             26                          34      -8     27
  MONTH TO DATE    325                         383     -58    353
  SINCE DEC 1     2131                        2505    -374   2056
  SINCE JUL 1     4427                        5297    -870   4452

 COOLING
  TODAY              0                           0       0      0
  MONTH TO DATE      0                           0       0      0
  SINCE DEC 1        0                           0       0      0
  SINCE JAN 1        0                           0       0      0
...................................................................

WIND (MPH)
 HIGHEST WIND SPEED    24     HIGHEST WIND DIRECTION    100
 HIGHEST GUST SPEED    32     HIGHEST GUST DIRECTION    340
 AVERAGE WIND SPEED    MM

SKY COVER
  POSSIBLE SUNSHINE  MM            AVERAGE SKY COVER MM

WEATHER CONDITIONS
 THE FOLLOWING WEATHER WAS RECORDED TODAY.
FOG
RAIN


RELATIVE HUMIDITY
 HIGHEST RH     MM PERCENT       MM
 LOWEST  RH     MM PERCENT       MM
 AVERAGE RH     MM PERCENT       MM
...................................................................

THE KODIAK CLIMATE NORMALS FOR TOMORROW
                        NORMAL    RECORD   YEAR
 MAXIMUM TEMPERATURE      35        50     1931
 MINIMUM TEMPERATURE      26         6     1921

SUNRISE AND SUNSET
 FEB 11 2016..........SUNRISE  8:51 AM      SUNSET  5:59 PM
 FEB 12 2016..........SUNRISE  8:49 AM      SUNSET  6:02 PM

-  INDICATES NEGATIVE NUMBERS.
R  INDICATES RECORD HAS BEEN SET OR TIED.
MM INDICATES DATA IS MISSING.
T  INDICATES TRACE OF PRECIPITATION.

&&
-------------------------------------------------------------------

AMOUNT OF DAYLIGHT TODAY  (HOUR:MIN)........9 HOURS 8 MINUTES
GAIN/LOSS SINCE YESTERDAY (HOUR:MIN:SEC)....+0:04:43

$$
JTS FEB 16
