000
CDAK48 PADQ 270906
CLIADQ

CLIMATE REPORT
NATIONAL WEATHER SERVICE KODIAK, AK
1206 AM AKST SAT DEC 27 2014

...................................
...THE KODIAK AP CLIMATE SUMMARY FOR DECEMBER 26 2014...

CLIMATE NORMAL PERIOD  1981 TO  2010
CLIMATE RECORD PERIOD  1949 TO  2014

WEATHER ITEM   OBSERVED TIME    RECORD YEAR NORMAL DEPARTURE LAST
               VALUE    (LST)   VALUE       VALUE  FROM      YEAR
                                                   NORMAL
...................................................................
TEMPERATURE
YESTERDAY
 MAXIMUM            40  0237 PM    45  1984     36       4     32
 MINIMUM            26  1041 PM     3  1957     26       0     21
 AVERAGE            33                          31       2     27

PRECIPITATION
(INCHES)
 YESTERDAY        0.00           2.32  1993   0.27   -0.27   0.00
 MONTH TO DATE    7.27                        7.34   -0.07   2.29
 SINCE DEC 1      7.27                        7.34   -0.07   2.29
 SINCE JAN 1     82.92                       76.61    6.31  63.30

SNOWFALL
(INCHES)
 YESTERDAY         0.0            2.4  1953    0.4    -0.4    0.0
 MONTH TO DATE     0.3                        11.9   -11.6   11.4
 SINCE DEC 1       0.3                        11.9   -11.6   11.4
 SINCE JUL 1       1.0                        19.4   -18.4   18.7
 SNOW DEPTH (IN)     0                                          3

DEGREE DAYS
 HEATING
  YESTERDAY         32                          34      -2     38
  MONTH TO DATE    695                         879    -184    891
  SINCE DEC 1      695                         879    -184    891
  SINCE JUL 1     3091                        3671    -580   3298

 COOLING
  YESTERDAY          0                           0       0      0
  MONTH TO DATE      0                           0       0      0
  SINCE DEC 1        0                           0       0      0
  SINCE JAN 1        4                           0       4      6
...................................................................

WIND (MPH)
 HIGHEST WIND SPEED    10     HIGHEST WIND DIRECTION    270
 HIGHEST GUST SPEED    11     HIGHEST GUST DIRECTION    270
 AVERAGE WIND SPEED   5.4

SKY COVER
  POSSIBLE SUNSHINE    MM          AVERAGE SKY COVER     MM

WEATHER CONDITIONS
 THE FOLLOWING WEATHER WAS RECORDED YESTERDAY.
  NO SIGNIFICANT WEATHER WAS OBSERVED.

RELATIVE HUMIDITY
 HIGHEST RH     MM PERCENT       MM
 LOWEST  RH     MM PERCENT       MM
 AVERAGE RH     MM PERCENT       MM
...................................................................

THE KODIAK CLIMATE NORMALS FOR TODAY
                           NORMAL    RECORD   YEAR
 MAXIMUM TEMPERATURE (F)     36        48     1951
 MINIMUM TEMPERATURE (F)     26         4     2011

SUNRISE AND SUNSET
 DEC 27 2014..........SUNRISE  9:55 AM      SUNSET  4:29 PM
 DEC 28 2014..........SUNRISE  9:55 AM      SUNSET  4:30 PM

-  INDICATES NEGATIVE NUMBERS.
R  INDICATES RECORD HAS BEEN SET OR TIED.
MM INDICATES DATA IS MISSING.
T  INDICATES TRACE OF PRECIPITATION.

&&
-------------------------------------------------------------------

AMOUNT OF DAYLIGHT TODAY  (HOUR:MIN)........6 HOURS 34 MINUTES
GAIN/LOSS SINCE YESTERDAY (HOUR:MIN:SEC)....+0:00:50

$$
*** DEC 14
