000
CDUS44 KLCH 232207
CLIAEX


CLIMATE REPORT
NATIONAL WEATHER SERVICE LAKE CHARLES, LA
505 PM CDT TUE SEP 23 2014


...................................

...THE ALEXANDRIA CLIMATE SUMMARY FOR SEPTEMBER 23 2014...
VALID TODAY AS OF 0500 PM LOCAL TIME.

CLIMATE NORMAL PERIOD 1981 TO 2010
CLIMATE RECORD PERIOD 1892 TO 2014


WEATHER ITEM   OBSERVED TIME   RECORD YEAR NORMAL DEPARTURE LAST
                VALUE   (LST)  VALUE       VALUE  FROM      YEAR
                                                  NORMAL
..................................................................
TEMPERATURE (F)
 TODAY
  MAXIMUM         83    359 PM  96    1925  86     -3       88
                                      1921
                                      1910
  MINIMUM         54    624 AM  41    1897  63     -9       58
  AVERAGE         69                        75     -6       73

PRECIPITATION (IN)
  TODAY            0.00          3.61 1940   0.10  -0.10      T
  MONTH TO DATE    0.87                      1.94  -1.07     2.92
  SINCE SEP 1      0.87                      1.94  -1.07     2.92
  SINCE JAN 1     32.22                     38.17  -5.95    40.51

DEGREE DAYS
 HEATING
  TODAY            0                         0      0        0
  MONTH TO DATE    0                         0      0        0
  SINCE SEP 1      0                         0      0        0
  SINCE JUL 1      0                         0      0        0

 COOLING
  TODAY            4                        10     -6        8
  MONTH TO DATE  328                       302     26      382
  SINCE SEP 1    328                       302     26      382
  SINCE JAN 1   2236                      2289    -53     2347
..................................................................


WIND (MPH)
  HIGHEST WIND SPEED    13   HIGHEST WIND DIRECTION     N (20)
  HIGHEST GUST SPEED    17   HIGHEST GUST DIRECTION    NE (40)
  AVERAGE WIND SPEED     5.8


SKY COVER
  POSSIBLE SUNSHINE  MM
  AVERAGE SKY COVER 0.0


WEATHER CONDITIONS
 THE FOLLOWING WEATHER WAS RECORDED TODAY.
  NO SIGNIFICANT WEATHER WAS OBSERVED.


RELATIVE HUMIDITY (PERCENT)
 HIGHEST    86           500 AM
 LOWEST     37           100 PM
 AVERAGE    62

..........................................................


THE ALEXANDRIA CLIMATE NORMALS FOR TOMORROW
                         NORMAL    RECORD    YEAR
 MAXIMUM TEMPERATURE (F)   86        98      1931
 MINIMUM TEMPERATURE (F)   63        44      1896


SUNRISE AND SUNSET
SEPTEMBER 23 2014.....SUNRISE   659 AM CDT   SUNSET   705 PM CDT
SEPTEMBER 24 2014.....SUNRISE   700 AM CDT   SUNSET   704 PM CDT


-  INDICATES NEGATIVE NUMBERS.
R  INDICATES RECORD WAS SET OR TIED.
MM INDICATES DATA IS MISSING.
T  INDICATES TRACE AMOUNT.




$$
