000
CDUS44 KLCH 311005
CLIAEX


CLIMATE REPORT
NATIONAL WEATHER SERVICE LAKE CHARLES, LA
405 AM CST SAT JAN 31 2015


...................................

...THE ALEXANDRIA CLIMATE SUMMARY FOR JANUARY 30 2015...

CLIMATE NORMAL PERIOD 1981 TO 2010
CLIMATE RECORD PERIOD 1892 TO 2015


WEATHER ITEM   OBSERVED TIME   RECORD YEAR NORMAL DEPARTURE LAST
                VALUE   (LST)  VALUE       VALUE  FROM      YEAR
                                                  NORMAL
..................................................................
TEMPERATURE (F)
 YESTERDAY
  MAXIMUM         60    349 PM  82    2002  60      0       50
  MINIMUM         42   1159 PM  15    1966  39      3       16
  AVERAGE         51                        49      2       33

PRECIPITATION (IN)
  YESTERDAY        0.00          4.60 1999   0.22  -0.22     0.00
  MONTH TO DATE    3.71                      5.01  -1.30     1.72
  SINCE DEC 1      6.10                     11.13  -5.03     4.32
  SINCE JAN 1      3.71                      5.01  -1.30     1.72

SNOWFALL (IN)
  YESTERDAY        0.0           6.7  1949  MM     MM        0.0
  MONTH TO DATE    0.0                      MM     MM        4.5
  SINCE DEC 1      0.0                      MM     MM        4.5
  SINCE JUL 1      0.0                      MM     MM        4.5
  SNOW DEPTH       0

DEGREE DAYS
 HEATING
  YESTERDAY       14                        16     -2       32
  MONTH TO DATE  556                       480     76      673
  SINCE DEC 1    946                       944      2     1182
  SINCE JUL 1   1339                      1269     70     1558
..................................................................


WIND (MPH)
  HIGHEST WIND SPEED    18   HIGHEST WIND DIRECTION     N (20)
  HIGHEST GUST SPEED    24   HIGHEST GUST DIRECTION     N (20)
  AVERAGE WIND SPEED     8.7


SKY COVER
  POSSIBLE SUNSHINE  MM
  AVERAGE SKY COVER 0.0


WEATHER CONDITIONS
 THE FOLLOWING WEATHER WAS RECORDED YESTERDAY.
  NO SIGNIFICANT WEATHER WAS OBSERVED.


RELATIVE HUMIDITY (PERCENT)
 HIGHEST    71           300 AM
 LOWEST     31           300 PM
 AVERAGE    51

..........................................................


THE ALEXANDRIA CLIMATE NORMALS FOR TODAY
                         NORMAL    RECORD    YEAR
 MAXIMUM TEMPERATURE (F)   60        82      2002
                                             1957
                                             1911
 MINIMUM TEMPERATURE (F)   39        15      1966


SUNRISE AND SUNSET
JANUARY 31 2015.......SUNRISE   703 AM CST   SUNSET   544 PM CST
FEBRUARY  1 2015......SUNRISE   703 AM CST   SUNSET   545 PM CST


-  INDICATES NEGATIVE NUMBERS.
R  INDICATES RECORD WAS SET OR TIED.
MM INDICATES DATA IS MISSING.
T  INDICATES TRACE AMOUNT.




$$
