000
CDUS44 KLCH 020815
CLIAEX


CLIMATE REPORT
NATIONAL WEATHER SERVICE LAKE CHARLES, LA
315 AM CDT THU OCT 2 2014


...................................

...THE ALEXANDRIA CLIMATE SUMMARY FOR OCTOBER 1 2014...

CLIMATE NORMAL PERIOD 1981 TO 2010
CLIMATE RECORD PERIOD 1892 TO 2014


WEATHER ITEM   OBSERVED TIME   RECORD YEAR NORMAL DEPARTURE LAST
                VALUE   (LST)  VALUE       VALUE  FROM      YEAR
                                                  NORMAL
..................................................................
TEMPERATURE (F)
 YESTERDAY
  MAXIMUM         90   1250 PM  97    1900  83      7       87
  MINIMUM         73    509 AM  41    1984  60     13       71
  AVERAGE         82                        72     10       79

PRECIPITATION (IN)
  YESTERDAY        T             2.90 1955   0.24  -0.24     0.01
  MONTH TO DATE    T                         0.24  -0.24     0.01
  SINCE SEP 1      0.87                      3.14  -2.27     5.40
  SINCE JAN 1     32.22                     39.37  -7.15    42.99

DEGREE DAYS
 HEATING
  YESTERDAY        0                         1     -1        0
  MONTH TO DATE    0                         1     -1        0
  SINCE SEP 1      0                         4     -4        0
  SINCE JUL 1      0                         4     -4        0

 COOLING
  YESTERDAY       17                         7     10       14
  MONTH TO DATE   17                         7     10       14
  SINCE SEP 1    418                       370     48      475
  SINCE JAN 1   2326                      2357    -31     2440
..................................................................


WIND (MPH)
  HIGHEST WIND SPEED    16   HIGHEST WIND DIRECTION    SE (130)
  HIGHEST GUST SPEED    20   HIGHEST GUST DIRECTION    SE (150)
  AVERAGE WIND SPEED     8.1


SKY COVER
  POSSIBLE SUNSHINE  MM
  AVERAGE SKY COVER 0.7


WEATHER CONDITIONS
 THE FOLLOWING WEATHER WAS RECORDED YESTERDAY.
  LIGHT RAIN
  FOG


RELATIVE HUMIDITY (PERCENT)
 HIGHEST   100           600 AM
 LOWEST     59           100 PM
 AVERAGE    80

..........................................................


THE ALEXANDRIA CLIMATE NORMALS FOR TODAY
                         NORMAL    RECORD    YEAR
 MAXIMUM TEMPERATURE (F)   83        97      1900
 MINIMUM TEMPERATURE (F)   60        40      1984


SUNRISE AND SUNSET
OCTOBER  2 2014.......SUNRISE   705 AM CDT   SUNSET   654 PM CDT
OCTOBER  3 2014.......SUNRISE   705 AM CDT   SUNSET   653 PM CDT


-  INDICATES NEGATIVE NUMBERS.
R  INDICATES RECORD WAS SET OR TIED.
MM INDICATES DATA IS MISSING.
T  INDICATES TRACE AMOUNT.




$$
