000
CDUS44 KLCH 060823
CLIAEX


CLIMATE REPORT
NATIONAL WEATHER SERVICE LAKE CHARLES, LA
223 AM CST FRI MAR 6 2015


...................................

...THE ALEXANDRIA CLIMATE SUMMARY FOR MARCH 5 2015...

CLIMATE NORMAL PERIOD 1981 TO 2010
CLIMATE RECORD PERIOD 1892 TO 2015


WEATHER ITEM   OBSERVED TIME   RECORD YEAR NORMAL DEPARTURE LAST
                VALUE   (LST)  VALUE       VALUE  FROM      YEAR
                                                  NORMAL
..................................................................
TEMPERATURE (F)
 YESTERDAY
  MAXIMUM         41   1219 AM  85    1905  68    -27       49
  MINIMUM         29   1159 PM  25    1960  45    -16       35
                                      1917
                                      1893
  AVERAGE         35                        57    -22       42

PRECIPITATION (IN)
  YESTERDAY        0.52          2.20 1919   0.17   0.35     0.22
  MONTH TO DATE    3.17                      0.84   2.33     0.54
  SINCE MAR 1      3.17                      0.84   2.33     0.54
  SINCE JAN 1      8.27                     10.52  -2.25     6.92

SNOWFALL (IN)
  YESTERDAY       MM             T    1917  MM     MM       MM
  MONTH TO DATE    0.0                      MM     MM        0.2
  SINCE MAR 1      0.0                      MM     MM        0.2
  SINCE JUL 1      0.0                      MM     MM        5.0
  SNOW DEPTH       0

DEGREE DAYS
 HEATING
  YESTERDAY       30                         9     21       23
  MONTH TO DATE   67                        48     19       94
  SINCE MAR 1     67                        48     19       94
  SINCE JUL 1   1918                      1713    205     2110

 COOLING
  YESTERDAY        0                         1     -1        0
  MONTH TO DATE    0                         5     -5        1
  SINCE MAR 1      0                         5     -5        1
  SINCE JAN 1      1                        22    -21       12
..................................................................


WIND (MPH)
  HIGHEST WIND SPEED    25   HIGHEST WIND DIRECTION     N (360)
  HIGHEST GUST SPEED    32   HIGHEST GUST DIRECTION     N (360)
  AVERAGE WIND SPEED    12.5


SKY COVER
  POSSIBLE SUNSHINE  MM
  AVERAGE SKY COVER 0.6


WEATHER CONDITIONS
 THE FOLLOWING WEATHER WAS RECORDED YESTERDAY.
  THUNDERSTORM
  HEAVY RAIN
  RAIN
  LIGHT RAIN
  LIGHT SNOW
  FOG


RELATIVE HUMIDITY (PERCENT)
 HIGHEST   100           600 AM
 LOWEST     48           600 PM
 AVERAGE    74

..........................................................


THE ALEXANDRIA CLIMATE NORMALS FOR TODAY
                         NORMAL    RECORD    YEAR
 MAXIMUM TEMPERATURE (F)   68        85      1956
 MINIMUM TEMPERATURE (F)   46        25      1917


SUNRISE AND SUNSET
MARCH  6 2015.........SUNRISE   631 AM CST   SUNSET   612 PM CST
MARCH  7 2015.........SUNRISE   630 AM CST   SUNSET   613 PM CST


-  INDICATES NEGATIVE NUMBERS.
R  INDICATES RECORD WAS SET OR TIED.
MM INDICATES DATA IS MISSING.
T  INDICATES TRACE AMOUNT.




$$
