000
CDUS44 KLCH 210907
CLIAEX


CLIMATE REPORT
NATIONAL WEATHER SERVICE LAKE CHARLES, LA
406 AM CDT SAT OCT 21 2017


...................................

...THE ALEXANDRIA CLIMATE SUMMARY FOR OCTOBER 20 2017...

CLIMATE NORMAL PERIOD 1981 TO 2010
CLIMATE RECORD PERIOD 1892 TO 2017


WEATHER ITEM   OBSERVED TIME   RECORD YEAR NORMAL DEPARTURE LAST
                VALUE   (LST)  VALUE       VALUE  FROM      YEAR
                                                  NORMAL
..................................................................
TEMPERATURE (F)
 YESTERDAY
  MAXIMUM         78    208 PM  92    1899  79     -1       88
  MINIMUM         59    424 AM  30    1989  53      6       61
  AVERAGE         69                        66      3       75

PRECIPITATION (IN)
  YESTERDAY        0.00          2.74 1902   0.18  -0.18     0.23
  MONTH TO DATE    0.03                      3.99  -3.96     0.23
  SINCE SEP 1      0.12                      6.89  -6.77     3.69
  SINCE JAN 1     43.35                     43.12   0.23    44.43

SNOWFALL (IN)
  YESTERDAY        0.0           0.0    MM  MM     MM        0.0
  MONTH TO DATE    0.0                      MM     MM        0.0
  SINCE SEP 1      0.0                      MM     MM        0.0
  SINCE JUL 1      0.0                      MM     MM        0.0
  SNOW DEPTH       0

DEGREE DAYS
 HEATING
  YESTERDAY        0                         3     -3        0
  MONTH TO DATE    8                        30    -22        0
  SINCE SEP 1      8                        33    -25        0
  SINCE JUL 1      8                        33    -25        0

 COOLING
  YESTERDAY        4                         4      0       10
  MONTH TO DATE  201                       105     96      189
  SINCE SEP 1    576                       468    108      661
  SINCE JAN 1   2605                      2455    150     2764
..................................................................


WIND (MPH)
  HIGHEST WIND SPEED    15   HIGHEST WIND DIRECTION    SE (120)
  HIGHEST GUST SPEED    20   HIGHEST GUST DIRECTION     E (90)
  AVERAGE WIND SPEED     5.0


SKY COVER
  POSSIBLE SUNSHINE  MM
  AVERAGE SKY COVER 0.1


WEATHER CONDITIONS
 THE FOLLOWING WEATHER WAS RECORDED YESTERDAY.
  HAZE


RELATIVE HUMIDITY (PERCENT)
 HIGHEST    93           400 AM
 LOWEST     54           100 PM
 AVERAGE    74

..........................................................


THE ALEXANDRIA CLIMATE NORMALS FOR TODAY
                         NORMAL    RECORD    YEAR
 MAXIMUM TEMPERATURE (F)   78        91      1899
 MINIMUM TEMPERATURE (F)   53        31      1989


SUNRISE AND SUNSET
OCTOBER 21 2017.......SUNRISE   718 AM CDT   SUNSET   631 PM CDT
OCTOBER 22 2017.......SUNRISE   718 AM CDT   SUNSET   630 PM CDT


-  INDICATES NEGATIVE NUMBERS.
R  INDICATES RECORD WAS SET OR TIED.
MM INDICATES DATA IS MISSING.
T  INDICATES TRACE AMOUNT.




$$
