000
CDUS44 KLCH 012240
CLIAEX


CLIMATE REPORT
NATIONAL WEATHER SERVICE LAKE CHARLES, LA
540 PM CDT MON JUN 1 2015


...................................

...THE ALEXANDRIA CLIMATE SUMMARY FOR JUNE 1 2015...
VALID TODAY AS OF 0500 PM LOCAL TIME.

CLIMATE NORMAL PERIOD 1981 TO 2010
CLIMATE RECORD PERIOD 1892 TO 2015


WEATHER ITEM   OBSERVED TIME   RECORD YEAR NORMAL DEPARTURE LAST
                VALUE   (LST)  VALUE       VALUE  FROM      YEAR
                                                  NORMAL
..................................................................
TEMPERATURE (F)
 TODAY
  MAXIMUM         86    305 PM 102    1998  88     -2       86
  MINIMUM         65    543 AM  51    1984  67     -2       72
  AVERAGE         76                        78     -2       79

PRECIPITATION (IN)
  TODAY            T             2.25 1976   0.10  -0.10     0.18
  MONTH TO DATE    T                         0.10  -0.10     0.18
  SINCE JUN 1      T                         0.10  -0.10     0.18
  SINCE JAN 1     25.25                     24.10   1.15    18.40

DEGREE DAYS
 COOLING
  TODAY           11                        13     -2       14
  MONTH TO DATE   11                        13     -2       14
  SINCE JUN 1     11                        13     -2       14
  SINCE JAN 1    533                       467     66      425
..................................................................


WIND (MPH)
  HIGHEST WIND SPEED    10   HIGHEST WIND DIRECTION    NW (310)
  HIGHEST GUST SPEED    15   HIGHEST GUST DIRECTION    NW (320)
  AVERAGE WIND SPEED     2.3


SKY COVER
  POSSIBLE SUNSHINE  MM
  AVERAGE SKY COVER 0.1


WEATHER CONDITIONS
 THE FOLLOWING WEATHER WAS RECORDED TODAY.
  LIGHT RAIN
  FOG


RELATIVE HUMIDITY (PERCENT)
 HIGHEST   100           300 AM
 LOWEST     44           300 PM
 AVERAGE    72

..........................................................


THE ALEXANDRIA CLIMATE NORMALS FOR TOMORROW
                         NORMAL    RECORD    YEAR
 MAXIMUM TEMPERATURE (F)   89       100      2011
 MINIMUM TEMPERATURE (F)   68        50      1903


SUNRISE AND SUNSET
JUNE  1 2015..........SUNRISE   607 AM CDT   SUNSET   810 PM CDT
JUNE  2 2015..........SUNRISE   606 AM CDT   SUNSET   810 PM CDT


-  INDICATES NEGATIVE NUMBERS.
R  INDICATES RECORD WAS SET OR TIED.
MM INDICATES DATA IS MISSING.
T  INDICATES TRACE AMOUNT.




$$
