000
CDUS44 KLCH 300909
CLIAEX


CLIMATE REPORT
NATIONAL WEATHER SERVICE LAKE CHARLES, LA
409 AM CDT MON MAY 30 2016


...................................

...THE ALEXANDRIA CLIMATE SUMMARY FOR MAY 29 2016...

CLIMATE NORMAL PERIOD 1981 TO 2010
CLIMATE RECORD PERIOD 1892 TO 2016


WEATHER ITEM   OBSERVED TIME   RECORD YEAR NORMAL DEPARTURE LAST
                VALUE   (LST)  VALUE       VALUE  FROM      YEAR
                                                  NORMAL
..................................................................
TEMPERATURE (F)
 YESTERDAY
  MAXIMUM         92    303 PM  96    1989  88      4       88
                                      1906
  MINIMUM         67    522 AM  51    1901  67      0       71
  AVERAGE         80                        77      3       80

PRECIPITATION (IN)
  YESTERDAY        0.00          1.43 1990   0.15  -0.15     0.09
  MONTH TO DATE    3.67                      4.38  -0.71     6.31
  SINCE MAR 1     15.87                     13.98   1.89    19.41
  SINCE JAN 1     22.35                     23.66  -1.31    24.51

DEGREE DAYS
 COOLING
  YESTERDAY       15                        12      3       15
  MONTH TO DATE  242                       269    -27      300
  SINCE MAR 1    430                       411     19      496
  SINCE JAN 1    438                       428     10      497
..................................................................


WIND (MPH)
  HIGHEST WIND SPEED     9   HIGHEST WIND DIRECTION     E (110)
  HIGHEST GUST SPEED    13   HIGHEST GUST DIRECTION     S (170)
  AVERAGE WIND SPEED     2.4


SKY COVER
  POSSIBLE SUNSHINE  MM
  AVERAGE SKY COVER 0.2


WEATHER CONDITIONS
 THE FOLLOWING WEATHER WAS RECORDED YESTERDAY.
  FOG
  FOG W/VISIBILITY <= 1/4 MILE


RELATIVE HUMIDITY (PERCENT)
 HIGHEST   100          1200 AM
 LOWEST     41           200 PM
 AVERAGE    71

..........................................................


THE ALEXANDRIA CLIMATE NORMALS FOR TODAY
                         NORMAL    RECORD    YEAR
 MAXIMUM TEMPERATURE (F)   88        98      1921
                                             1896
 MINIMUM TEMPERATURE (F)   67        50      1984


SUNRISE AND SUNSET
MAY 30 2016...........SUNRISE   607 AM CDT   SUNSET   809 PM CDT
MAY 31 2016...........SUNRISE   607 AM CDT   SUNSET   810 PM CDT


-  INDICATES NEGATIVE NUMBERS.
R  INDICATES RECORD WAS SET OR TIED.
MM INDICATES DATA IS MISSING.
T  INDICATES TRACE AMOUNT.




$$
