000
CDUS44 KLCH 011245
CLIAEX


CLIMATE REPORT
NATIONAL WEATHER SERVICE LAKE CHARLES, LA
745 AM CDT SAT OCT 1 2016


...................................

...THE ALEXANDRIA CLIMATE SUMMARY FOR SEPTEMBER 30 2016...

CLIMATE NORMAL PERIOD 1981 TO 2010
CLIMATE RECORD PERIOD 1892 TO 2016


WEATHER ITEM   OBSERVED TIME   RECORD YEAR NORMAL DEPARTURE LAST
                VALUE   (LST)  VALUE       VALUE  FROM      YEAR
                                                  NORMAL
..................................................................
TEMPERATURE (F)
 YESTERDAY
  MAXIMUM         82    355 PM  96    1953  84     -2       91
  MINIMUM         52    549 AM  42    1909  61     -9       67
  AVERAGE         67                        72     -5       79

PRECIPITATION (IN)
  YESTERDAY        0.00          2.51 1898   0.16  -0.16     0.00
  MONTH TO DATE    3.46                      2.90   0.56     1.87
  SINCE SEP 1      3.46                      2.90   0.56     1.87
  SINCE JAN 1     44.20                     39.13   5.07    36.43

DEGREE DAYS
 HEATING
  YESTERDAY        0                         1     -1        0
  MONTH TO DATE    0                         1     -1        0
  SINCE SEP 1      0                         3     -3        0
  SINCE JUL 1      0                         3     -3        0

 COOLING
  YESTERDAY        2                         8     -6       14
  MONTH TO DATE  472                       363    109      434
  SINCE SEP 1    472                       363    109      434
  SINCE JAN 1   2575                      2350    225     2609
..................................................................


WIND (MPH)
  HIGHEST WIND SPEED    10   HIGHEST WIND DIRECTION     W (290)
  HIGHEST GUST SPEED    14   HIGHEST GUST DIRECTION     W (290)
  AVERAGE WIND SPEED     2.8


SKY COVER
  POSSIBLE SUNSHINE  MM
  AVERAGE SKY COVER 0.1


WEATHER CONDITIONS
 THE FOLLOWING WEATHER WAS RECORDED YESTERDAY.
  FOG
  HAZE


RELATIVE HUMIDITY (PERCENT)
 HIGHEST   100           200 AM
 LOWEST     36           200 PM
 AVERAGE    68

..........................................................


THE ALEXANDRIA CLIMATE NORMALS FOR TODAY
                         NORMAL    RECORD    YEAR
 MAXIMUM TEMPERATURE (F)   83        97      1900
 MINIMUM TEMPERATURE (F)   60        41      1984


SUNRISE AND SUNSET
OCTOBER  1 2016.......SUNRISE   704 AM CDT   SUNSET   655 PM CDT
OCTOBER  2 2016.......SUNRISE   705 AM CDT   SUNSET   653 PM CDT


-  INDICATES NEGATIVE NUMBERS.
R  INDICATES RECORD WAS SET OR TIED.
MM INDICATES DATA IS MISSING.
T  INDICATES TRACE AMOUNT.




$$
