000
CDUS44 KLCH 291245
CLIAEX


CLIMATE REPORT
NATIONAL WEATHER SERVICE LAKE CHARLES, LA
745 AM CDT MON AUG 29 2016


...................................

...THE ALEXANDRIA CLIMATE SUMMARY FOR AUGUST 28 2016...

CLIMATE NORMAL PERIOD 1981 TO 2010
CLIMATE RECORD PERIOD 1892 TO 2016


WEATHER ITEM   OBSERVED TIME   RECORD YEAR NORMAL DEPARTURE LAST
                VALUE   (LST)  VALUE       VALUE  FROM      YEAR
                                                  NORMAL
..................................................................
TEMPERATURE (F)
 YESTERDAY
  MAXIMUM         92    320 PM 105    1943  93     -1       92
  MINIMUM         72    351 AM  56    1896  71      1       57
  AVERAGE         82                        82      0       75

PRECIPITATION (IN)
  YESTERDAY        T             1.49 2003   0.11  -0.11     0.00
  MONTH TO DATE    9.80                      3.16   6.64     0.97
  SINCE JUN 1     17.84                     11.89   5.95     9.31
  SINCE JAN 1     40.19                     35.89   4.30    34.56

DEGREE DAYS
 COOLING
  YESTERDAY       17                        17      0       10
  MONTH TO DATE  509                       496     13      517
  SINCE JUN 1   1579                      1488     91     1610
  SINCE JAN 1   2046                      1942    104     2132
..................................................................


WIND (MPH)
  HIGHEST WIND SPEED    15   HIGHEST WIND DIRECTION    SE (120)
  HIGHEST GUST SPEED    21   HIGHEST GUST DIRECTION    SE (120)
  AVERAGE WIND SPEED     4.7


SKY COVER
  POSSIBLE SUNSHINE  MM
  AVERAGE SKY COVER 0.4


WEATHER CONDITIONS
 THE FOLLOWING WEATHER WAS RECORDED YESTERDAY.
  FOG
  FOG W/VISIBILITY <= 1/4 MILE


RELATIVE HUMIDITY (PERCENT)
 HIGHEST   100          1200 AM
 LOWEST     56           200 PM
 AVERAGE    78

..........................................................


THE ALEXANDRIA CLIMATE NORMALS FOR TODAY
                         NORMAL    RECORD    YEAR
 MAXIMUM TEMPERATURE (F)   93       103      1954
 MINIMUM TEMPERATURE (F)   70        55      1896


SUNRISE AND SUNSET
AUGUST 29 2016........SUNRISE   645 AM CDT   SUNSET   737 PM CDT
AUGUST 30 2016........SUNRISE   645 AM CDT   SUNSET   735 PM CDT


-  INDICATES NEGATIVE NUMBERS.
R  INDICATES RECORD WAS SET OR TIED.
MM INDICATES DATA IS MISSING.
T  INDICATES TRACE AMOUNT.




$$
