000
CDUS44 KLCH 130830
CLIAEX


CLIMATE REPORT
NATIONAL WEATHER SERVICE LAKE CHARLES, LA
229 AM CST WED DEC 13 2017


...................................

...THE ALEXANDRIA CLIMATE SUMMARY FOR DECEMBER 12 2017...

CLIMATE NORMAL PERIOD 1981 TO 2010
CLIMATE RECORD PERIOD 1892 TO 2017


WEATHER ITEM   OBSERVED TIME   RECORD YEAR NORMAL DEPARTURE LAST
                VALUE   (LST)  VALUE       VALUE  FROM      YEAR
                                                  NORMAL
..................................................................
TEMPERATURE (F)
 YESTERDAY
  MAXIMUM         60    320 PM  83    2007  61     -1       73
  MINIMUM         34   1159 PM  18    1957  41     -7       60
  AVERAGE         47                        50     -3       67

PRECIPITATION (IN)
  YESTERDAY        0.00          4.10 1998   0.18  -0.18     0.02
  MONTH TO DATE    0.11                      2.93  -2.82     7.59
  SINCE DEC 1      0.11                      2.93  -2.82     7.59
  SINCE JAN 1     45.75                     52.73  -6.98    54.56

SNOWFALL (IN)
  YESTERDAY        0.0           0.0    MM  MM     MM        0.0
  MONTH TO DATE    2.1                      MM     MM        0.0
  SINCE DEC 1      2.1                      MM     MM        0.0
  SINCE JUL 1      2.1                      MM     MM        0.0
  SNOW DEPTH       0

DEGREE DAYS
 HEATING
  YESTERDAY       18                        15      3        0
  MONTH TO DATE  172                       169      3      179
  SINCE DEC 1    172                       169      3      179
  SINCE JUL 1    442                       494    -52      354
..................................................................


WIND (MPH)
  HIGHEST WIND SPEED    16   HIGHEST WIND DIRECTION     N (340)
  HIGHEST GUST SPEED    22   HIGHEST GUST DIRECTION    NW (320)
  AVERAGE WIND SPEED     6.9


SKY COVER
  POSSIBLE SUNSHINE  MM
  AVERAGE SKY COVER 0.0


WEATHER CONDITIONS
 THE FOLLOWING WEATHER WAS RECORDED YESTERDAY.
  NO SIGNIFICANT WEATHER WAS OBSERVED.


RELATIVE HUMIDITY (PERCENT)
 HIGHEST    82          1000 PM
 LOWEST     33           200 PM
 AVERAGE    58

..........................................................


THE ALEXANDRIA CLIMATE NORMALS FOR TODAY
                         NORMAL    RECORD    YEAR
 MAXIMUM TEMPERATURE (F)   60        81      1996
                                             1931
 MINIMUM TEMPERATURE (F)   40        14      1962


SUNRISE AND SUNSET
DECEMBER 13 2017......SUNRISE   700 AM CST   SUNSET   509 PM CST
DECEMBER 14 2017......SUNRISE   701 AM CST   SUNSET   509 PM CST


-  INDICATES NEGATIVE NUMBERS.
R  INDICATES RECORD WAS SET OR TIED.
MM INDICATES DATA IS MISSING.
T  INDICATES TRACE AMOUNT.




$$
