000
CDUS44 KLCH 270857
CLIAEX


CLIMATE REPORT
NATIONAL WEATHER SERVICE LAKE CHARLES, LA
357 AM CDT TUE JUN 27 2017


...................................

...THE ALEXANDRIA CLIMATE SUMMARY FOR JUNE 26 2017...

CLIMATE NORMAL PERIOD 1981 TO 2010
CLIMATE RECORD PERIOD 1892 TO 2017


WEATHER ITEM   OBSERVED TIME   RECORD YEAR NORMAL DEPARTURE LAST
                VALUE   (LST)  VALUE       VALUE  FROM      YEAR
                                                  NORMAL
..................................................................
TEMPERATURE (F)
 YESTERDAY
  MAXIMUM         87    227 PM 104    1930  91     -4       95
  MINIMUM         67    543 AM  59    1974  72     -5       75
  AVERAGE         77                        82     -5       85

PRECIPITATION (IN)
  YESTERDAY        0.00          2.65 1906   0.19  -0.19     0.00
  MONTH TO DATE    5.47                      4.39   1.08     2.12
  SINCE JUN 1      5.47                      4.39   1.08     2.12
  SINCE JAN 1     30.18                     28.39   1.79    24.47

DEGREE DAYS
 COOLING
  YESTERDAY       12                        16     -4       20
  MONTH TO DATE  353                       385    -32      407
  SINCE JUN 1    353                       385    -32      407
  SINCE JAN 1    928                       839     89      874
..................................................................


WIND (MPH)
  HIGHEST WIND SPEED    12   HIGHEST WIND DIRECTION     E (80)
  HIGHEST GUST SPEED    15   HIGHEST GUST DIRECTION     E (80)
  AVERAGE WIND SPEED     4.0


SKY COVER
  POSSIBLE SUNSHINE  MM
  AVERAGE SKY COVER 0.1


WEATHER CONDITIONS
 THE FOLLOWING WEATHER WAS RECORDED YESTERDAY.
  NO SIGNIFICANT WEATHER WAS OBSERVED.


RELATIVE HUMIDITY (PERCENT)
 HIGHEST    93           500 AM
 LOWEST     51           200 PM
 AVERAGE    72

..........................................................


THE ALEXANDRIA CLIMATE NORMALS FOR TODAY
                         NORMAL    RECORD    YEAR
 MAXIMUM TEMPERATURE (F)   92       104      1930
 MINIMUM TEMPERATURE (F)   72        57      1974


SUNRISE AND SUNSET
JUNE 27 2017..........SUNRISE   608 AM CDT   SUNSET   818 PM CDT
JUNE 28 2017..........SUNRISE   608 AM CDT   SUNSET   819 PM CDT


-  INDICATES NEGATIVE NUMBERS.
R  INDICATES RECORD WAS SET OR TIED.
MM INDICATES DATA IS MISSING.
T  INDICATES TRACE AMOUNT.




$$
