000
CDUS42 KCAE 160623
CLIAGS


CLIMATE REPORT
NATIONAL WEATHER SERVICE COLUMBIA SC
223 AM EDT TUE SEP 16 2014


...................................

...THE AUGUSTA REGIONAL BUSH FIELD GA CLIMATE SUMMARY FOR SEPTEMBER 15 2014...

CLIMATE NORMAL PERIOD 1981 TO 2010
CLIMATE RECORD PERIOD 1873 TO 2014


WEATHER ITEM   OBSERVED TIME   RECORD YEAR NORMAL DEPARTURE LAST
                VALUE   (LST)  VALUE       VALUE  FROM      YEAR
                                                  NORMAL
..................................................................
TEMPERATURE (F)
 YESTERDAY
  MAXIMUM         76    547 PM 100    1980  87    -11       90
                                      1927
  MINIMUM         69    711 AM  47    1967  63      6       61
  AVERAGE         73                        75     -2       76

PRECIPITATION (IN)
  YESTERDAY        0.34          1.79 1900   0.10   0.24      T
  MONTH TO DATE    1.71                      1.62   0.09     0.14
  SINCE SEP 1      1.71                      1.62   0.09     0.14
  SINCE JAN 1     30.13                     32.49  -2.36    45.46

SNOWFALL (IN)
  YESTERDAY        0.0          MM      MM   0.0             0.0
  MONTH TO DATE    0.0                       0.0             0.0
  SINCE SEP 1      0.0                       0.0             0.0
  SINCE JUL 1      0.0                       0.0             0.0

DEGREE DAYS
 HEATING
  YESTERDAY        0                         0      0        0
  MONTH TO DATE    0                         0      0        0
  SINCE SEP 1      0                         0      0        0
  SINCE JUL 1      0                         0      0        0

 COOLING
  YESTERDAY        8                        10     -2       11
  MONTH TO DATE  220                       180     40      203
  SINCE SEP 1    220                       180     40      203
  SINCE JAN 1   1871                      1868      3     1678
..................................................................


WIND (MPH)
  HIGHEST WIND SPEED     8   HIGHEST WIND DIRECTION    NE (50)
  HIGHEST GUST SPEED    11   HIGHEST GUST DIRECTION    NE (40)
  AVERAGE WIND SPEED     2.7


SKY COVER
  AVERAGE SKY COVER 1.0


WEATHER CONDITIONS
 THE FOLLOWING WEATHER WAS RECORDED YESTERDAY.
  HEAVY RAIN
  RAIN
  LIGHT RAIN
  FOG


RELATIVE HUMIDITY (PERCENT)
 HIGHEST   100          1200 AM
 LOWEST     87          1100 AM
 AVERAGE    94

..........................................................


THE AUGUSTA REGIONAL BUSH FIELD GA CLIMATE NORMALS FOR TODAY
                         NORMAL    RECORD    YEAR
 MAXIMUM TEMPERATURE (F)   87        99      1980
                                             1927
 MINIMUM TEMPERATURE (F)   63        49      2001


SUNRISE AND SUNSET
SEPTEMBER 16 2014.....SUNRISE   712 AM EDT   SUNSET   733 PM EDT
SEPTEMBER 17 2014.....SUNRISE   713 AM EDT   SUNSET   731 PM EDT


-  INDICATES NEGATIVE NUMBERS.
R  INDICATES RECORD WAS SET OR TIED.
MM INDICATES DATA IS MISSING.
T  INDICATES TRACE AMOUNT.




$$
