000
CDUS42 KCAE 052223
CLIAGS


CLIMATE REPORT
NATIONAL WEATHER SERVICE COLUMBIA SC
523 PM EST THU MAR 5 2015


...................................

...THE AUGUSTA BUSH FIELD GA CLIMATE SUMMARY FOR MARCH 5 2015...
VALID TODAY AS OF 0500 PM LOCAL TIME.

CLIMATE NORMAL PERIOD 1981 TO 2010
CLIMATE RECORD PERIOD 1873 TO 2015


WEATHER ITEM   OBSERVED TIME   RECORD YEAR NORMAL DEPARTURE LAST
                VALUE   (LST)  VALUE       VALUE  FROM      YEAR
                                                  NORMAL
..................................................................
TEMPERATURE (F)
 TODAY
  MAXIMUM         80    114 PM  86    1961  67     13       55
  MINIMUM         60    252 PM  20    2002  40     20       35
  AVERAGE         70                        53     17       45

PRECIPITATION (IN)
  TODAY            0.06          2.19 1959   0.14  -0.08     0.05
  MONTH TO DATE    0.29                      0.72  -0.43     0.05
  SINCE MAR 1      0.29                      0.72  -0.43     0.05
  SINCE JAN 1      7.09                      8.55  -1.46     6.26

SNOWFALL (IN)
  TODAY            0.0          MM      MM   0.0             0.0
  MONTH TO DATE    0.0                       0.0             0.0
  SINCE MAR 1      0.0                       0.0             0.0
  SINCE JUL 1      T                         0.9             3.3

DEGREE DAYS
 HEATING
  TODAY            0                        12    -12       20
  MONTH TO DATE   40                        62    -22       88
  SINCE MAR 1     40                        62    -22       88
  SINCE JUL 1   2326                      2094    232     2250

 COOLING
  TODAY            5                         0      5        0
  MONTH TO DATE    5                         0      5        0
  SINCE MAR 1      5                         0      5        0
  SINCE JAN 1      5                         3      2        2
..................................................................


WIND (MPH)
  HIGHEST WIND SPEED    38   HIGHEST WIND DIRECTION    NW (310)
  HIGHEST GUST SPEED    46   HIGHEST GUST DIRECTION    NW (310)
  AVERAGE WIND SPEED    12.2


SKY COVER
  AVERAGE SKY COVER 0.8


WEATHER CONDITIONS
 THE FOLLOWING WEATHER WAS RECORDED TODAY.
  RAIN
  LIGHT RAIN
  FOG
  HAZE


RELATIVE HUMIDITY (PERCENT)
 HIGHEST    90           300 PM
 LOWEST     54           100 PM
 AVERAGE    72

..........................................................


THE AUGUSTA BUSH FIELD GA CLIMATE NORMALS FOR TOMORROW
                         NORMAL    RECORD    YEAR
 MAXIMUM TEMPERATURE (F)   67        86      1961
 MINIMUM TEMPERATURE (F)   40        20      1960


SUNRISE AND SUNSET
MARCH  5 2015.........SUNRISE   651 AM EST   SUNSET   628 PM EST
MARCH  6 2015.........SUNRISE   650 AM EST   SUNSET   629 PM EST


-  INDICATES NEGATIVE NUMBERS.
R  INDICATES RECORD WAS SET OR TIED.
MM INDICATES DATA IS MISSING.
T  INDICATES TRACE AMOUNT.




$$
