000
CDUS42 KCAE 220622
CLIAGS


CLIMATE REPORT
NATIONAL WEATHER SERVICE COLUMBIA SC
122 AM EST WED FEB 22 2017


...................................

...THE AUGUSTA REGIONAL BUSH FIELD GA CLIMATE SUMMARY FOR FEBRUARY 21 2017...

CLIMATE NORMAL PERIOD 1981 TO 2010
CLIMATE RECORD PERIOD 1873 TO 2017


WEATHER ITEM   OBSERVED TIME   RECORD YEAR NORMAL DEPARTURE LAST
                VALUE   (LST)  VALUE       VALUE  FROM      YEAR
                                                  NORMAL
..................................................................
TEMPERATURE (F)
 YESTERDAY
  MAXIMUM         75    409 PM  80    2011  64     11       69
                                      1997
  MINIMUM         46    752 AM  15    1896  37      9       47
  AVERAGE         61                        50     11       58

PRECIPITATION (IN)
  YESTERDAY        T             2.47 1932   0.14  -0.14      T
  MONTH TO DATE    1.90                      2.89  -0.99     2.74
  SINCE DEC 1     16.44                     10.19   6.25    11.32
  SINCE JAN 1     12.03                      6.80   5.23     4.40

SNOWFALL (IN)
  YESTERDAY        0.0           0.7  1968   0.0             0.0
  MONTH TO DATE    0.0                       0.3             0.0
  SINCE DEC 1      T                         0.8             0.5
  SINCE JUL 1      T                         0.8             0.5

DEGREE DAYS
 HEATING
  YESTERDAY        4                        15    -11        7
  MONTH TO DATE  174                       350   -176      354
  SINCE DEC 1    840                      1513   -673     1208
  SINCE JUL 1   1111                      1935   -824     1495

 COOLING
  YESTERDAY        0                         0      0        0
  MONTH TO DATE    6                         0      6        3
  SINCE DEC 1     27                         4     23       50
  SINCE JAN 1     20                         1     19        3
..................................................................


WIND (MPH)
  HIGHEST WIND SPEED    13   HIGHEST WIND DIRECTION     E (100)
  HIGHEST GUST SPEED    23   HIGHEST GUST DIRECTION    SE (130)
  AVERAGE WIND SPEED     4.7


SKY COVER
  AVERAGE SKY COVER 0.5


WEATHER CONDITIONS
 THE FOLLOWING WEATHER WAS RECORDED YESTERDAY.
  LIGHT RAIN
  FOG
  HAZE


RELATIVE HUMIDITY (PERCENT)
 HIGHEST    93           400 AM
 LOWEST     49           100 PM
 AVERAGE    71

..........................................................


THE AUGUSTA REGIONAL BUSH FIELD GA CLIMATE NORMALS FOR TODAY
                         NORMAL    RECORD    YEAR
 MAXIMUM TEMPERATURE (F)   64        83      2011
 MINIMUM TEMPERATURE (F)   37        20      1970
                                             1896


SUNRISE AND SUNSET
FEBRUARY 22 2017......SUNRISE   704 AM EST   SUNSET   619 PM EST
FEBRUARY 23 2017......SUNRISE   703 AM EST   SUNSET   620 PM EST


-  INDICATES NEGATIVE NUMBERS.
R  INDICATES RECORD WAS SET OR TIED.
MM INDICATES DATA IS MISSING.
T  INDICATES TRACE AMOUNT.




$$
