000
CDUS42 KCAE 180537
CLIAGS


CLIMATE REPORT
NATIONAL WEATHER SERVICE COLUMBIA SC
1237 AM EST WED JAN 18 2017


...................................

...THE AUGUSTA REGIONAL BUSH FIELD GA CLIMATE SUMMARY FOR JANUARY 17 2017...

CLIMATE NORMAL PERIOD 1981 TO 2010
CLIMATE RECORD PERIOD 1873 TO 2017


WEATHER ITEM   OBSERVED TIME   RECORD YEAR NORMAL DEPARTURE LAST
                VALUE   (LST)  VALUE       VALUE  FROM      YEAR
                                                  NORMAL
..................................................................
TEMPERATURE (F)
 YESTERDAY
  MAXIMUM         80R   308 PM  80    1943  58     22       54
  MINIMUM         59    628 AM  11    1977  33     26       40
  AVERAGE         70                        45     25       47

PRECIPITATION (IN)
  YESTERDAY        0.00          1.50 1919   0.12  -0.12     0.05
  MONTH TO DATE    6.43                      2.10   4.33     0.89
  SINCE DEC 1     10.84                      5.49   5.35     7.81
  SINCE JAN 1      6.43                      2.10   4.33     0.89

SNOWFALL (IN)
  YESTERDAY        0.0          MM      MM   0.0             0.0
  MONTH TO DATE    T                         0.3             0.0
  SINCE DEC 1      T                         0.4             0.0
  SINCE JUL 1      T                         0.4             0.0

DEGREE DAYS
 HEATING
  YESTERDAY        0                        20    -20       18
  MONTH TO DATE  181                       340   -159      327
  SINCE DEC 1    547                       893   -346      544
  SINCE JUL 1    818                      1315   -497      831

 COOLING
  YESTERDAY        5                         0      5        0
  MONTH TO DATE    8                         0      8        0
  SINCE DEC 1     15                         3     12       47
  SINCE JAN 1      8                         0      8        0
..................................................................


WIND (MPH)
  HIGHEST WIND SPEED    16   HIGHEST WIND DIRECTION     W (260)
  HIGHEST GUST SPEED    21   HIGHEST GUST DIRECTION    SW (230)
  AVERAGE WIND SPEED     6.3


SKY COVER
  AVERAGE SKY COVER 0.5


WEATHER CONDITIONS
 THE FOLLOWING WEATHER WAS RECORDED YESTERDAY.
  FOG
  FOG W/VISIBILITY <= 1/4 MILE


RELATIVE HUMIDITY (PERCENT)
 HIGHEST    93           100 AM
 LOWEST     39           300 PM
 AVERAGE    66

..........................................................


THE AUGUSTA REGIONAL BUSH FIELD GA CLIMATE NORMALS FOR TODAY
                         NORMAL    RECORD    YEAR
 MAXIMUM TEMPERATURE (F)   58        80      1928
 MINIMUM TEMPERATURE (F)   33        14      2003


SUNRISE AND SUNSET
JANUARY 18 2017.......SUNRISE   731 AM EST   SUNSET   546 PM EST
JANUARY 19 2017.......SUNRISE   730 AM EST   SUNSET   547 PM EST


-  INDICATES NEGATIVE NUMBERS.
R  INDICATES RECORD WAS SET OR TIED.
MM INDICATES DATA IS MISSING.
T  INDICATES TRACE AMOUNT.




$$
