000
CDUS42 KCAE 162238
CLIAGS


CLIMATE REPORT
NATIONAL WEATHER SERVICE COLUMBIA SC
538 PM EST SAT DEC 16 2017


...................................

...THE AUGUSTA BUSH FIELD GA CLIMATE SUMMARY FOR DECEMBER 16 2017...
VALID TODAY AS OF 0500 PM LOCAL TIME.

CLIMATE NORMAL PERIOD 1981 TO 2010
CLIMATE RECORD PERIOD 1873 TO 2017


WEATHER ITEM   OBSERVED TIME   RECORD YEAR NORMAL DEPARTURE LAST
                VALUE   (LST)  VALUE       VALUE  FROM      YEAR
                                                  NORMAL
..................................................................
TEMPERATURE (F)
 TODAY
  MAXIMUM         54    356 PM  81    1971  60     -6       43
  MINIMUM         23    708 AM  17    2004  34    -11       MM
                                      1955
  AVERAGE         39                        47     -8       MM

PRECIPITATION (IN)
  TODAY            0.00          2.89 1970   0.11  -0.11     0.00
  MONTH TO DATE    2.43                      1.68   0.75     3.63
  SINCE DEC 1      2.43                      1.68   0.75     3.63
  SINCE JAN 1     43.28                     41.86   1.42    37.49

SNOWFALL (IN)
  TODAY            0.0          MM      MM   0.0             0.0
  MONTH TO DATE    0.0                       0.0             0.0
  SINCE DEC 1      0.0                       0.0             0.0
  SINCE JUL 1      0.0                       0.0             0.0

DEGREE DAYS
 HEATING
  TODAY           26                        18      8       MM
  MONTH TO DATE  248                       264    -16      201
  SINCE DEC 1    248                       264    -16      201
  SINCE JUL 1    613                       686    -73      472

 COOLING
  TODAY            0                         0      0       MM
  MONTH TO DATE    0                         0      0        0
  SINCE DEC 1      0                         0      0        0
  SINCE JAN 1   2703                      2086    617     2509
..................................................................


WIND (MPH)
  HIGHEST WIND SPEED     8   HIGHEST WIND DIRECTION    NW (330)
  HIGHEST GUST SPEED    10   HIGHEST GUST DIRECTION    NW (310)
  AVERAGE WIND SPEED     1.4


SKY COVER
  AVERAGE SKY COVER 0.0


WEATHER CONDITIONS
 THE FOLLOWING WEATHER WAS RECORDED TODAY.
  FOG


RELATIVE HUMIDITY (PERCENT)
 HIGHEST    92           700 AM
 LOWEST     35           300 PM
 AVERAGE    64

..........................................................


THE AUGUSTA BUSH FIELD GA CLIMATE NORMALS FOR TOMORROW
                         NORMAL    RECORD    YEAR
 MAXIMUM TEMPERATURE (F)   59        79      1933
 MINIMUM TEMPERATURE (F)   34        15      1955


SUNRISE AND SUNSET
DECEMBER 16 2017......SUNRISE   725 AM EST   SUNSET   522 PM EST
DECEMBER 17 2017......SUNRISE   726 AM EST   SUNSET   523 PM EST


-  INDICATES NEGATIVE NUMBERS.
R  INDICATES RECORD WAS SET OR TIED.
MM INDICATES DATA IS MISSING.
T  INDICATES TRACE AMOUNT.




$$
