000
CDUS42 KCAE 290533
CLIAGS


CLIMATE REPORT
NATIONAL WEATHER SERVICE COLUMBIA SC
133 AM EDT SAT APR 29 2017


...................................

...THE AUGUSTA REGIONAL BUSH FIELD GA CLIMATE SUMMARY FOR APRIL 28 2017...

CLIMATE NORMAL PERIOD 1981 TO 2010
CLIMATE RECORD PERIOD 1873 TO 2017


WEATHER ITEM   OBSERVED TIME   RECORD YEAR NORMAL DEPARTURE LAST
                VALUE   (LST)  VALUE       VALUE  FROM      YEAR
                                                  NORMAL
..................................................................
TEMPERATURE (F)
 YESTERDAY
  MAXIMUM         92R   438 PM  91    2012  80     12       87
                                      1986
                                      1985
  MINIMUM         64    444 AM  37    2005  51     13       64
  AVERAGE         78                        66     12       76

PRECIPITATION (IN)
  YESTERDAY        0.00          2.22 2013   0.09  -0.09     0.01
  MONTH TO DATE    2.58                      2.68  -0.10     4.42
  SINCE MAR 1      4.35                      6.86  -2.51     7.60
  SINCE JAN 1     16.59                     14.69   1.90    13.02

SNOWFALL (IN)
  YESTERDAY        0.0          MM      MM   0.0             0.0
  MONTH TO DATE    0.0                       0.0             0.0
  SINCE MAR 1      0.0                       0.0             0.0
  SINCE JUL 1      T                         0.9             0.5

DEGREE DAYS
 HEATING
  YESTERDAY        0                         2     -2        0
  MONTH TO DATE   31                       119    -88       93
  SINCE MAR 1    269                       415   -146      266
  SINCE JUL 1   1404                      2447  -1043     1843

 COOLING
  YESTERDAY       13                         3     10       11
  MONTH TO DATE  137                        48     89       44
  SINCE MAR 1    190                        63    127       95
  SINCE JAN 1    220                        66    154       98
..................................................................


WIND (MPH)
  HIGHEST WIND SPEED    14   HIGHEST WIND DIRECTION     S (200)
  HIGHEST GUST SPEED    20   HIGHEST GUST DIRECTION     S (170)
  AVERAGE WIND SPEED     6.5


SKY COVER
  AVERAGE SKY COVER 0.3


WEATHER CONDITIONS
 THE FOLLOWING WEATHER WAS RECORDED YESTERDAY.
  FOG
  FOG W/VISIBILITY <= 1/4 MILE
  HAZE


RELATIVE HUMIDITY (PERCENT)
 HIGHEST   100           500 AM
 LOWEST     47           400 PM
 AVERAGE    74

..........................................................


THE AUGUSTA REGIONAL BUSH FIELD GA CLIMATE NORMALS FOR TODAY
                         NORMAL    RECORD    YEAR
 MAXIMUM TEMPERATURE (F)   81        91      2016
                                             2012
                                             1970
 MINIMUM TEMPERATURE (F)   52        38      1973
                                             1967


SUNRISE AND SUNSET
APRIL 29 2017.........SUNRISE   642 AM EDT   SUNSET   809 PM EDT
APRIL 30 2017.........SUNRISE   641 AM EDT   SUNSET   810 PM EDT


-  INDICATES NEGATIVE NUMBERS.
R  INDICATES RECORD WAS SET OR TIED.
MM INDICATES DATA IS MISSING.
T  INDICATES TRACE AMOUNT.




$$
