000
CDUS42 KCAE 302122
CLIAGS


CLIMATE REPORT
NATIONAL WEATHER SERVICE COLUMBIA SC
522 PM EDT TUE SEP 30 2014


...................................

...THE AUGUSTA BUSH FIELD GA CLIMATE SUMMARY FOR SEPTEMBER 30 2014...
VALID TODAY AS OF 0500 PM LOCAL TIME.

CLIMATE NORMAL PERIOD 1981 TO 2010
CLIMATE RECORD PERIOD 1873 TO 2014


WEATHER ITEM   OBSERVED TIME   RECORD YEAR NORMAL DEPARTURE LAST
                VALUE   (LST)  VALUE       VALUE  FROM      YEAR
                                                  NORMAL
..................................................................
TEMPERATURE (F)
 TODAY
  MAXIMUM         84    342 PM  96    1904  83      1       78
  MINIMUM         62    643 AM  36    1967  57      5       51
  AVERAGE         73                        70      3       65

PRECIPITATION (IN)
  TODAY            0.00          1.01 1915   0.12  -0.12     0.00
  MONTH TO DATE    2.27                      3.22  -0.95     1.12
  SINCE SEP 1      2.27                      3.22  -0.95     1.12
  SINCE JAN 1     30.69                     34.09  -3.40    46.44

SNOWFALL (IN)
  TODAY            0.0          MM      MM   0.0             0.0
  MONTH TO DATE    0.0                       0.0             0.0
  SINCE SEP 1      0.0                       0.0             0.0
  SINCE JUL 1      0.0                       0.0             0.0

DEGREE DAYS
 HEATING
  TODAY            0                         1     -1        0
  MONTH TO DATE    2                         5     -3        0
  SINCE SEP 1      2                         7     -5        0
  SINCE JUL 1      2                         7     -5        0

 COOLING
  TODAY            8                         6      2        0
  MONTH TO DATE  334                       296     38      293
  SINCE SEP 1    334                       296     38      293
  SINCE JAN 1   1985                      1984      1     1768
..................................................................


WIND (MPH)
  HIGHEST WIND SPEED    10   HIGHEST WIND DIRECTION     N (340)
  HIGHEST GUST SPEED    13   HIGHEST GUST DIRECTION     E (80)
  AVERAGE WIND SPEED     3.3


SKY COVER
  AVERAGE SKY COVER 0.4


WEATHER CONDITIONS
 THE FOLLOWING WEATHER WAS RECORDED TODAY.
  NO SIGNIFICANT WEATHER WAS OBSERVED.


RELATIVE HUMIDITY (PERCENT)
 HIGHEST    93           100 AM
 LOWEST     47           200 PM
 AVERAGE    70

..........................................................


THE AUGUSTA BUSH FIELD GA CLIMATE NORMALS FOR TOMORROW
                         NORMAL    RECORD    YEAR
 MAXIMUM TEMPERATURE (F)   82        93      1986
 MINIMUM TEMPERATURE (F)   57        39      1967


SUNRISE AND SUNSET
SEPTEMBER 30 2014.....SUNRISE   721 AM EDT   SUNSET   714 PM EDT
OCTOBER  1 2014.......SUNRISE   722 AM EDT   SUNSET   712 PM EDT


-  INDICATES NEGATIVE NUMBERS.
R  INDICATES RECORD WAS SET OR TIED.
MM INDICATES DATA IS MISSING.
T  INDICATES TRACE AMOUNT.




$$
