000
CDUS42 KFFC 010818
CLIAHN


CLIMATE REPORT
NATIONAL WEATHER SERVICE PEACHTREE CITY GA
418 AM EDT SUN MAY 1 2016


...................................

...THE ATHENS CLIMATE SUMMARY FOR APRIL 30 2016...

CLIMATE NORMAL PERIOD 1981 TO 2010
CLIMATE RECORD PERIOD 1898 TO 2016


WEATHER ITEM   OBSERVED TIME   RECORD YEAR NORMAL DEPARTURE LAST
                VALUE   (LST)  VALUE       VALUE  FROM      YEAR
                                                  NORMAL
..................................................................
TEMPERATURE (F)
 YESTERDAY
  MAXIMUM         88   1238 PM  91    1917  78     10       76
  MINIMUM         60    548 AM  37    2008  53      7       51
  AVERAGE         74                        65      9       64

PRECIPITATION (IN)
  YESTERDAY        0.59          2.00 1949   0.10   0.49      T
  MONTH TO DATE    2.57                      3.15  -0.58     8.01
  SINCE MAR 1      4.52                      7.58  -3.06    10.80
  SINCE JAN 1     12.69                     16.11  -3.42    17.77

SNOWFALL (IN)
  YESTERDAY        0.0           0.0  2002   0.0    0.0      0.0
                                      2001
                                      2000
  MONTH TO DATE    0.0                       0.0    0.0      0.0
  SINCE MAR 1      0.0                       0.8   -0.8      0.0
  SINCE JUL 1      0.1                       2.9   -2.8       T
  SNOW DEPTH       0

DEGREE DAYS
 HEATING
  YESTERDAY        0                         2     -2        1
  MONTH TO DATE  110                       147    -37       62
  SINCE MAR 1    297                       488   -191      315
  SINCE JUL 1   2140                      2743   -603     2821

 COOLING
  YESTERDAY        9                         3      6        0
  MONTH TO DATE   70                        47     23       72
  SINCE MAR 1    107                        57     50       79
  SINCE JAN 1    107                        58     49       79
..................................................................


WIND (MPH)
  RESULTANT WIND SPEED   3   RESULTANT WIND DIRECTION   E (100)
  HIGHEST WIND SPEED    14   HIGHEST WIND DIRECTION    NW (310)
  HIGHEST GUST SPEED    20   HIGHEST GUST DIRECTION    NW (330)
  AVERAGE WIND SPEED     3.9


SKY COVER
  POSSIBLE SUNSHINE  MM
  AVERAGE SKY COVER 0.4


WEATHER CONDITIONS
 THE FOLLOWING WEATHER WAS RECORDED YESTERDAY.
  THUNDERSTORM
  HEAVY RAIN
  RAIN
  LIGHT RAIN
  FOG


RELATIVE HUMIDITY (PERCENT)
 HIGHEST   100          1000 PM
 LOWEST     48           100 PM
 AVERAGE    74

..........................................................


THE ATHENS CLIMATE NORMALS FOR TODAY
                         NORMAL    RECORD    YEAR
 MAXIMUM TEMPERATURE (F)   78        92      2007
 MINIMUM TEMPERATURE (F)   54        38      1996
                                             1908


SUNRISE AND SUNSET
MAY  1 2016...........SUNRISE   644 AM EDT   SUNSET   817 PM EDT
MAY  2 2016...........SUNRISE   643 AM EDT   SUNSET   818 PM EDT


-  INDICATES NEGATIVE NUMBERS.
R  INDICATES RECORD WAS SET OR TIED.
MM INDICATES DATA IS MISSING.
T  INDICATES TRACE AMOUNT.




$$
