000
CDUS42 KFFC 100825
CLIAHN


CLIMATE REPORT
NATIONAL WEATHER SERVICE PEACHTREE CITY GA
423 AM EDT THU JUL 10 2014


...................................

...THE ATHENS CLIMATE SUMMARY FOR JULY 9 2014...

CLIMATE NORMAL PERIOD 1981 TO 2010
CLIMATE RECORD PERIOD 1898 TO 2014


WEATHER ITEM   OBSERVED TIME   RECORD YEAR NORMAL DEPARTURE LAST
                VALUE   (LST)  VALUE       VALUE  FROM      YEAR
                                                  NORMAL
..................................................................
TEMPERATURE (F)
 YESTERDAY
  MAXIMUM         93    110 PM 105    1930  92      1       87
  MINIMUM         73   1159 PM  56    1947  70      3       68
  AVERAGE         83                        81      2       78

PRECIPITATION (IN)
  YESTERDAY        0.12          4.10 1919   0.15  -0.03     0.89
  MONTH TO DATE    0.16                      1.29  -1.13     4.99
  SINCE JUN 1      3.90                      5.47  -1.57    13.20
  SINCE JAN 1     23.54                     24.58  -1.04    36.28

DEGREE DAYS
 COOLING
  YESTERDAY       18                        16      2       13
  MONTH TO DATE  138                       137      1      113
  SINCE JUN 1    556                       515     41      480
  SINCE JAN 1    826                       755     71      659
..................................................................


WIND (MPH)
  RESULTANT WIND SPEED   3   RESULTANT WIND DIRECTION  SW (220)
  HIGHEST WIND SPEED    13   HIGHEST WIND DIRECTION    NW (330)
  HIGHEST GUST SPEED    20   HIGHEST GUST DIRECTION     N (350)
  AVERAGE WIND SPEED     3.9


SKY COVER
  POSSIBLE SUNSHINE  MM
  AVERAGE SKY COVER 0.3


WEATHER CONDITIONS
 THE FOLLOWING WEATHER WAS RECORDED YESTERDAY.
  HEAVY RAIN
  LIGHT RAIN
  FOG


RELATIVE HUMIDITY (PERCENT)
 HIGHEST    82           900 PM
 LOWEST     47           100 PM
 AVERAGE    65

..........................................................


THE ATHENS CLIMATE NORMALS FOR TODAY
                         NORMAL    RECORD    YEAR
 MAXIMUM TEMPERATURE (F)   92       105      1930
 MINIMUM TEMPERATURE (F)   70        58      1952


SUNRISE AND SUNSET
JULY 10 2014..........SUNRISE   630 AM EDT   SUNSET   847 PM EDT
JULY 11 2014..........SUNRISE   631 AM EDT   SUNSET   846 PM EDT


-  INDICATES NEGATIVE NUMBERS.
R  INDICATES RECORD WAS SET OR TIED.
MM INDICATES DATA IS MISSING.
T  INDICATES TRACE AMOUNT.




$$
