559
CDUS42 KFFC 220819
CLIAHN


CLIMATE REPORT
NATIONAL WEATHER SERVICE PEACHTREE CITY GA
419 AM EDT SUN OCT 22 2017


...................................

...THE ATHENS CLIMATE SUMMARY FOR OCTOBER 21 2017...

CLIMATE NORMAL PERIOD 1981 TO 2010
CLIMATE RECORD PERIOD 1898 TO 2017


WEATHER ITEM   OBSERVED TIME   RECORD YEAR NORMAL DEPARTURE LAST
                VALUE   (LST)  VALUE       VALUE  FROM      YEAR
                                                  NORMAL
..................................................................
TEMPERATURE (F)
 YESTERDAY
  MAXIMUM         79    146 PM  88    1910  73      6       71
  MINIMUM         46    628 AM  30    1989  50     -4       52
                                      1952
  AVERAGE         63                        61      2       62

PRECIPITATION (IN)
  YESTERDAY        0.00          2.25 1942   0.11  -0.11     0.00
  MONTH TO DATE    2.90                      2.53   0.37     0.03
  SINCE SEP 1      7.09                      6.47   0.62     1.25
  SINCE JAN 1     49.08                     37.76  11.32    32.22

SNOWFALL (IN)
  YESTERDAY        0.0           0.0  2002   0.0    0.0      0.0
                                      2001
                                      2000
  MONTH TO DATE    0.0                       0.0    0.0      0.0
  SINCE SEP 1      0.0                       0.0    0.0      0.0
  SINCE JUL 1      0.0                       0.0    0.0      0.0
  SNOW DEPTH       0

DEGREE DAYS
 HEATING
  YESTERDAY        2                         5     -3        3
  MONTH TO DATE   28                        64    -36       14
  SINCE SEP 1     37                        74    -37       14
  SINCE JUL 1     37                        74    -37       14

 COOLING
  YESTERDAY        0                         1     -1        0
  MONTH TO DATE  111                        52     59      104
  SINCE SEP 1    354                       312     42      490
  SINCE JAN 1   1993                      1867    126     2404
..................................................................


WIND (MPH)
  RESULTANT WIND SPEED   3   RESULTANT WIND DIRECTION   E (90)
  HIGHEST WIND SPEED     9   HIGHEST WIND DIRECTION     E (80)
  HIGHEST GUST SPEED    14   HIGHEST GUST DIRECTION     E (100)
  AVERAGE WIND SPEED     2.9


SKY COVER
  POSSIBLE SUNSHINE  MM
  AVERAGE SKY COVER 0.0


WEATHER CONDITIONS
 THE FOLLOWING WEATHER WAS RECORDED YESTERDAY.
  NO SIGNIFICANT WEATHER WAS OBSERVED.


RELATIVE HUMIDITY (PERCENT)
 HIGHEST   100           300 AM
 LOWEST     40           200 PM
 AVERAGE    70

..........................................................


THE ATHENS CLIMATE NORMALS FOR TODAY
                         NORMAL    RECORD    YEAR
 MAXIMUM TEMPERATURE (F)   73        87      1931
 MINIMUM TEMPERATURE (F)   50        30      1987


SUNRISE AND SUNSET
OCTOBER 22 2017.......SUNRISE   744 AM EDT   SUNSET   651 PM EDT
OCTOBER 23 2017.......SUNRISE   745 AM EDT   SUNSET   650 PM EDT


-  INDICATES NEGATIVE NUMBERS.
R  INDICATES RECORD WAS SET OR TIED.
MM INDICATES DATA IS MISSING.
T  INDICATES TRACE AMOUNT.




$$
