000
CDUS42 KFFC 020822
CLIAHN


CLIMATE REPORT
NATIONAL WEATHER SERVICE PEACHTREE CITY GA
422 AM EDT THU JUL 2 2015


...................................

...THE ATHENS CLIMATE SUMMARY FOR JULY 1 2015...

CLIMATE NORMAL PERIOD 1981 TO 2010
CLIMATE RECORD PERIOD 1898 TO 2015


WEATHER ITEM   OBSERVED TIME   RECORD YEAR NORMAL DEPARTURE LAST
                VALUE   (LST)  VALUE       VALUE  FROM      YEAR
                                                  NORMAL
..................................................................
TEMPERATURE (F)
 YESTERDAY
  MAXIMUM         86    231 PM 108    2012  91     -5       94
  MINIMUM         66    530 AM  58    1937  69     -3       70
  AVERAGE         76                        80     -4       82

PRECIPITATION (IN)
  YESTERDAY        0.07          3.48 2003   0.14  -0.07     0.00
  MONTH TO DATE    0.07                      0.14  -0.07     0.00
  SINCE JUN 1      2.83                      4.32  -1.49     3.74
  SINCE JAN 1     23.23                     23.43  -0.20    23.38

DEGREE DAYS
 COOLING
  YESTERDAY       11                        15     -4       17
  MONTH TO DATE   11                        15     -4       17
  SINCE JUN 1    481                       393     88      435
  SINCE JAN 1    806                       633    173      705
..................................................................


WIND (MPH)
  RESULTANT WIND SPEED   2   RESULTANT WIND DIRECTION  SW (230)
  HIGHEST WIND SPEED    17   HIGHEST WIND DIRECTION     W (250)
  HIGHEST GUST SPEED    28   HIGHEST GUST DIRECTION    SW (230)
  AVERAGE WIND SPEED     3.6


SKY COVER
  POSSIBLE SUNSHINE  MM
  AVERAGE SKY COVER 0.2


WEATHER CONDITIONS
 THE FOLLOWING WEATHER WAS RECORDED YESTERDAY.
  THUNDERSTORM
  RAIN
  LIGHT RAIN
  FOG


RELATIVE HUMIDITY (PERCENT)
 HIGHEST    97          1000 PM
 LOWEST     59           400 PM
 AVERAGE    78

..........................................................


THE ATHENS CLIMATE NORMALS FOR TODAY
                         NORMAL    RECORD    YEAR
 MAXIMUM TEMPERATURE (F)   91       103      1925
 MINIMUM TEMPERATURE (F)   69        56      1937


SUNRISE AND SUNSET
JULY  2 2015..........SUNRISE   626 AM EDT   SUNSET   848 PM EDT
JULY  3 2015..........SUNRISE   627 AM EDT   SUNSET   848 PM EDT


-  INDICATES NEGATIVE NUMBERS.
R  INDICATES RECORD WAS SET OR TIED.
MM INDICATES DATA IS MISSING.
T  INDICATES TRACE AMOUNT.




$$
