000
CDUS42 KFFC 190917
CLIAHN


CLIMATE REPORT
NATIONAL WEATHER SERVICE PEACHTREE CITY GA
417 AM EST MON FEB 19 2018


...................................

...THE ATHENS CLIMATE SUMMARY FOR FEBRUARY 18 2018...

CLIMATE NORMAL PERIOD 1981 TO 2010
CLIMATE RECORD PERIOD 1898 TO 2018


WEATHER ITEM   OBSERVED TIME   RECORD YEAR NORMAL DEPARTURE LAST
                VALUE   (LST)  VALUE       VALUE  FROM      YEAR
                                                  NORMAL
..................................................................
TEMPERATURE (F)
 YESTERDAY
  MAXIMUM         72    319 PM  75    1939  59     13       58
                                      1911
  MINIMUM         50    738 AM   8    1958  37     13       45
  AVERAGE         61                        48     13       52

PRECIPITATION (IN)
  YESTERDAY        0.11          4.88 1889   0.16  -0.05     0.04
  MONTH TO DATE    4.87                      2.87   2.00     1.15
  SINCE DEC 1     12.25                     10.65   1.60    10.08
  SINCE JAN 1      9.50                      6.92   2.58     7.66

SNOWFALL (IN)
  YESTERDAY        0.0           T    2015   0.0    0.0      0.0
  MONTH TO DATE    0.0                       0.4   -0.4      0.0
  SINCE DEC 1      1.1                       1.9   -0.8      0.0
  SINCE JUL 1      1.1                       1.9   -0.8      0.0
  SNOW DEPTH       0

DEGREE DAYS
 HEATING
  YESTERDAY        4                        17    -13       13
  MONTH TO DATE  205                       339   -134      216
  SINCE DEC 1   1513                      1616   -103     1177
  SINCE JUL 1   1971                      2096   -125     1463
..................................................................


WIND (MPH)
  RESULTANT WIND SPEED   2   RESULTANT WIND DIRECTION   E (100)
  HIGHEST WIND SPEED    14   HIGHEST WIND DIRECTION     E (100)
  HIGHEST GUST SPEED    16   HIGHEST GUST DIRECTION     E (110)
  AVERAGE WIND SPEED     5.9


SKY COVER
  POSSIBLE SUNSHINE  MM
  AVERAGE SKY COVER 0.6


WEATHER CONDITIONS
 THE FOLLOWING WEATHER WAS RECORDED YESTERDAY.
  RAIN
  FOG


RELATIVE HUMIDITY (PERCENT)
 HIGHEST   100          1000 PM
 LOWEST     47           300 PM
 AVERAGE    74

..........................................................


THE ATHENS CLIMATE NORMALS FOR TODAY
                         NORMAL    RECORD    YEAR
 MAXIMUM TEMPERATURE (F)   59        79      1939
 MINIMUM TEMPERATURE (F)   37        14      1958


SUNRISE AND SUNSET
FEBRUARY 19 2018......SUNRISE   714 AM EST   SUNSET   621 PM EST
FEBRUARY 20 2018......SUNRISE   712 AM EST   SUNSET   622 PM EST


-  INDICATES NEGATIVE NUMBERS.
R  INDICATES RECORD WAS SET OR TIED.
MM INDICATES DATA IS MISSING.
T  INDICATES TRACE AMOUNT.




$$
