000
CDUS42 KFFC 290817
CLIAHN


CLIMATE REPORT
NATIONAL WEATHER SERVICE PEACHTREE CITY GA
417 AM EDT THU JUN 29 2017


...................................

...THE ATHENS CLIMATE SUMMARY FOR JUNE 28 2017...

CLIMATE NORMAL PERIOD 1981 TO 2010
CLIMATE RECORD PERIOD 1898 TO 2017


WEATHER ITEM   OBSERVED TIME   RECORD YEAR NORMAL DEPARTURE LAST
                VALUE   (LST)  VALUE       VALUE  FROM      YEAR
                                                  NORMAL
..................................................................
TEMPERATURE (F)
 YESTERDAY
  MAXIMUM         87    409 PM 105    1931  91     -4       89
  MINIMUM         61    545 AM  54    1974  69     -8       70
  AVERAGE         74                        80     -6       80

PRECIPITATION (IN)
  YESTERDAY        0.00          2.40 1919   0.15  -0.15     0.18
  MONTH TO DATE    6.66                      3.88   2.78     3.71
  SINCE JUN 1      6.66                      3.88   2.78     3.71
  SINCE JAN 1     31.77                     22.99   8.78    18.89

DEGREE DAYS
 COOLING
  YESTERDAY        9                        15     -6       15
  MONTH TO DATE  321                       348    -27      448
  SINCE JUN 1    321                       348    -27      448
  SINCE JAN 1    686                       588     98      749
..................................................................


WIND (MPH)
  RESULTANT WIND SPEED   4   RESULTANT WIND DIRECTION   E (90)
  HIGHEST WIND SPEED    10   HIGHEST WIND DIRECTION     E (80)
  HIGHEST GUST SPEED    15   HIGHEST GUST DIRECTION     E (80)
  AVERAGE WIND SPEED     3.7


SKY COVER
  POSSIBLE SUNSHINE  MM
  AVERAGE SKY COVER 0.2


WEATHER CONDITIONS
 THE FOLLOWING WEATHER WAS RECORDED YESTERDAY.
  NO SIGNIFICANT WEATHER WAS OBSERVED.


RELATIVE HUMIDITY (PERCENT)
 HIGHEST    97           400 AM
 LOWEST     50           400 PM
 AVERAGE    74

..........................................................


THE ATHENS CLIMATE NORMALS FOR TODAY
                         NORMAL    RECORD    YEAR
 MAXIMUM TEMPERATURE (F)   91       109      2012
 MINIMUM TEMPERATURE (F)   69        58      1970
                                             1968


SUNRISE AND SUNSET
JUNE 29 2017..........SUNRISE   625 AM EDT   SUNSET   848 PM EDT
JUNE 30 2017..........SUNRISE   626 AM EDT   SUNSET   848 PM EDT


-  INDICATES NEGATIVE NUMBERS.
R  INDICATES RECORD WAS SET OR TIED.
MM INDICATES DATA IS MISSING.
T  INDICATES TRACE AMOUNT.




$$
