000
CDUS45 KCYS 300730
CLIAIA


CLIMATE REPORT
NATIONAL WEATHER SERVICE CHEYENNE WY
130 AM MDT SAT AUG 30 2014


...................................

...THE ALLIANCE NE AIRPORT CLIMATE SUMMARY FOR AUGUST 29 2014...

CLIMATE NORMAL PERIOD 1981 TO 2010
CLIMATE RECORD PERIOD 1896 TO 2014


WEATHER ITEM   OBSERVED TIME   RECORD YEAR NORMAL DEPARTURE LAST
                VALUE   (LST)  VALUE       VALUE  FROM      YEAR
                                                  NORMAL
..................................................................
TEMPERATURE (F)
 YESTERDAY
  MAXIMUM         80   1127 AM 103    2012  83     -3       99
  MINIMUM         49    534 AM  38    2004  51     -2       53
  AVERAGE         65                        67     -2       76

PRECIPITATION (IN)
  YESTERDAY        0.00          2.22 1963   0.05  -0.05     0.00
  MONTH TO DATE    2.23                      1.59   0.64     2.34
  SINCE JAN 1     14.58                     12.30   2.28     9.06

DEGREE DAYS
 HEATING
  YESTERDAY        0                         2     -2        0
  MONTH TO DATE    7                        20    -13        0
  SINCE JUN 1    133                       125      8       70
  SINCE JUL 1     34                        32      2        8

 COOLING
  YESTERDAY        0                         4     -4       11
  MONTH TO DATE  185                       183      2      237
  SINCE JUN 1    443                       505    -62      611
  SINCE JAN 1    457                       515    -58      633
..................................................................


WIND (MPH)
  HIGHEST WIND SPEED    22   HIGHEST WIND DIRECTION     N (340)
  HIGHEST GUST SPEED    28   HIGHEST GUST DIRECTION     N (350)
  AVERAGE WIND SPEED     9.0


SKY COVER
  AVERAGE SKY COVER 0.1


WEATHER CONDITIONS
 THE FOLLOWING WEATHER WAS RECORDED YESTERDAY.
  NO SIGNIFICANT WEATHER WAS OBSERVED.


RELATIVE HUMIDITY (PERCENT)
 HIGHEST    96          1200 AM
 LOWEST     39          1100 AM
 AVERAGE    68

..........................................................


THE ALLIANCE NE AIRPORT CLIMATE NORMALS FOR TODAY
                         NORMAL    RECORD    YEAR
 MAXIMUM TEMPERATURE (F)   83       100      2000
                                             1948
 MINIMUM TEMPERATURE (F)   50        37      1992
                                             1964


SUNRISE AND SUNSET
AUGUST 30 2014........SUNRISE   615 AM MDT   SUNSET   728 PM MDT
AUGUST 31 2014........SUNRISE   616 AM MDT   SUNSET   726 PM MDT


-  INDICATES NEGATIVE NUMBERS.
R  INDICATES RECORD WAS SET OR TIED.
MM INDICATES DATA IS MISSING.
T  INDICATES TRACE AMOUNT.




$$
