000
CDUS45 KCYS 262145
CLIAIA


CLIMATE REPORT
NATIONAL WEATHER SERVICE CHEYENNE WY
345 PM MDT TUE JUL 26 2016


...................................

...THE ALLIANCE NE AIRPORT CLIMATE SUMMARY FOR JULY 26 2016...
VALID AS OF 0300 PM LOCAL TIME.

CLIMATE NORMAL PERIOD 1981 TO 2010
CLIMATE RECORD PERIOD 1896 TO 2016


WEATHER ITEM   OBSERVED TIME   RECORD YEAR NORMAL DEPARTURE LAST
                VALUE   (LST)  VALUE       VALUE  FROM      YEAR
                                                  NORMAL
..................................................................
TEMPERATURE (F)
 TODAY
  MAXIMUM         94    155 PM 100    2000  89      5       94
                                      1956
                                      1935
  MINIMUM         63    511 AM  38    1913  57      6       59
  AVERAGE         79                        73      6       77

PRECIPITATION (IN)
  TODAY            0.00          1.38 1967   0.05  -0.05     0.01
  MONTH TO DATE    1.72                      2.01  -0.29     2.20
  SINCE JAN 1     11.28                     10.40   0.88    17.40

DEGREE DAYS
 HEATING
  TODAY            0                         0      0        0
  MONTH TO DATE    3                         5     -2       12
  SINCE JUN 1     26                        98    -72       21
  SINCE JUL 1      3                         5     -2       12

 COOLING
  TODAY           14                         9      5       12
  MONTH TO DATE  202                       193      9      152
  SINCE JUN 1    376                       281     95      256
  SINCE JAN 1    376                       291     85      256
..................................................................


WIND (MPH)
  HIGHEST WIND SPEED    22   HIGHEST WIND DIRECTION     S (170)
  HIGHEST GUST SPEED    26   HIGHEST GUST DIRECTION     S (170)
  AVERAGE WIND SPEED    12.8


SKY COVER
  AVERAGE SKY COVER 0.0


WEATHER CONDITIONS
 THE FOLLOWING WEATHER WAS RECORDED TODAY.
  HAZE


RELATIVE HUMIDITY (PERCENT)
 HIGHEST   100           400 AM
 LOWEST     30           200 PM
 AVERAGE    65

..........................................................


THE ALLIANCE NE AIRPORT CLIMATE NORMALS FOR TOMORROW
                         NORMAL    RECORD    YEAR
 MAXIMUM TEMPERATURE (F)   89       104      1931
 MINIMUM TEMPERATURE (F)   57        38      1913


SUNRISE AND SUNSET
JULY 26 2016..........SUNRISE   539 AM MDT   SUNSET   816 PM MDT
JULY 27 2016..........SUNRISE   540 AM MDT   SUNSET   815 PM MDT


-  INDICATES NEGATIVE NUMBERS.
R  INDICATES RECORD WAS SET OR TIED.
MM INDICATES DATA IS MISSING.
T  INDICATES TRACE AMOUNT.




$$
