000
CDUS45 KCYS 280737
CLIAIA


CLIMATE REPORT
NATIONAL WEATHER SERVICE CHEYENNE WY
1236 AM MST WED JAN 28 2015


...................................

...THE ALLIANCE NE AIRPORT CLIMATE SUMMARY FOR JANUARY 27 2015...

CLIMATE NORMAL PERIOD 1981 TO 2010
CLIMATE RECORD PERIOD 1896 TO 2015


WEATHER ITEM   OBSERVED TIME   RECORD YEAR NORMAL DEPARTURE LAST
                VALUE   (LST)  VALUE       VALUE  FROM      YEAR
                                                  NORMAL
..................................................................
TEMPERATURE (F)
 YESTERDAY
  MAXIMUM         71R   221 PM  65    2003  38     33       22
                                      1931
  MINIMUM         27    250 AM -29    2009  11     16        0
  AVERAGE         49                        25     24       11

PRECIPITATION (IN)
  YESTERDAY        0.00          1.00 1944   0.01  -0.01     0.00
  MONTH TO DATE    0.02                      0.15  -0.13     0.13
  SINCE JAN 1      0.02                      0.15  -0.13     0.13

DEGREE DAYS
 HEATING
  YESTERDAY       16                        40    -24       54
  MONTH TO DATE 1128                      1102     26      954
  SINCE DEC 1   2387                      2385      2     2313
  SINCE JUL 1   4095                      4184    -89     4043

 COOLING
  YESTERDAY        0                         0      0        0
  MONTH TO DATE    0                         0      0        0
  SINCE DEC 1      0                         0      0        0
  SINCE JAN 1      0                         0      0        0
..................................................................


WIND (MPH)
  HIGHEST WIND SPEED    14   HIGHEST WIND DIRECTION    SW (240)
  HIGHEST GUST SPEED    15   HIGHEST GUST DIRECTION     W (270)
  AVERAGE WIND SPEED     7.3


SKY COVER
  AVERAGE SKY COVER 0.0


WEATHER CONDITIONS
 THE FOLLOWING WEATHER WAS RECORDED YESTERDAY.
  HAZE


RELATIVE HUMIDITY (PERCENT)
 HIGHEST    85           300 AM
 LOWEST     20           200 PM
 AVERAGE    53

..........................................................


THE ALLIANCE NE AIRPORT CLIMATE NORMALS FOR TODAY
                         NORMAL    RECORD    YEAR
 MAXIMUM TEMPERATURE (F)   39        61      1987
                                             1931
 MINIMUM TEMPERATURE (F)   11       -18      1902


SUNRISE AND SUNSET
JANUARY 28 2015.......SUNRISE   708 AM MST   SUNSET   501 PM MST
JANUARY 29 2015.......SUNRISE   707 AM MST   SUNSET   502 PM MST


-  INDICATES NEGATIVE NUMBERS.
R  INDICATES RECORD WAS SET OR TIED.
MM INDICATES DATA IS MISSING.
T  INDICATES TRACE AMOUNT.




$$
