000
CDUS45 KCYS 180727
CLIAIA


CLIMATE REPORT
NATIONAL WEATHER SERVICE CHEYENNE WY
126 AM MDT THU SEP 18 2014


...................................

...THE ALLIANCE NE AIRPORT CLIMATE SUMMARY FOR SEPTEMBER 17 2014...

CLIMATE NORMAL PERIOD 1981 TO 2010
CLIMATE RECORD PERIOD 1896 TO 2014


WEATHER ITEM   OBSERVED TIME   RECORD YEAR NORMAL DEPARTURE LAST
                VALUE   (LST)  VALUE       VALUE  FROM      YEAR
                                                  NORMAL
..................................................................
TEMPERATURE (F)
 YESTERDAY
  MAXIMUM         87    318 PM 100    2000  76     11       90
  MINIMUM         44    351 AM  29    1965  42      2       54
                                      1912
                                      1903
  AVERAGE         66                        59      7       72

PRECIPITATION (IN)
  YESTERDAY        0.00          0.65 2003   0.05  -0.05     0.00
  MONTH TO DATE    0.30                      0.85  -0.55     0.71
  SINCE JAN 1     15.24                     13.26   1.98     9.77

DEGREE DAYS
 HEATING
  YESTERDAY        0                         7     -7        0
  MONTH TO DATE  126                        77     49       20
  SINCE SEP 1    126                        77     49       20
  SINCE JUL 1    163                       114     49       28

 COOLING
  YESTERDAY        1                         1      0        7
  MONTH TO DATE   17                        33    -16      124
  SINCE SEP 1     17                        33    -16      124
  SINCE JAN 1    479                       556    -77      783
..................................................................


WIND (MPH)
  HIGHEST WIND SPEED    16   HIGHEST WIND DIRECTION     S (160)
  HIGHEST GUST SPEED    20   HIGHEST GUST DIRECTION     S (170)
  AVERAGE WIND SPEED     5.9


SKY COVER
  AVERAGE SKY COVER 0.0


WEATHER CONDITIONS
 THE FOLLOWING WEATHER WAS RECORDED YESTERDAY.
  NO SIGNIFICANT WEATHER WAS OBSERVED.


RELATIVE HUMIDITY (PERCENT)
 HIGHEST   100           600 AM
 LOWEST     21           200 PM
 AVERAGE    61

..........................................................


THE ALLIANCE NE AIRPORT CLIMATE NORMALS FOR TODAY
                         NORMAL    RECORD    YEAR
 MAXIMUM TEMPERATURE (F)   75        94      1998
 MINIMUM TEMPERATURE (F)   42        25      1912


SUNRISE AND SUNSET
SEPTEMBER 18 2014.....SUNRISE   634 AM MDT   SUNSET   655 PM MDT
SEPTEMBER 19 2014.....SUNRISE   635 AM MDT   SUNSET   654 PM MDT


-  INDICATES NEGATIVE NUMBERS.
R  INDICATES RECORD WAS SET OR TIED.
MM INDICATES DATA IS MISSING.
T  INDICATES TRACE AMOUNT.




$$
