000
CDAK48 PAKN 291302
CLIAKN


CLIMATE REPORT
NATIONAL WEATHER SERVICE ANCHORAGE, AK
501 AM AKDT SAT APR 29 2017


...................................

...THE KING SALMON CLIMATE SUMMARY FOR APRIL 28 2017...

CLIMATE NORMAL PERIOD 1981 TO 2010
CLIMATE RECORD PERIOD 1917 TO 2017


WEATHER ITEM   OBSERVED TIME   RECORD YEAR NORMAL DEPARTURE LAST
                VALUE   (LST)  VALUE       VALUE  FROM      YEAR
                                                  NORMAL
..................................................................
TEMPERATURE (F)
 YESTERDAY
  MAXIMUM         51    411 PM  68    2005  48      3       56
  MINIMUM         33    535 AM   8    1975  30      3       39
                                      1964
  AVERAGE         42                        39      3       48

PRECIPITATION (IN)
  YESTERDAY        0.01          0.52 1983   0.04  -0.03      T
  MONTH TO DATE    0.74                      0.90  -0.16     0.83
  SINCE MAR 1      0.79                      1.60  -0.81     2.78
  SINCE JAN 1      1.99                      3.38  -1.39     4.22

SNOWFALL (IN)
  YESTERDAY        0.0          MM      MM   0.1   -0.1     MM
  MONTH TO DATE    2.9                       3.8   -0.9      0.0
  SINCE MAR 1      3.3                      10.2   -6.9      0.0
  SINCE JUL 1     26.0                      45.7  -19.7     13.1
  SNOW DEPTH       0

DEGREE DAYS
 HEATING
  YESTERDAY       23                        26     -3       17
  MONTH TO DATE  723                       888   -165      611
  SINCE MAR 1   2347                      2154    193     1560
  SINCE JUL 1   9480                      9774   -294     7251

 COOLING
  YESTERDAY        0                         0      0        0
  MONTH TO DATE    0                         0      0        0
  SINCE MAR 1      0                         0      0        0
  SINCE JAN 1      0                         0      0        0
..................................................................


WIND (MPH)
  RESULTANT WIND SPEED  10   RESULTANT WIND DIRECTION   S (170)
  HIGHEST WIND SPEED    24   HIGHEST WIND DIRECTION     S (160)
  HIGHEST GUST SPEED    28   HIGHEST GUST DIRECTION     S (180)
  AVERAGE WIND SPEED    10.6



WEATHER CONDITIONS
 THE FOLLOWING WEATHER WAS RECORDED YESTERDAY.
  RAIN
  LIGHT RAIN


RELATIVE HUMIDITY (PERCENT)
 HIGHEST    89
 LOWEST     50
 AVERAGE    70

..........................................................


THE KING SALMON CLIMATE NORMALS FOR TODAY
                         NORMAL    RECORD    YEAR
 MAXIMUM TEMPERATURE (F)   48        63      2003
                                             1935
 MINIMUM TEMPERATURE (F)   30        12      1949


SUNRISE AND SUNSET
APRIL 29 2017.........SUNRISE   635 AM AKDT  SUNSET  1015 PM AKDT
APRIL 30 2017.........SUNRISE   632 AM AKDT  SUNSET  1017 PM AKDT


-  INDICATES NEGATIVE NUMBERS.
R  INDICATES RECORD WAS SET OR TIED.
MM INDICATES DATA IS MISSING.
T  INDICATES TRACE AMOUNT.




$$
