000
CDAK48 PAKN 190002
CLIAKN

CLIMATE REPORT
NATIONAL WEATHER SERVICE KING SALMON, AK
402 PM AKDT THU SEP 18 2014

...................................
...THE KING SALMON AP CLIMATE SUMMARY FOR SEPTEMBER 18 2014...
VALID TODAY AS OF 2:00 PM LOCAL TIME

CLIMATE NORMAL PERIOD  1981 TO  2010
CLIMATE RECORD PERIOD  1917 TO  2014

WEATHER ITEM   OBSERVED TIME    RECORD YEAR NORMAL DEPARTURE LAST
               VALUE    (LST)   VALUE       VALUE  FROM      YEAR
                                                   NORMAL
...................................................................
TEMPERATURE
TODAY
 MAXIMUM            58  0209 PM    70  2010     55       3     53
 MINIMUM            47  0913 AM    22  2003     39       8     29
 AVERAGE            53                          47       6     41

PRECIPITATION
(INCHES)
 TODAY            0.04           0.51  1956   0.11   -0.07   0.00
 MONTH TO DATE    3.06                        1.96    1.10   1.02
 SINCE SEP 1      3.06                        1.96    1.10   1.02
 SINCE JAN 1     17.33                       13.56    3.77  15.11

SNOWFALL
(INCHES)
 TODAY             0.0              T  1961    0.0     0.0    0.0
 MONTH TO DATE     0.0                         0.0     0.0    0.0
 SINCE SEP 1       0.0                         0.0     0.0    0.0
 SINCE JUL 1       0.0                         0.0     0.0    0.0
 SNOW DEPTH (IN)     0                                          0

DEGREE DAYS
 HEATING
  TODAY             12                          18      -6     24
  MONTH TO DATE    169                         271    -102    240
  SINCE SEP 1      169                         271    -102    240
  SINCE JUL 1      643                         883    -240    743

 COOLING
  TODAY              0                           0       0      0
  MONTH TO DATE      0                           0       0      0
  SINCE SEP 1        0                           0       0      0
  SINCE JAN 1        0                           0       0      4
...................................................................

WIND (MPH)
 HIGHEST WIND SPEED    13     HIGHEST WIND DIRECTION    300
 HIGHEST GUST SPEED    16     HIGHEST GUST DIRECTION    290
 AVERAGE WIND SPEED    MM

SKY COVER
  POSSIBLE SUNSHINE  MM            AVERAGE SKY COVER MM

WEATHER CONDITIONS
 THE FOLLOWING WEATHER WAS RECORDED TODAY.
FOG
RAIN


RELATIVE HUMIDITY
 HIGHEST RH     MM PERCENT       MM
 LOWEST  RH     MM PERCENT       MM
 AVERAGE RH     MM PERCENT       MM
...................................................................

THE KING SALMON CLIMATE NORMALS FOR TOMORROW
                        NORMAL    RECORD   YEAR
 MAXIMUM TEMPERATURE      55        66     1941
 MINIMUM TEMPERATURE      39        23     2003

SUNRISE AND SUNSET
 SEP 18 2014..........SUNRISE  8:03 AM      SUNSET  8:37 PM
 SEP 19 2014..........SUNRISE  8:06 AM      SUNSET  8:35 PM

-  INDICATES NEGATIVE NUMBERS.
R  INDICATES RECORD HAS BEEN SET OR TIED.
MM INDICATES DATA IS MISSING.
T  INDICATES TRACE OF PRECIPITATION.

&&
-------------------------------------------------------------------

AMOUNT OF DAYLIGHT TODAY  (HOUR:MIN)........12 HOURS 34 MINUTES
GAIN/LOSS SINCE YESTERDAY (HOUR:MIN:SEC)....-0:05:06

$$
FS SEP 14
