639
CDAK48 PAFC 200200
CLIAKN


CLIMATE REPORT
NATIONAL WEATHER SERVICE ANCHORAGE, AK
500 PM AKST SUN NOV 19 2017


...................................

...THE KING SALMON CLIMATE SUMMARY FOR NOVEMBER 19 2017...
VALID TODAY AS OF 0500 PM LOCAL TIME.

CLIMATE NORMAL PERIOD 1981 TO 2010
CLIMATE RECORD PERIOD 1917 TO 2017


WEATHER ITEM   OBSERVED TIME   RECORD YEAR NORMAL DEPARTURE LAST
                VALUE   (LST)  VALUE       VALUE  FROM      YEAR
                                                  NORMAL
..................................................................
TEMPERATURE (F)
 TODAY
  MAXIMUM         38    212 AM  49    1924  30      8       21
  MINIMUM         32   1058 AM -13    1936  14     18        3
  AVERAGE         35                        22     13       12

PRECIPITATION (IN)
  TODAY            0.24          0.57 2015   0.05   0.19     0.00
  MONTH TO DATE    0.73                      0.90  -0.17     0.58
  SINCE SEP 1      8.04                      6.17   1.87     6.53
  SINCE JAN 1     18.73                     17.77   0.96    24.50

SNOWFALL (IN)
  TODAY            T             2.7  1994   0.2   -0.2      0.0
  MONTH TO DATE    0.6                       3.7   -3.1      0.8
  SINCE SEP 1      3.2                       6.6   -3.4      0.8
  SINCE JUL 1      3.2                       6.6   -3.4      0.8
  SNOW DEPTH       0

DEGREE DAYS
 HEATING
  TODAY           30                        43    -13       53
  MONTH TO DATE  686                       779    -93      693
  SINCE SEP 1   1982                      2277   -295     1847
  SINCE JUL 1   2479                      2893   -414     2164

 COOLING
  TODAY            0                         0      0        0
  MONTH TO DATE    0                         0      0        0
  SINCE SEP 1      0                         0      0        0
  SINCE JAN 1      1                         1      0        0
..................................................................


WIND (MPH)
  RESULTANT WIND SPEED  13   RESULTANT WIND DIRECTION   W (270)
  HIGHEST WIND SPEED    30   HIGHEST WIND DIRECTION     W (270)
  HIGHEST GUST SPEED    36   HIGHEST GUST DIRECTION     W (270)
  AVERAGE WIND SPEED    16.1



WEATHER CONDITIONS
 THE FOLLOWING WEATHER WAS RECORDED TODAY.
  LIGHT RAIN
  LIGHT SNOW
  FOG


RELATIVE HUMIDITY (PERCENT)
 HIGHEST   100
 LOWEST     75
 AVERAGE    88

..........................................................


THE KING SALMON CLIMATE NORMALS FOR TOMORROW
                         NORMAL    RECORD    YEAR
 MAXIMUM TEMPERATURE (F)   29        50      2014
 MINIMUM TEMPERATURE (F)   14       -11      1989


SUNRISE AND SUNSET
NOVEMBER 19 2017......SUNRISE   927 AM AKST  SUNSET   456 PM AKST
NOVEMBER 20 2017......SUNRISE   929 AM AKST  SUNSET   455 PM AKST


-  INDICATES NEGATIVE NUMBERS.
R  INDICATES RECORD WAS SET OR TIED.
MM INDICATES DATA IS MISSING.
T  INDICATES TRACE AMOUNT.




$$
