000
CDAK48 PAKN 221250
CLIAKN


CLIMATE REPORT
NATIONAL WEATHER SERVICE ANCHORAGE, AK
450 AM AKDT THU JUN 22 2017


...................................

...THE KING SALMON CLIMATE SUMMARY FOR JUNE 21 2017...

CLIMATE NORMAL PERIOD 1981 TO 2010
CLIMATE RECORD PERIOD 1917 TO 2017


WEATHER ITEM   OBSERVED TIME   RECORD YEAR NORMAL DEPARTURE LAST
                VALUE   (LST)  VALUE       VALUE  FROM      YEAR
                                                  NORMAL
..................................................................
TEMPERATURE (F)
 YESTERDAY
  MAXIMUM         64    438 PM  77    1932  62      2       72
  MINIMUM         46    451 AM  32    2000  43      3       42
  AVERAGE         55                        53      2       57

PRECIPITATION (IN)
  YESTERDAY        0.00          0.87 1951   0.05  -0.05     0.00
  MONTH TO DATE    1.85                      1.12   0.73     2.22
  SINCE JUN 1      1.85                      1.12   0.73     2.22
  SINCE JAN 1      4.92                      5.82  -0.90     9.63

SNOWFALL (IN)
  YESTERDAY        0.0          MM      MM   0.0    0.0      0.0
  MONTH TO DATE    0.0                       0.0    0.0      0.0
  SINCE JUN 1      0.0                       0.0    0.0      0.0
  SINCE JUL 1     26.0                      46.6  -20.6     13.1
  SNOW DEPTH       0

DEGREE DAYS
 HEATING
  YESTERDAY       10                        12     -2        8
  MONTH TO DATE  240                       304    -64      196
  SINCE JUN 1    240                       304    -64      196
  SINCE JUL 1  10381                     10775   -394     7935

 COOLING
  YESTERDAY        0                         0      0        0
  MONTH TO DATE    0                         0      0        0
  SINCE JUN 1      0                         0      0        0
  SINCE JAN 1      0                         0      0        0
..................................................................


WIND (MPH)
  RESULTANT WIND SPEED   8   RESULTANT WIND DIRECTION  SW (210)
  HIGHEST WIND SPEED    15   HIGHEST WIND DIRECTION     S (190)
  HIGHEST GUST SPEED    18   HIGHEST GUST DIRECTION     S (200)
  AVERAGE WIND SPEED     9.2



WEATHER CONDITIONS
 THE FOLLOWING WEATHER WAS RECORDED YESTERDAY.
  NO SIGNIFICANT WEATHER WAS OBSERVED.


RELATIVE HUMIDITY (PERCENT)
 HIGHEST    93
 LOWEST     60
 AVERAGE    77

..........................................................


THE KING SALMON CLIMATE NORMALS FOR TODAY
                         NORMAL    RECORD    YEAR
 MAXIMUM TEMPERATURE (F)   62        78      2012
 MINIMUM TEMPERATURE (F)   44        30      1998


SUNRISE AND SUNSET
JUNE 22 2017..........SUNRISE   517 AM AKDT  SUNSET  1141 PM AKDT
JUNE 23 2017..........SUNRISE   517 AM AKDT  SUNSET  1141 PM AKDT


-  INDICATES NEGATIVE NUMBERS.
R  INDICATES RECORD WAS SET OR TIED.
MM INDICATES DATA IS MISSING.
T  INDICATES TRACE AMOUNT.




$$
