000
CDUS45 KBOU 250725
CLIAKO


CLIMATE REPORT
NATIONAL WEATHER SERVICE BOULDER, CO
1225 AM MST TUE NOV 25 2014


...................................

...THE AKRON CO CLIMATE SUMMARY FOR NOVEMBER 24 2014...

CLIMATE NORMAL PERIOD 1981 TO 2010
CLIMATE RECORD PERIOD 9999 TO 9999


WEATHER ITEM   OBSERVED TIME   RECORD YEAR NORMAL DEPARTURE LAST
                VALUE   (LST)  VALUE       VALUE  FROM      YEAR
                                                  NORMAL
..................................................................
TEMPERATURE (F)
 YESTERDAY
  MAXIMUM         44   1219 PM  72    1990  45     -1
  MINIMUM         19   1059 PM  -6    1993  22     -3
  AVERAGE         32                        33     -1

PRECIPITATION (IN)
  YESTERDAY        T             0.25 1952   0.02  -0.02     0.00
  MONTH TO DATE    0.21                      0.48  -0.27     0.16
  SINCE SEP 1      2.37                      2.75  -0.38     5.54
  SINCE JAN 1     17.97                     16.24   1.73    16.96

DEGREE DAYS
 HEATING
  YESTERDAY       33
  MONTH TO DATE  753

 COOLING
  YESTERDAY        0
  MONTH TO DATE    0
..................................................................


WIND (MPH)
  HIGHEST WIND SPEED    38   HIGHEST WIND DIRECTION     N (340)
  HIGHEST GUST SPEED    49   HIGHEST GUST DIRECTION     N (340)




RELATIVE HUMIDITY (PERCENT)
 HIGHEST    84
 LOWEST     30
 AVERAGE    57

..........................................................


THE AKRON CO CLIMATE NORMALS FOR TODAY
                         NORMAL    RECORD    YEAR
 MAXIMUM TEMPERATURE (F)   45        74      1960
 MINIMUM TEMPERATURE (F)   21        -6      1993


SUNRISE AND SUNSET
NOVEMBER 25 2014......SUNRISE   650 AM MST   SUNSET   430 PM MST
NOVEMBER 26 2014......SUNRISE   651 AM MST   SUNSET   429 PM MST


-  INDICATES NEGATIVE NUMBERS.
R  INDICATES RECORD WAS SET OR TIED.
MM INDICATES DATA IS MISSING.
T  INDICATES TRACE AMOUNT.




$$
