000
CDUS45 KBOU 010725
CLIAKO


CLIMATE REPORT
NATIONAL WEATHER SERVICE BOULDER, CO
125 AM MDT MON SEP 1 2014


...................................

...THE AKRON CO CLIMATE SUMMARY FOR AUGUST 31 2014...

CLIMATE NORMAL PERIOD 1981 TO 2010
CLIMATE RECORD PERIOD 9999 TO 9999


WEATHER ITEM   OBSERVED TIME   RECORD YEAR NORMAL DEPARTURE LAST
                VALUE   (LST)  VALUE       VALUE  FROM      YEAR
                                                  NORMAL
..................................................................
TEMPERATURE (F)
 YESTERDAY
  MAXIMUM         76    148 PM  98    2011  83     -7
  MINIMUM         51   1159 PM  39      MM  55     -4
                                      1944
  AVERAGE         64                        69     -5

PRECIPITATION (IN)
  YESTERDAY        T             0.85 1986   0.06  -0.06      T
  MONTH TO DATE    4.81                      2.30   2.51     2.41
  SINCE JUN 1     10.90                      7.31   3.59     7.53
  SINCE JAN 1     15.60                     13.49   2.11    11.42

DEGREE DAYS
 HEATING
  YESTERDAY        1
  MONTH TO DATE    3

 COOLING
  YESTERDAY        0
  MONTH TO DATE  214
..................................................................


WIND (MPH)
  HIGHEST WIND SPEED    31   HIGHEST WIND DIRECTION    NW (330)
  HIGHEST GUST SPEED    35   HIGHEST GUST DIRECTION    NW (320)




RELATIVE HUMIDITY (PERCENT)
 HIGHEST    86
 LOWEST     38
 AVERAGE    62

..........................................................


THE AKRON CO CLIMATE NORMALS FOR TODAY
                         NORMAL    RECORD    YEAR
 MAXIMUM TEMPERATURE (F)   83        98      1995
 MINIMUM TEMPERATURE (F)   55        40      1952


SUNRISE AND SUNSET
SEPTEMBER  1 2014.....SUNRISE   620 AM MDT   SUNSET   724 PM MDT
SEPTEMBER  2 2014.....SUNRISE   621 AM MDT   SUNSET   723 PM MDT


-  INDICATES NEGATIVE NUMBERS.
R  INDICATES RECORD WAS SET OR TIED.
MM INDICATES DATA IS MISSING.
T  INDICATES TRACE AMOUNT.




$$
