000
CDUS45 KBOU 300725
CLIAKO


CLIMATE REPORT
NATIONAL WEATHER SERVICE BOULDER, CO
125 AM MDT MON MAR 30 2015


...................................

...THE AKRON CO CLIMATE SUMMARY FOR MARCH 29 2015...

CLIMATE NORMAL PERIOD 1981 TO 2010
CLIMATE RECORD PERIOD 9999 TO 9999


WEATHER ITEM   OBSERVED TIME   RECORD YEAR NORMAL DEPARTURE LAST
                VALUE   (LST)  VALUE       VALUE  FROM      YEAR
                                                  NORMAL
..................................................................
TEMPERATURE (F)
 YESTERDAY
  MAXIMUM         62    329 PM  83    1943  56      6
  MINIMUM         36    513 AM   0    1975  29      7
  AVERAGE         49                        42      7

PRECIPITATION (IN)
  YESTERDAY        0.00          0.55 1981   0.03  -0.03     0.00
  MONTH TO DATE    0.22                      0.79  -0.57     0.43
  SINCE MAR 1      0.22                      0.79  -0.57     0.43
  SINCE JAN 1      0.50                      1.53  -1.03     0.86

DEGREE DAYS
 HEATING
  YESTERDAY       16
  MONTH TO DATE  590

 COOLING
  YESTERDAY        0
  MONTH TO DATE    0
..................................................................


WIND (MPH)
  HIGHEST WIND SPEED    39   HIGHEST WIND DIRECTION     N (350)
  HIGHEST GUST SPEED    46   HIGHEST GUST DIRECTION     N (350)




RELATIVE HUMIDITY (PERCENT)
 HIGHEST    53
 LOWEST     22
 AVERAGE    38

..........................................................


THE AKRON CO CLIMATE NORMALS FOR TODAY
                         NORMAL    RECORD    YEAR
 MAXIMUM TEMPERATURE (F)   56        84      2010
 MINIMUM TEMPERATURE (F)   29         6      1987


SUNRISE AND SUNSET
MARCH 30 2015.........SUNRISE   640 AM MDT   SUNSET   715 PM MDT
MARCH 31 2015.........SUNRISE   639 AM MDT   SUNSET   716 PM MDT


-  INDICATES NEGATIVE NUMBERS.
R  INDICATES RECORD WAS SET OR TIED.
MM INDICATES DATA IS MISSING.
T  INDICATES TRACE AMOUNT.




$$
