000
CDUS45 KBOU 160725
CLIAKO


CLIMATE REPORT
NATIONAL WEATHER SERVICE BOULDER, CO
125 AM MDT WED APR 16 2014


...................................

...THE AKRON CO CLIMATE SUMMARY FOR APRIL 15 2014...

CLIMATE NORMAL PERIOD 1981 TO 2010
CLIMATE RECORD PERIOD 9999 TO 9999


WEATHER ITEM   OBSERVED TIME   RECORD YEAR NORMAL DEPARTURE LAST
                VALUE   (LST)  VALUE       VALUE  FROM      YEAR
                                                  NORMAL
..................................................................
TEMPERATURE (F)
 YESTERDAY
  MAXIMUM         61    402 PM  88    2002  60      1
  MINIMUM         26   1214 AM  19    1961  33     -7
  AVERAGE         44                        47     -3

PRECIPITATION (IN)
  YESTERDAY        0.00          0.55 1977   0.05  -0.05     0.02
  MONTH TO DATE    0.54                      0.67  -0.13     0.70
  SINCE MAR 1      0.97                      1.54  -0.57     2.19
  SINCE JAN 1      1.40                      2.28  -0.88     2.31

DEGREE DAYS
 HEATING
  YESTERDAY       21
  MONTH TO DATE  301

 COOLING
  YESTERDAY        0
  MONTH TO DATE    0
..................................................................


WIND (MPH)
  HIGHEST WIND SPEED    22   HIGHEST WIND DIRECTION     S (190)
  HIGHEST GUST SPEED    28   HIGHEST GUST DIRECTION     S (200)




RELATIVE HUMIDITY (PERCENT)
 HIGHEST    75
 LOWEST     27
 AVERAGE    51

..........................................................


THE AKRON CO CLIMATE NORMALS FOR TODAY
                         NORMAL    RECORD    YEAR
 MAXIMUM TEMPERATURE (F)   61        83      1985
 MINIMUM TEMPERATURE (F)   33        19      1999


SUNRISE AND SUNSET
APRIL 16 2014.........SUNRISE   613 AM MDT   SUNSET   733 PM MDT
APRIL 17 2014.........SUNRISE   612 AM MDT   SUNSET   734 PM MDT


-  INDICATES NEGATIVE NUMBERS.
R  INDICATES RECORD WAS SET OR TIED.
MM INDICATES DATA IS MISSING.
T  INDICATES TRACE AMOUNT.




$$
