000
CDUS45 KBOU 170736
CLIAKO


CLIMATE REPORT
NATIONAL WEATHER SERVICE DENVER/BOULDER CO
1233 AM MST SUN DEC 17 2017


...................................

...THE AKRON CO CLIMATE SUMMARY FOR DECEMBER 16 2017...

CLIMATE NORMAL PERIOD 1981 TO 2010
CLIMATE RECORD PERIOD 9999 TO 9999


WEATHER ITEM   OBSERVED TIME   RECORD YEAR NORMAL DEPARTURE LAST
                VALUE   (LST)  VALUE       VALUE  FROM      YEAR
                                                  NORMAL
..................................................................
TEMPERATURE (F)
 YESTERDAY
  MAXIMUM         48   1158 AM  68    1962  39      9
  MINIMUM         25    653 PM  -6    1964  16      9
  AVERAGE         37                        28      9

PRECIPITATION (IN)
  YESTERDAY        0.00          0.18 1993   0.01  -0.01      T
  MONTH TO DATE    0.01                      0.24  -0.23     0.01
  SINCE DEC 1      0.01                      0.24  -0.23     0.01
  SINCE JAN 1     13.68                     16.58  -2.90    16.66

SNOWFALL (IN)
  YESTERDAY        0.0
  SNOW DEPTH       0

DEGREE DAYS
 HEATING
  YESTERDAY       28
  MONTH TO DATE  435

 COOLING
  YESTERDAY        0
  MONTH TO DATE    0
..................................................................


WIND (MPH)
  HIGHEST WIND SPEED    23   HIGHEST WIND DIRECTION    NE (30)
  HIGHEST GUST SPEED    30   HIGHEST GUST DIRECTION    NE (40)




RELATIVE HUMIDITY (PERCENT)
 HIGHEST    92
 LOWEST     19
 AVERAGE    56

..........................................................


THE AKRON CO CLIMATE NORMALS FOR TODAY
                         NORMAL    RECORD    YEAR
 MAXIMUM TEMPERATURE (F)   39        69      1980
 MINIMUM TEMPERATURE (F)   16       -17      1964


SUNRISE AND SUNSET
DECEMBER 17 2017......SUNRISE   710 AM MST   SUNSET   429 PM MST
DECEMBER 18 2017......SUNRISE   710 AM MST   SUNSET   429 PM MST


-  INDICATES NEGATIVE NUMBERS.
R  INDICATES RECORD WAS SET OR TIED.
MM INDICATES DATA IS MISSING.
T  INDICATES TRACE AMOUNT.




$$
