246
CDUS45 KBOU 280725
CLIAKO


CLIMATE REPORT
NATIONAL WEATHER SERVICE DENVER/BOULDER CO
125 AM MDT THU JUL 28 2016


...................................

...THE AKRON CO CLIMATE SUMMARY FOR JULY 27 2016...

CLIMATE NORMAL PERIOD 1981 TO 2010
CLIMATE RECORD PERIOD 9999 TO 9999


WEATHER ITEM   OBSERVED TIME   RECORD YEAR NORMAL DEPARTURE LAST
                VALUE   (LST)  VALUE       VALUE  FROM      YEAR
                                                  NORMAL
..................................................................
TEMPERATURE (F)
 YESTERDAY
  MAXIMUM         86    348 PM  99    1952  88     -2
  MINIMUM         60    523 AM  50    1988  60      0
  AVERAGE         73                        74     -1

PRECIPITATION (IN)
  YESTERDAY        0.00          1.94 1982   0.09  -0.09     0.00
  MONTH TO DATE    2.58                      2.20   0.38     1.82
  SINCE JUN 1      6.52                      4.66   1.86     2.87
  SINCE JAN 1     13.03                     10.84   2.19    10.88

DEGREE DAYS
 HEATING
  YESTERDAY        0
  MONTH TO DATE    0

 COOLING
  YESTERDAY        8
  MONTH TO DATE  256
..................................................................


WIND (MPH)
  HIGHEST WIND SPEED    17   HIGHEST WIND DIRECTION     E (90)
  HIGHEST GUST SPEED    23   HIGHEST GUST DIRECTION     E (90)




RELATIVE HUMIDITY (PERCENT)
 HIGHEST    84
 LOWEST     42
 AVERAGE    63

..........................................................


THE AKRON CO CLIMATE NORMALS FOR TODAY
                         NORMAL    RECORD    YEAR
 MAXIMUM TEMPERATURE (F)   88       100      1959
 MINIMUM TEMPERATURE (F)   60        50      1971


SUNRISE AND SUNSET
JULY 28 2016..........SUNRISE   548 AM MDT   SUNSET   810 PM MDT
JULY 29 2016..........SUNRISE   549 AM MDT   SUNSET   809 PM MDT


-  INDICATES NEGATIVE NUMBERS.
R  INDICATES RECORD WAS SET OR TIED.
MM INDICATES DATA IS MISSING.
T  INDICATES TRACE AMOUNT.




$$
