000
CDUS45 KBOU 240725
CLIAKO


CLIMATE REPORT
NATIONAL WEATHER SERVICE BOULDER, CO
125 AM MDT THU APR 24 2014


...................................

...THE AKRON CO CLIMATE SUMMARY FOR APRIL 23 2014...

CLIMATE NORMAL PERIOD 1981 TO 2010
CLIMATE RECORD PERIOD 9999 TO 9999


WEATHER ITEM   OBSERVED TIME   RECORD YEAR NORMAL DEPARTURE LAST
                VALUE   (LST)  VALUE       VALUE  FROM      YEAR
                                                  NORMAL
..................................................................
TEMPERATURE (F)
 YESTERDAY
  MAXIMUM         71    158 PM  85    1954  63      8
  MINIMUM         42    940 PM  19    2013  36      6
  AVERAGE         57                        49      8

PRECIPITATION (IN)
  YESTERDAY        0.06          0.64 1942   0.07  -0.01     0.02
  MONTH TO DATE    0.60                      1.16  -0.56     0.84
  SINCE MAR 1      1.03                      2.03  -1.00     2.33
  SINCE JAN 1      1.46                      2.77  -1.31     2.45

DEGREE DAYS
 HEATING
  YESTERDAY        8
  MONTH TO DATE  388

 COOLING
  YESTERDAY        0
  MONTH TO DATE    0
..................................................................


WIND (MPH)
  HIGHEST WIND SPEED    41   HIGHEST WIND DIRECTION    NW (330)
  HIGHEST GUST SPEED    54   HIGHEST GUST DIRECTION     N (340)




RELATIVE HUMIDITY (PERCENT)
 HIGHEST    65
 LOWEST     26
 AVERAGE    46

..........................................................


THE AKRON CO CLIMATE NORMALS FOR TODAY
                         NORMAL    RECORD    YEAR
 MAXIMUM TEMPERATURE (F)   63        90      2012
 MINIMUM TEMPERATURE (F)   36        21      2013
                                             1958


SUNRISE AND SUNSET
APRIL 24 2014.........SUNRISE   602 AM MDT   SUNSET   741 PM MDT
APRIL 25 2014.........SUNRISE   600 AM MDT   SUNSET   742 PM MDT


-  INDICATES NEGATIVE NUMBERS.
R  INDICATES RECORD WAS SET OR TIED.
MM INDICATES DATA IS MISSING.
T  INDICATES TRACE AMOUNT.




$$
