000
CDUS45 KBOU 280725
CLIAKO


CLIMATE REPORT
NATIONAL WEATHER SERVICE DENVER/BOULDER CO
125 AM MDT SUN MAY 28 2017


...................................

...THE AKRON CO CLIMATE SUMMARY FOR MAY 27 2017...

CLIMATE NORMAL PERIOD 1981 TO 2010
CLIMATE RECORD PERIOD 9999 TO 9999


WEATHER ITEM   OBSERVED TIME   RECORD YEAR NORMAL DEPARTURE LAST
                VALUE   (LST)  VALUE       VALUE  FROM      YEAR
                                                  NORMAL
..................................................................
TEMPERATURE (F)
 YESTERDAY
  MAXIMUM         61    500 PM  92    2006  74    -13
  MINIMUM         43    947 PM  33    1950  47     -4
  AVERAGE         52                        60     -8

PRECIPITATION (IN)
  YESTERDAY        T             1.66 1962   0.11  -0.11     0.99
  MONTH TO DATE    2.82                      2.51   0.31     3.02
  SINCE MAR 1      6.54                      5.03   1.51     6.30
  SINCE JAN 1      6.65                      5.77   0.88     6.41

DEGREE DAYS
 HEATING
  YESTERDAY       13
  MONTH TO DATE  270

 COOLING
  YESTERDAY        0
  MONTH TO DATE    9
..................................................................


WIND (MPH)
  HIGHEST WIND SPEED    23   HIGHEST WIND DIRECTION     N (340)
  HIGHEST GUST SPEED    29   HIGHEST GUST DIRECTION     N (340)




RELATIVE HUMIDITY (PERCENT)
 HIGHEST    93
 LOWEST     51
 AVERAGE    72

..........................................................


THE AKRON CO CLIMATE NORMALS FOR TODAY
                         NORMAL    RECORD    YEAR
 MAXIMUM TEMPERATURE (F)   74        95      2000
 MINIMUM TEMPERATURE (F)   47        30      1947


SUNRISE AND SUNSET
MAY 28 2017...........SUNRISE   527 AM MDT   SUNSET   813 PM MDT
MAY 29 2017...........SUNRISE   527 AM MDT   SUNSET   814 PM MDT


-  INDICATES NEGATIVE NUMBERS.
R  INDICATES RECORD WAS SET OR TIED.
MM INDICATES DATA IS MISSING.
T  INDICATES TRACE AMOUNT.




$$
