000
CDUS45 KBOU 040725
CLIAKO


CLIMATE REPORT
NATIONAL WEATHER SERVICE BOULDER, CO
125 AM MDT TUE AUG 4 2015


...................................

...THE AKRON CO CLIMATE SUMMARY FOR AUGUST 3 2015...

CLIMATE NORMAL PERIOD 1981 TO 2010
CLIMATE RECORD PERIOD 9999 TO 9999


WEATHER ITEM   OBSERVED TIME   RECORD YEAR NORMAL DEPARTURE LAST
                VALUE   (LST)  VALUE       VALUE  FROM      YEAR
                                                  NORMAL
..................................................................
TEMPERATURE (F)
 YESTERDAY
  MAXIMUM         86    159 PM 102    1954  88     -2
  MINIMUM         60   1007 PM  45    1978  60      0
  AVERAGE         73                        74     -1

PRECIPITATION (IN)
  YESTERDAY        0.00          1.50 1964   0.10  -0.10     0.00
  MONTH TO DATE    T                         0.29  -0.29      T
  SINCE JUN 1      2.87                      5.30  -2.43     6.09
  SINCE JAN 1     10.88                     11.48  -0.60    10.79

DEGREE DAYS
 HEATING
  YESTERDAY        0
  MONTH TO DATE    0

 COOLING
  YESTERDAY        8
  MONTH TO DATE   32
..................................................................


WIND (MPH)
  HIGHEST WIND SPEED    30   HIGHEST WIND DIRECTION     S (170)
  HIGHEST GUST SPEED    36   HIGHEST GUST DIRECTION     S (170)




RELATIVE HUMIDITY (PERCENT)
 HIGHEST    63
 LOWEST     29
 AVERAGE    46

..........................................................


THE AKRON CO CLIMATE NORMALS FOR TODAY
                         NORMAL    RECORD    YEAR
 MAXIMUM TEMPERATURE (F)   88       102      1940
 MINIMUM TEMPERATURE (F)   60        42      1987


SUNRISE AND SUNSET
AUGUST  4 2015........SUNRISE   553 AM MDT   SUNSET   804 PM MDT
AUGUST  5 2015........SUNRISE   554 AM MDT   SUNSET   803 PM MDT


-  INDICATES NEGATIVE NUMBERS.
R  INDICATES RECORD WAS SET OR TIED.
MM INDICATES DATA IS MISSING.
T  INDICATES TRACE AMOUNT.




$$
