000
CDUS45 KBOU 280725
CLIAKO


CLIMATE REPORT
NATIONAL WEATHER SERVICE DENVER/BOULDER CO
125 AM MDT FRI JUL 28 2017


...................................

...THE AKRON CO CLIMATE SUMMARY FOR JULY 27 2017...

CLIMATE NORMAL PERIOD 1981 TO 2010
CLIMATE RECORD PERIOD 9999 TO 9999


WEATHER ITEM   OBSERVED TIME   RECORD YEAR NORMAL DEPARTURE LAST
                VALUE   (LST)  VALUE       VALUE  FROM      YEAR
                                                  NORMAL
..................................................................
TEMPERATURE (F)
 YESTERDAY
  MAXIMUM         87    333 PM  99    1952  88     -1
  MINIMUM         64    439 AM  50    1988  60      4
  AVERAGE         76                        74      2

PRECIPITATION (IN)
  YESTERDAY        0.00          1.94 1982   0.09  -0.09     0.00
  MONTH TO DATE    1.84                      2.20  -0.36     2.58
  SINCE JUN 1      2.52                      4.66  -2.14     6.52
  SINCE JAN 1      9.17                     10.84  -1.67    13.03

DEGREE DAYS
 HEATING
  YESTERDAY        0
  MONTH TO DATE    0

 COOLING
  YESTERDAY       11
  MONTH TO DATE  348
..................................................................


WIND (MPH)
  HIGHEST WIND SPEED    20   HIGHEST WIND DIRECTION    SE (150)
  HIGHEST GUST SPEED    26   HIGHEST GUST DIRECTION    SE (130)




RELATIVE HUMIDITY (PERCENT)
 HIGHEST    93
 LOWEST     37
 AVERAGE    65

..........................................................


THE AKRON CO CLIMATE NORMALS FOR TODAY
                         NORMAL    RECORD    YEAR
 MAXIMUM TEMPERATURE (F)   88       100      1959
 MINIMUM TEMPERATURE (F)   60        50      1971


SUNRISE AND SUNSET
JULY 28 2017..........SUNRISE   547 AM MDT   SUNSET   811 PM MDT
JULY 29 2017..........SUNRISE   548 AM MDT   SUNSET   810 PM MDT


-  INDICATES NEGATIVE NUMBERS.
R  INDICATES RECORD WAS SET OR TIED.
MM INDICATES DATA IS MISSING.
T  INDICATES TRACE AMOUNT.




$$
