000
CDUS41 KALY 240624
CLIALB


CLIMATE REPORT
NATIONAL WEATHER SERVICE ALBANY NY
122 AM EST FRI FEB 24 2017


...................................

...THE ALBANY NY CLIMATE SUMMARY FOR FEBRUARY 23 2017...

CLIMATE NORMAL PERIOD 1981 TO 2010
CLIMATE RECORD PERIOD 1874 TO 2017


WEATHER ITEM   OBSERVED TIME   RECORD YEAR NORMAL DEPARTURE LAST
                VALUE   (LST)  VALUE       VALUE  FROM      YEAR
                                                  NORMAL
..................................................................
TEMPERATURE (F)
 YESTERDAY
  MAXIMUM         69R   255 PM  62    1984  37     32       38
  MINIMUM         41    640 AM -16    1972  19     22       17
  AVERAGE         55                        28     27       28

PRECIPITATION (IN)
  YESTERDAY        0.00          0.90 1935   0.08  -0.08     0.02
  MONTH TO DATE    2.14                      1.77   0.37     1.55
  SINCE DEC 1      7.02                      7.29  -0.27     6.46
  SINCE JAN 1      5.27                      4.36   0.91     2.79

SNOWFALL (IN)
  YESTERDAY        0.0           6.9  1935   0.4   -0.4      0.2
  MONTH TO DATE   22.2                      10.1   12.1      4.7
  SINCE DEC 1     38.9                      41.7   -2.8     10.2
  SINCE JUL 1     41.2                      44.8   -3.6     10.2
  SNOW DEPTH       0

DEGREE DAYS
 HEATING
  YESTERDAY       10                        37    -27       37
  MONTH TO DATE  785                       912   -127      824
  SINCE DEC 1   2912                      3359   -447     2682
  SINCE JUL 1   4068                      4763   -695     3765

 COOLING
  YESTERDAY        0                         0      0        0
  MONTH TO DATE    0                         0      0        0
  SINCE DEC 1      0                         0      0        0
  SINCE JAN 1      0                         0      0        0
..................................................................


WIND (MPH)
  HIGHEST WIND SPEED    18   HIGHEST WIND DIRECTION     S (180)
  HIGHEST GUST SPEED    24   HIGHEST GUST DIRECTION     S (190)
  AVERAGE WIND SPEED     7.2


SKY COVER
  AVERAGE SKY COVER 0.5



RELATIVE HUMIDITY (PERCENT)
 HIGHEST    82
 LOWEST     44
 AVERAGE    63

..........................................................


THE ALBANY NY CLIMATE NORMALS FOR TODAY
                         NORMAL    RECORD    YEAR
 MAXIMUM TEMPERATURE (F)   37        65      1985
 MINIMUM TEMPERATURE (F)   19       -11      1894


SUNRISE AND SUNSET
FEBRUARY 24 2017......SUNRISE   639 AM EST   SUNSET   539 PM EST
FEBRUARY 25 2017......SUNRISE   637 AM EST   SUNSET   540 PM EST


-  INDICATES NEGATIVE NUMBERS.
R  INDICATES RECORD WAS SET OR TIED.
MM INDICATES DATA IS MISSING.
T  INDICATES TRACE AMOUNT.




$$
