000
CDUS41 KALY 300640
CLIALB


CLIMATE REPORT
NATIONAL WEATHER SERVICE ALBANY NY
240 AM EDT SAT MAY 30 2015


...................................

...THE ALBANY NY CLIMATE SUMMARY FOR MAY 29 2015...

CLIMATE NORMAL PERIOD 1981 TO 2010
CLIMATE RECORD PERIOD 1874 TO 2015


WEATHER ITEM   OBSERVED TIME   RECORD YEAR NORMAL DEPARTURE LAST
                VALUE   (LST)  VALUE       VALUE  FROM      YEAR
                                                  NORMAL
..................................................................
TEMPERATURE (F)
 YESTERDAY
  MAXIMUM         83    433 PM  93    1931  73     10       71
  MINIMUM         53    435 AM  34    1956  51      2       42
  AVERAGE         68                        62      6       57

PRECIPITATION (IN)
  YESTERDAY        0.00          2.17 1968   0.12  -0.12     0.00
  MONTH TO DATE    0.42                      3.35  -2.93     2.35
  SINCE MAR 1      3.77                      9.73  -5.96     7.51
  SINCE JAN 1      8.09                     14.52  -6.43    13.30

SNOWFALL (IN)
  YESTERDAY        0.0           0.0    MM   0.0    0.0      0.0
  MONTH TO DATE    0.0                       0.1   -0.1      0.0
  SINCE MAR 1      5.3                      12.6   -7.3      8.3
  SINCE JUL 1     75.9                      59.1   16.8     73.5
  SNOW DEPTH       0

DEGREE DAYS
 HEATING
  YESTERDAY        0                         4     -4        8
  MONTH TO DATE   91                       226   -135      169
  SINCE MAR 1   1687                      1675     12     1841
  SINCE JUL 1   6817                      6619    198     6958

 COOLING
  YESTERDAY        3                         2      1        0
  MONTH TO DATE  111                        20     91       29
  SINCE MAR 1    111                        24     87       35
  SINCE JAN 1    111                        24     87       35
..................................................................


WIND (MPH)
  HIGHEST WIND SPEED    15   HIGHEST WIND DIRECTION     S (170)
  HIGHEST GUST SPEED    22   HIGHEST GUST DIRECTION     S (170)
  AVERAGE WIND SPEED     5.3


SKY COVER
  AVERAGE SKY COVER 0.5



RELATIVE HUMIDITY (PERCENT)
 HIGHEST    86
 LOWEST     34
 AVERAGE    60

..........................................................


THE ALBANY NY CLIMATE NORMALS FOR TODAY
                         NORMAL    RECORD    YEAR
 MAXIMUM TEMPERATURE (F)   73        92      1987
 MINIMUM TEMPERATURE (F)   52        33      1967


SUNRISE AND SUNSET
MAY 30 2015...........SUNRISE   521 AM EDT   SUNSET   825 PM EDT
MAY 31 2015...........SUNRISE   520 AM EDT   SUNSET   826 PM EDT


-  INDICATES NEGATIVE NUMBERS.
R  INDICATES RECORD WAS SET OR TIED.
MM INDICATES DATA IS MISSING.
T  INDICATES TRACE AMOUNT.




$$
