000
CDUS43 KDMX 022228
CLIALO

CLIMATE REPORT
NATIONAL WEATHER SERVICE DES MOINES IA
526 PM CDT TUE SEP 2 2014


...................................

...THE WATERLOO IA CLIMATE SUMMARY FOR SEPTEMBER 2 2014...
VALID TODAY AS OF 0500 PM LOCAL TIME.

CLIMATE NORMAL PERIOD 1981 TO 2010
CLIMATE RECORD PERIOD 1895 TO 2014


WEATHER ITEM   OBSERVED TIME   RECORD YEAR NORMAL DEPARTURE LAST
                VALUE   (LST)  VALUE       VALUE  FROM      YEAR
                                                  NORMAL
..................................................................
TEMPERATURE (F)
 TODAY
  MAXIMUM         79    334 PM 100    1925  80     -1       73
                                      1913
  MINIMUM         57    239 AM  38    1967  57      0       49
                                      1946
  AVERAGE         68                        68      0       61

PRECIPITATION (IN)
  TODAY            0.13          1.63 1912   0.10   0.03     0.00
  MONTH TO DATE    0.22                      0.21   0.01     0.00
  SINCE SEP 1      0.22                      0.21   0.01     0.00
  SINCE JAN 1     27.51                     26.49   1.02    34.22

SNOWFALL (IN)
  TODAY            0.0          MM      MM   0.0    0.0      0.0
  MONTH TO DATE    0.0                       0.0    0.0      0.0
  SINCE SEP 1      0.0                       0.0    0.0      0.0
  SINCE JUL 1      0.0                       0.0    0.0      0.0
  SNOW DEPTH       0

DEGREE DAYS
 HEATING
  TODAY            0                         1     -1        4
  MONTH TO DATE    0                         2     -2        4
  SINCE SEP 1      0                         2     -2        4
  SINCE JUL 1     17                        22     -5       24

 COOLING
  TODAY            3                         5     -2        0
  MONTH TO DATE    9                        10     -1        7
  SINCE SEP 1      9                        10     -1        7
  SINCE JAN 1    616                       722   -106      703
..................................................................


WIND (MPH)
  HIGHEST WIND SPEED    26   HIGHEST WIND DIRECTION     W (280)
  HIGHEST GUST SPEED    31   HIGHEST GUST DIRECTION     W (280)
  AVERAGE WIND SPEED     5.9


SKY COVER
  POSSIBLE SUNSHINE  MM
  AVERAGE SKY COVER 0.1


WEATHER CONDITIONS
 THE FOLLOWING WEATHER WAS RECORDED TODAY.
  THUNDERSTORM
  HEAVY RAIN
  RAIN
  LIGHT RAIN
  FOG


RELATIVE HUMIDITY (PERCENT)
 HIGHEST    97           100 AM
 LOWEST     45           300 PM
 AVERAGE    71

..........................................................


THE WATERLOO IA CLIMATE NORMALS FOR TOMORROW
                         NORMAL    RECORD    YEAR
 MAXIMUM TEMPERATURE (F)   80       101      1939
 MINIMUM TEMPERATURE (F)   56        36      1974


SUNRISE AND SUNSET
SEPTEMBER  2 2014.....SUNRISE   636 AM CDT   SUNSET   742 PM CDT
SEPTEMBER  3 2014.....SUNRISE   637 AM CDT   SUNSET   740 PM CDT


-  INDICATES NEGATIVE NUMBERS.
R  INDICATES RECORD WAS SET OR TIED.
MM INDICATES DATA IS MISSING.
T  INDICATES TRACE AMOUNT.




$$
