000
CDUS43 KDMX 300630 RRB
CLIALO

CLIMATE REPORT
NATIONAL WEATHER SERVICE DES MOINES IA
129 AM CDT SAT MAY 30 2015


...................................

...THE WATERLOO IA CLIMATE SUMMARY FOR MAY 29 2015...

CLIMATE NORMAL PERIOD 1981 TO 2010
CLIMATE RECORD PERIOD 1895 TO 2015


WEATHER ITEM   OBSERVED TIME   RECORD YEAR NORMAL DEPARTURE LAST
                VALUE   (LST)  VALUE       VALUE  FROM      YEAR
                                                  NORMAL
..................................................................
TEMPERATURE (F)
 YESTERDAY
  MAXIMUM         81    152 PM 101    1934  76      5       86
  MINIMUM         62    522 AM  29    1965  54      8       56
  AVERAGE         72                        65      7       71

PRECIPITATION (IN)
  YESTERDAY        0.29          3.41 1980   0.15   0.14      T
  MONTH TO DATE    4.85                      4.21   0.64     2.23
  SINCE MAR 1      8.81                      9.98  -1.17    10.97
  SINCE JAN 1     10.85                     11.80  -0.95    13.60

SNOWFALL (IN)
  YESTERDAY        0.0           2.0  1947   0.0    0.0      0.0
  MONTH TO DATE    0.0                       0.0    0.0      0.0
  SINCE MAR 1      0.7                       6.4   -5.7      6.2
  SINCE JUL 1     29.2                      35.3   -6.1     57.1
  SNOW DEPTH       0

DEGREE DAYS
 HEATING
  YESTERDAY        0                         3     -3        0
  MONTH TO DATE  152                       182    -30      210
  SINCE MAR 1   1515                      1579    -64     1910
  SINCE JUL 1   7276                      6998    278     8318

 COOLING
  YESTERDAY        7                         3      4        6
  MONTH TO DATE   47                        44      3       43
  SINCE MAR 1     47                        52     -5       45
  SINCE JAN 1     47                        52     -5       45
..................................................................


WIND (MPH)
  HIGHEST WIND SPEED    25   HIGHEST WIND DIRECTION     W (270)
  HIGHEST GUST SPEED    33   HIGHEST GUST DIRECTION     W (270)
  AVERAGE WIND SPEED     7.7


SKY COVER
  POSSIBLE SUNSHINE  MM
  AVERAGE SKY COVER 0.6


WEATHER CONDITIONS
 THE FOLLOWING WEATHER WAS RECORDED YESTERDAY.
  THUNDERSTORM
  HEAVY RAIN
  LIGHT RAIN
  FOG


RELATIVE HUMIDITY (PERCENT)
 HIGHEST    93          1200 AM
 LOWEST     56           300 PM
 AVERAGE    75

..........................................................


THE WATERLOO IA CLIMATE NORMALS FOR TODAY
                         NORMAL    RECORD    YEAR
 MAXIMUM TEMPERATURE (F)   77       100      1934
 MINIMUM TEMPERATURE (F)   54        35      1930


SUNRISE AND SUNSET
MAY 30 2015...........SUNRISE   536 AM CDT   SUNSET   839 PM CDT
MAY 31 2015...........SUNRISE   535 AM CDT   SUNSET   840 PM CDT


-  INDICATES NEGATIVE NUMBERS.
R  INDICATES RECORD WAS SET OR TIED.
MM INDICATES DATA IS MISSING.
T  INDICATES TRACE AMOUNT.




$$
