000
CDUS43 KDMX 242333
CLIALO

CLIMATE REPORT
NATIONAL WEATHER SERVICE DES MOINES IA
532 PM CST TUE JAN 24 2017


...................................

...THE WATERLOO IA CLIMATE SUMMARY FOR JANUARY 24 2017...
VALID TODAY AS OF 0500 PM LOCAL TIME.

CLIMATE NORMAL PERIOD 1981 TO 2010
CLIMATE RECORD PERIOD 1895 TO 2017


WEATHER ITEM   OBSERVED TIME   RECORD YEAR NORMAL DEPARTURE LAST
                VALUE   (LST)  VALUE       VALUE  FROM      YEAR
                                                  NORMAL
..................................................................
TEMPERATURE (F)
 TODAY
  MAXIMUM         33    140 PM  58    1981  28      5       29
  MINIMUM         31    459 PM -29    2008   9     22       23
  AVERAGE         32                        18     14       26

PRECIPITATION (IN)
  TODAY            0.03          1.23 1967   0.03   0.00     0.00
  MONTH TO DATE    2.41                      0.63   1.78     0.56
  SINCE DEC 1      4.28                      1.83   2.45     6.48
  SINCE JAN 1      2.41                      0.63   1.78     0.56

SNOWFALL (IN)
  TODAY           MM             4.0  1957   0.3   MM        0.0
  MONTH TO DATE    0.6                       6.2   -5.6      1.0
  SINCE DEC 1     11.1                      16.1   -5.0     15.0
  SINCE JUL 1     11.1                      19.5   -8.4     27.7
  SNOW DEPTH       0

DEGREE DAYS
 HEATING
  TODAY           33                        47    -14       39
  MONTH TO DATE 1010                      1124   -114     1171
  SINCE DEC 1   2333                      2452   -119     2127
  SINCE JUL 1   3322                      3935   -613     3342

 COOLING
  TODAY            0                         0      0        0
  MONTH TO DATE    0                         0      0        0
  SINCE DEC 1      0                         0      0        0
  SINCE JAN 1      0                         0      0        0
..................................................................


WIND (MPH)
  HIGHEST WIND SPEED    17   HIGHEST WIND DIRECTION    NE (60)
  HIGHEST GUST SPEED    21   HIGHEST GUST DIRECTION    NE (60)
  AVERAGE WIND SPEED     6.3


SKY COVER
  POSSIBLE SUNSHINE  MM
  AVERAGE SKY COVER 1.0


WEATHER CONDITIONS
 THE FOLLOWING WEATHER WAS RECORDED TODAY.
  SNOW
  LIGHT SNOW
  FOG
  FOG W/VISIBILITY <= 1/4 MILE


RELATIVE HUMIDITY (PERCENT)
 HIGHEST    92           500 PM
 LOWEST     78           600 AM
 AVERAGE    85

..........................................................


THE WATERLOO IA CLIMATE NORMALS FOR TOMORROW
                         NORMAL    RECORD    YEAR
 MAXIMUM TEMPERATURE (F)   28        61      2002
 MINIMUM TEMPERATURE (F)    9       -29      1936


SUNRISE AND SUNSET
JANUARY 24 2017.......SUNRISE   731 AM CST   SUNSET   513 PM CST
JANUARY 25 2017.......SUNRISE   730 AM CST   SUNSET   515 PM CST


-  INDICATES NEGATIVE NUMBERS.
R  INDICATES RECORD WAS SET OR TIED.
MM INDICATES DATA IS MISSING.
T  INDICATES TRACE AMOUNT.




$$
