000
CDUS43 KDMX 290654
CLIALO

CLIMATE REPORT
NATIONAL WEATHER SERVICE DES MOINES IA
152 AM CDT SUN MAY 29 2016


...................................

...THE WATERLOO IA CLIMATE SUMMARY FOR MAY 28 2016...

CLIMATE NORMAL PERIOD 1981 TO 2010
CLIMATE RECORD PERIOD 1895 TO 2016


WEATHER ITEM   OBSERVED TIME   RECORD YEAR NORMAL DEPARTURE LAST
                VALUE   (LST)  VALUE       VALUE  FROM      YEAR
                                                  NORMAL
..................................................................
TEMPERATURE (F)
 YESTERDAY
  MAXIMUM         76    105 PM  93    2006  76      0       82
                                      1998
                                      1895
  MINIMUM         62    533 AM  32    1965  53      9       57
  AVERAGE         69                        64      5       70

PRECIPITATION (IN)
  YESTERDAY        0.15          2.65 1954   0.15   0.00      T
  MONTH TO DATE    1.86                      4.06  -2.20     4.56
  SINCE MAR 1      7.34                      9.83  -2.49     8.52
  SINCE JAN 1      9.06                     11.65  -2.59    10.55

SNOWFALL (IN)
  YESTERDAY        0.0           T    1947   0.0    0.0      0.0
  MONTH TO DATE    0.0                       0.0    0.0      0.0
  SINCE MAR 1      2.9                       6.4   -3.5      0.7
  SINCE JUL 1     46.0                      35.3   10.7     29.2
  SNOW DEPTH       0

DEGREE DAYS
 HEATING
  YESTERDAY        0                         3     -3        0
  MONTH TO DATE  210                       179     31      152
  SINCE MAR 1   1429                      1576   -147     1515
  SINCE JUL 1   6128                      6995   -867     7276

 COOLING
  YESTERDAY        4                         3      1        5
  MONTH TO DATE   43                        41      2       40
  SINCE MAR 1     46                        49     -3       40
  SINCE JAN 1     46                        49     -3       40
..................................................................


WIND (MPH)
  HIGHEST WIND SPEED    21   HIGHEST WIND DIRECTION    SW (210)
  HIGHEST GUST SPEED    27   HIGHEST GUST DIRECTION    SW (220)
  AVERAGE WIND SPEED     8.9


SKY COVER
  POSSIBLE SUNSHINE  MM
  AVERAGE SKY COVER 0.7


WEATHER CONDITIONS
 THE FOLLOWING WEATHER WAS RECORDED YESTERDAY.
  THUNDERSTORM
  HEAVY RAIN
  LIGHT RAIN
  FOG


RELATIVE HUMIDITY (PERCENT)
 HIGHEST    93           100 AM
 LOWEST     60          1200 PM
 AVERAGE    77

..........................................................


THE WATERLOO IA CLIMATE NORMALS FOR TODAY
                         NORMAL    RECORD    YEAR
 MAXIMUM TEMPERATURE (F)   76       101      1934
 MINIMUM TEMPERATURE (F)   54        29      1965


SUNRISE AND SUNSET
MAY 29 2016...........SUNRISE   536 AM CDT   SUNSET   839 PM CDT
MAY 30 2016...........SUNRISE   535 AM CDT   SUNSET   839 PM CDT


-  INDICATES NEGATIVE NUMBERS.
R  INDICATES RECORD WAS SET OR TIED.
MM INDICATES DATA IS MISSING.
T  INDICATES TRACE AMOUNT.

$$
