000
CDUS43 KDMX 010656
CLIALO

CLIMATE REPORT
NATIONAL WEATHER SERVICE DES MOINES IA
1255 AM CST SUN FEB 1 2015

...................................

...THE WATERLOO IA CLIMATE SUMMARY FOR JANUARY 31 2015...

CLIMATE NORMAL PERIOD 1981 TO 2010
CLIMATE RECORD PERIOD 1895 TO 2015


WEATHER ITEM   OBSERVED TIME   RECORD YEAR NORMAL DEPARTURE LAST
                VALUE   (LST)  VALUE       VALUE  FROM      YEAR
                                                  NORMAL
..................................................................
TEMPERATURE (F)
 YESTERDAY
  MAXIMUM         38   1210 PM  57    1989  28     10       11
  MINIMUM         22    441 AM -27    1918  10     12       -2
  AVERAGE         30                        19     11        5

PRECIPITATION (IN)
  YESTERDAY        0.36R         0.36 2002   0.03   0.33     0.00
  MONTH TO DATE    1.00                      0.83   0.17     0.66
  SINCE DEC 1      2.64                      2.03   0.61     1.60
  SINCE JAN 1      1.00                      0.83   0.17     0.66

SNOWFALL (IN)
  YESTERDAY        2.0           4.2  2002   0.3    1.7      0.0
  MONTH TO DATE   10.7                       8.2    2.5      6.5
  SINCE DEC 1     11.2                      18.1   -6.9     24.4
  SINCE JUL 1     16.6                      21.5   -4.9     30.3
  SNOW DEPTH       0

DEGREE DAYS
 HEATING
  YESTERDAY       35                        46    -11       60
  MONTH TO DATE 1366                      1446    -80     1697
  SINCE DEC 1   2506                      2771   -265     3245
  SINCE JUL 1   4255                      4254      1     4851

 COOLING
  YESTERDAY        0                         0      0        0
  MONTH TO DATE    0                         0      0        0
  SINCE DEC 1      0                         0      0        0
  SINCE JAN 1      0                         0      0        0
..................................................................


WIND (MPH)
  HIGHEST WIND SPEED    17   HIGHEST WIND DIRECTION     E (80)
  HIGHEST GUST SPEED    21   HIGHEST GUST DIRECTION     E (80)
  AVERAGE WIND SPEED     6.6


SKY COVER
  POSSIBLE SUNSHINE  MM
  AVERAGE SKY COVER 0.7


WEATHER CONDITIONS
 THE FOLLOWING WEATHER WAS RECORDED YESTERDAY.
  LIGHT RAIN
  LIGHT SNOW
  FOG


RELATIVE HUMIDITY (PERCENT)
 HIGHEST   100           300 PM
 LOWEST     74           400 AM
 AVERAGE    87

..........................................................


THE WATERLOO IA CLIMATE NORMALS FOR TODAY
                         NORMAL    RECORD    YEAR
 MAXIMUM TEMPERATURE (F)   29        52      1911
 MINIMUM TEMPERATURE (F)   10       -30      1918


SUNRISE AND SUNSET
FEBRUARY  1 2015......SUNRISE   724 AM CST   SUNSET   523 PM CST
FEBRUARY  2 2015......SUNRISE   723 AM CST   SUNSET   524 PM CST


-  INDICATES NEGATIVE NUMBERS.
R  INDICATES RECORD WAS SET OR TIED.
MM INDICATES DATA IS MISSING.
T  INDICATES TRACE AMOUNT.

$$

SMALL
