000
CDUS45 KPUB 281047
CLIALS


CLIMATE REPORT
NATIONAL WEATHER SERVICE PUEBLO
446 AM MDT MON JUL 28 2014


...................................

...THE ALAMOSA CO CLIMATE SUMMARY FOR JULY 27 2014...

CLIMATE NORMAL PERIOD 1981 TO 2010
CLIMATE RECORD PERIOD 1932 TO 2014


WEATHER ITEM   OBSERVED TIME   RECORD YEAR NORMAL DEPARTURE LAST
                VALUE   (LST)  VALUE       VALUE  FROM      YEAR
                                                  NORMAL
..................................................................
TEMPERATURE (F)
 YESTERDAY
  MAXIMUM         86    113 PM  90    1960  82      4       79
  MINIMUM         52    428 AM  33    1993  48      4       47
  AVERAGE         69                        65      4       63

PRECIPITATION (IN)
  YESTERDAY        T             0.50 1952   0.03  -0.03     0.01
  MONTH TO DATE    0.78                      0.82  -0.04     0.53
  SINCE JUN 1      0.80                      1.31  -0.51     1.07
  SINCE JAN 1      2.61                      3.53  -0.92     2.13

SNOWFALL (IN)
  YESTERDAY        0.0           0.0  2002   0.0    0.0      0.0
                                      2001
  MONTH TO DATE    0.0                       0.0    0.0      0.0
  SINCE JUN 1      0.0                       0.0    0.0      0.0
  SINCE JUL 1      0.0                       0.0    0.0      0.0
  SNOW DEPTH       0

DEGREE DAYS
 HEATING
  YESTERDAY        0                         1     -1        2
  MONTH TO DATE   14                        36    -22       20
  SINCE JUN 1    140                       204    -64      122
  SINCE JUL 1     14                        36    -22       20

 COOLING
  YESTERDAY        4                         1      3        0
  MONTH TO DATE   55                        27     28       49
  SINCE JUN 1     56                        33     23       65
  SINCE JAN 1     56                        33     23       65
..................................................................


WIND (MPH)
  HIGHEST WIND SPEED    21   HIGHEST WIND DIRECTION     E (110)
  HIGHEST GUST SPEED    29   HIGHEST GUST DIRECTION     E (110)
  AVERAGE WIND SPEED     5.8


SKY COVER
  POSSIBLE SUNSHINE  MM
  AVERAGE SKY COVER 0.3


WEATHER CONDITIONS
 THE FOLLOWING WEATHER WAS RECORDED YESTERDAY.
  THUNDERSTORM
  LIGHT RAIN


RELATIVE HUMIDITY (PERCENT)
 HIGHEST    93           500 AM
 LOWEST     26           100 PM
 AVERAGE    60

..........................................................


THE ALAMOSA CO CLIMATE NORMALS FOR TODAY
                         NORMAL    RECORD    YEAR
 MAXIMUM TEMPERATURE (F)   82        89      2011
                                             1995
                                             1951
 MINIMUM TEMPERATURE (F)   48        35      1986


SUNRISE AND SUNSET
JULY 28 2014..........SUNRISE   604 AM MDT   SUNSET   815 PM MDT
JULY 29 2014..........SUNRISE   605 AM MDT   SUNSET   814 PM MDT


-  INDICATES NEGATIVE NUMBERS.
R  INDICATES RECORD WAS SET OR TIED.
MM INDICATES DATA IS MISSING.
T  INDICATES TRACE AMOUNT.




$$
