000
CDUS45 KPUB 221144
CLIALS


CLIMATE REPORT
NATIONAL WEATHER SERVICE PUEBLO
444 AM MST MON JAN 22 2018


...................................

...THE ALAMOSA CO CLIMATE SUMMARY FOR JANUARY 21 2018...

CLIMATE NORMAL PERIOD 1981 TO 2010
CLIMATE RECORD PERIOD 1932 TO 2018


WEATHER ITEM   OBSERVED TIME   RECORD YEAR NORMAL DEPARTURE LAST
                VALUE   (LST)  VALUE       VALUE  FROM      YEAR
                                                  NORMAL
..................................................................
TEMPERATURE (F)
 YESTERDAY
  MAXIMUM         31    209 AM  60    1950  35     -4       31
  MINIMUM          8   1157 PM -34    1984  -2     10        7
  AVERAGE         20                        16      4       19

PRECIPITATION (IN)
  YESTERDAY        0.08          0.35 2010   0.01   0.07     0.01
  MONTH TO DATE    0.08                      0.17  -0.09     1.28
  SINCE DEC 1      0.22                      0.52  -0.30     2.36
  SINCE JAN 1      0.08                      0.17  -0.09     1.28

SNOWFALL (IN)
  YESTERDAY        1.5           3.5  2010   0.1    1.4      0.4
  MONTH TO DATE    1.5                       2.5   -1.0     19.0
  SINCE DEC 1      2.8                       7.0   -4.2     29.2
  SINCE JUL 1      3.2                      12.8   -9.6     30.2
  SNOW DEPTH       2

DEGREE DAYS
 HEATING
  YESTERDAY       45                        49     -4       46
  MONTH TO DATE  841                      1029   -188      939
  SINCE DEC 1   2060                      2491   -431     2383
  SINCE JUL 1   3826                      4666   -840     4247

 COOLING
  YESTERDAY        0                         0      0        0
  MONTH TO DATE    0                         0      0        0
  SINCE DEC 1      0                         0      0        0
  SINCE JAN 1      0                         0      0        0
..................................................................


WIND (MPH)
  HIGHEST WIND SPEED    26   HIGHEST WIND DIRECTION    NW (330)
  HIGHEST GUST SPEED    32   HIGHEST GUST DIRECTION    NW (320)
  AVERAGE WIND SPEED    13.3


SKY COVER
  POSSIBLE SUNSHINE  MM
  AVERAGE SKY COVER 0.7


WEATHER CONDITIONS
 THE FOLLOWING WEATHER WAS RECORDED YESTERDAY.
  SNOW
  LIGHT SNOW
  FOG
  HAZE


RELATIVE HUMIDITY (PERCENT)
 HIGHEST    96          1000 AM
 LOWEST     49          1100 PM
 AVERAGE    73

..........................................................


THE ALAMOSA CO CLIMATE NORMALS FOR TODAY
                         NORMAL    RECORD    YEAR
 MAXIMUM TEMPERATURE (F)   35        58      1951
 MINIMUM TEMPERATURE (F)   -2       -31      1959


SUNRISE AND SUNSET
JANUARY 22 2018.......SUNRISE   714 AM MST   SUNSET   517 PM MST
JANUARY 23 2018.......SUNRISE   713 AM MST   SUNSET   518 PM MST


-  INDICATES NEGATIVE NUMBERS.
R  INDICATES RECORD WAS SET OR TIED.
MM INDICATES DATA IS MISSING.
T  INDICATES TRACE AMOUNT.




$$
