000
CDUS45 KPUB 061144
CLIALS


CLIMATE REPORT
NATIONAL WEATHER SERVICE PUEBLO
444 AM MST SAT FEB 6 2016


...................................

...THE ALAMOSA CO CLIMATE SUMMARY FOR FEBRUARY 5 2016...

CLIMATE NORMAL PERIOD 1981 TO 2010
CLIMATE RECORD PERIOD 1932 TO 2016


WEATHER ITEM   OBSERVED TIME   RECORD YEAR NORMAL DEPARTURE LAST
                VALUE   (LST)  VALUE       VALUE  FROM      YEAR
                                                  NORMAL
..................................................................
TEMPERATURE (F)
 YESTERDAY
  MAXIMUM         32    333 PM  59    1963  37     -5       52
  MINIMUM        -12    538 AM -22    1979   2    -14       15
  AVERAGE         10                        19     -9       34

PRECIPITATION (IN)
  YESTERDAY        0.00          0.33 2008   0.01  -0.01     0.00
  MONTH TO DATE    0.15                      0.04   0.11     0.00
  SINCE DEC 1      0.98                      0.65   0.33     0.54
  SINCE JAN 1      0.73                      0.30   0.43     0.33

SNOWFALL (IN)
  YESTERDAY        0.0           6.7  2008   0.2   -0.2      0.0
  MONTH TO DATE    2.0                       0.7    1.3      0.0
  SINCE DEC 1     12.4                       9.2    3.2      5.6
  SINCE JUL 1     16.7                      15.0    1.7      7.2
  SNOW DEPTH       T

DEGREE DAYS
 HEATING
  YESTERDAY       55                        46      9       31
  MONTH TO DATE  274                       231     43      173
  SINCE DEC 1   3210                      3203      7     2790
  SINCE JUL 1   4988                      5378   -390     4633

 COOLING
  YESTERDAY        0                         0      0        0
  MONTH TO DATE    0                         0      0        0
  SINCE DEC 1      0                         0      0        0
  SINCE JAN 1      0                         0      0        0
..................................................................


WIND (MPH)
  HIGHEST WIND SPEED    13   HIGHEST WIND DIRECTION    NW (320)
  HIGHEST GUST SPEED    16   HIGHEST GUST DIRECTION     N (350)
  AVERAGE WIND SPEED     5.5


SKY COVER
  POSSIBLE SUNSHINE  MM
  AVERAGE SKY COVER 0.2


WEATHER CONDITIONS
 THE FOLLOWING WEATHER WAS RECORDED YESTERDAY.
  NO SIGNIFICANT WEATHER WAS OBSERVED.


RELATIVE HUMIDITY (PERCENT)
 HIGHEST    87           900 PM
 LOWEST     28           200 PM
 AVERAGE    58

..........................................................


THE ALAMOSA CO CLIMATE NORMALS FOR TODAY
                         NORMAL    RECORD    YEAR
 MAXIMUM TEMPERATURE (F)   37        61      1963
 MINIMUM TEMPERATURE (F)    2       -25      1989
                                             1982


SUNRISE AND SUNSET
FEBRUARY  6 2016......SUNRISE   703 AM MST   SUNSET   533 PM MST
FEBRUARY  7 2016......SUNRISE   702 AM MST   SUNSET   534 PM MST


-  INDICATES NEGATIVE NUMBERS.
R  INDICATES RECORD WAS SET OR TIED.
MM INDICATES DATA IS MISSING.
T  INDICATES TRACE AMOUNT.




$$
