000
CDUS45 KPUB 041155
CLIALS


CLIMATE REPORT
NATIONAL WEATHER SERVICE PUEBLO
455 AM MST WED MAR 4 2015


...................................

...THE ALAMOSA CO CLIMATE SUMMARY FOR MARCH 3 2015...

CLIMATE NORMAL PERIOD 1981 TO 2010
CLIMATE RECORD PERIOD 1932 TO 2015


WEATHER ITEM   OBSERVED TIME   RECORD YEAR NORMAL DEPARTURE LAST
                VALUE   (LST)  VALUE       VALUE  FROM      YEAR
                                                  NORMAL
..................................................................
TEMPERATURE (F)
 YESTERDAY
  MAXIMUM         37    313 PM  62    2009  46     -9       50
                                      1946
  MINIMUM         22   1159 PM -17    1939  13      9       22
  AVERAGE         30                        29      1       36

PRECIPITATION (IN)
  YESTERDAY        0.00          0.17 1981   0.01  -0.01     0.00
                                      1964
  MONTH TO DATE    0.06                      0.04   0.02     0.21
  SINCE MAR 1      0.06                      0.04   0.02     0.21
  SINCE JAN 1      1.40                      0.56   0.84     0.33

SNOWFALL (IN)
  YESTERDAY        0.0           3.8  1964   0.1   -0.1      0.0
  MONTH TO DATE    T                         0.4   -0.4      2.0
  SINCE MAR 1      T                         0.4   -0.4      2.0
  SINCE JUL 1     23.1                      18.5    4.6     30.1
  SNOW DEPTH       1

DEGREE DAYS
 HEATING
  YESTERDAY       35                        36     -1       29
  MONTH TO DATE  108                       108      0       81
  SINCE MAR 1    108                       108      0       81
  SINCE JUL 1   5600                      6437   -837     6649

 COOLING
  YESTERDAY        0                         0      0        0
  MONTH TO DATE    0                         0      0        0
  SINCE MAR 1      0                         0      0        0
  SINCE JAN 1      0                         0      0        0
..................................................................


WIND (MPH)
  HIGHEST WIND SPEED    31   HIGHEST WIND DIRECTION     S (190)
  HIGHEST GUST SPEED    37   HIGHEST GUST DIRECTION    SW (210)
  AVERAGE WIND SPEED    15.3


SKY COVER
  POSSIBLE SUNSHINE  MM
  AVERAGE SKY COVER 0.0


WEATHER CONDITIONS
 THE FOLLOWING WEATHER WAS RECORDED YESTERDAY.
  NO SIGNIFICANT WEATHER WAS OBSERVED.


RELATIVE HUMIDITY (PERCENT)
 HIGHEST    81           800 PM
 LOWEST     48           200 PM
 AVERAGE    65

..........................................................


THE ALAMOSA CO CLIMATE NORMALS FOR TODAY
                         NORMAL    RECORD    YEAR
 MAXIMUM TEMPERATURE (F)   46        62      2009
 MINIMUM TEMPERATURE (F)   13       -20      1964


SUNRISE AND SUNSET
MARCH  4 2015.........SUNRISE   631 AM MST   SUNSET   600 PM MST
MARCH  5 2015.........SUNRISE   629 AM MST   SUNSET   601 PM MST


-  INDICATES NEGATIVE NUMBERS.
R  INDICATES RECORD WAS SET OR TIED.
MM INDICATES DATA IS MISSING.
T  INDICATES TRACE AMOUNT.




$$
