866
CDUS45 KPUB 191134
CLIALS


CLIMATE REPORT
NATIONAL WEATHER SERVICE PUEBLO
434 AM MST SUN FEB 19 2017


...................................

...THE ALAMOSA CO CLIMATE SUMMARY FOR FEBRUARY 18 2017...

CLIMATE NORMAL PERIOD 1981 TO 2010
CLIMATE RECORD PERIOD 1932 TO 2017


WEATHER ITEM   OBSERVED TIME   RECORD YEAR NORMAL DEPARTURE LAST
                VALUE   (LST)  VALUE       VALUE  FROM      YEAR
                                                  NORMAL
..................................................................
TEMPERATURE (F)
 YESTERDAY
  MAXIMUM         50    352 PM  61    2016  41      9       61
  MINIMUM         26    709 AM -22    1960   7     19       30
  AVERAGE         38                        24     14       46

PRECIPITATION (IN)
  YESTERDAY        0.00          0.12 1980   0.01  -0.01     0.00
  MONTH TO DATE    0.27                      0.16   0.11     0.15
  SINCE DEC 1      2.71                      0.77   1.94     0.98
  SINCE JAN 1      1.63                      0.42   1.21     0.73

SNOWFALL (IN)
  YESTERDAY        0.0           1.1  1987   0.2   -0.2      0.0
  MONTH TO DATE    2.1                       2.5   -0.4      1.7
  SINCE DEC 1     34.2                      11.0   23.2     12.1
  SINCE JUL 1     35.2                      16.8   18.4     16.4
  SNOW DEPTH       T

DEGREE DAYS
 HEATING
  YESTERDAY       27                        41    -14       19
  MONTH TO DATE  652                       793   -141      705
  SINCE DEC 1   3589                      3765   -176     3641
  SINCE JUL 1   5453                      5940   -487     5419

 COOLING
  YESTERDAY        0                         0      0        0
  MONTH TO DATE    0                         0      0        0
  SINCE DEC 1      0                         0      0        0
  SINCE JAN 1      0                         0      0        0
..................................................................


WIND (MPH)
  HIGHEST WIND SPEED    10   HIGHEST WIND DIRECTION    SE (140)
  HIGHEST GUST SPEED    12   HIGHEST GUST DIRECTION    SE (150)
  AVERAGE WIND SPEED     4.5


SKY COVER
  POSSIBLE SUNSHINE  MM
  AVERAGE SKY COVER 0.2


WEATHER CONDITIONS
 THE FOLLOWING WEATHER WAS RECORDED YESTERDAY.
  NO SIGNIFICANT WEATHER WAS OBSERVED.


RELATIVE HUMIDITY (PERCENT)
 HIGHEST    96           900 PM
 LOWEST     46           400 PM
 AVERAGE    71

..........................................................


THE ALAMOSA CO CLIMATE NORMALS FOR TODAY
                         NORMAL    RECORD    YEAR
 MAXIMUM TEMPERATURE (F)   41        60      2016
                                             1981
 MINIMUM TEMPERATURE (F)    8       -17      1992


SUNRISE AND SUNSET
FEBRUARY 19 2017......SUNRISE   647 AM MST   SUNSET   548 PM MST
FEBRUARY 20 2017......SUNRISE   646 AM MST   SUNSET   549 PM MST


-  INDICATES NEGATIVE NUMBERS.
R  INDICATES RECORD WAS SET OR TIED.
MM INDICATES DATA IS MISSING.
T  INDICATES TRACE AMOUNT.




$$
