000
CDUS44 KAMA 300644
CLIAMA


CLIMATE REPORT
NATIONAL WEATHER SERVICE AMARILLO TX
144 AM CDT TUE SEP 30 2014


...................................

...THE AMARILLO CLIMATE SUMMARY FOR SEPTEMBER 29 2014...

CLIMATE NORMAL PERIOD 1981 TO 2010
CLIMATE RECORD PERIOD 1892 TO 2014


WEATHER ITEM   OBSERVED TIME   RECORD YEAR NORMAL DEPARTURE LAST
                VALUE   (LST)  VALUE       VALUE  FROM      YEAR
                                                  NORMAL
..................................................................
TEMPERATURE (F)
 YESTERDAY
  MAXIMUM         79    315 PM  95    1994  78      1       80
  MINIMUM         56    505 AM  32    1985  51      5       44
                                      1984
  AVERAGE         68                        64      4       62

PRECIPITATION (IN)
  YESTERDAY        0.00          2.33 1990   0.06  -0.06     0.00
  MONTH TO DATE    4.16                      1.86   2.30     1.83
  SINCE SEP 1      4.16                      1.86   2.30     1.83
  SINCE JAN 1     17.85                     17.13   0.72    14.20

SNOWFALL (IN)
  YESTERDAY        0.0           0.3  1984   0.0    0.0      0.0
  MONTH TO DATE    T                         0.0    0.0      0.0
  SINCE SEP 1      T                         0.0    0.0      0.0
  SINCE JUL 1      T                         0.0    0.0      0.0
  SNOW DEPTH       0

DEGREE DAYS
 HEATING
  YESTERDAY        0                         3     -3        3
  MONTH TO DATE   24                        38    -14        9
  SINCE SEP 1     24                        38    -14        9
  SINCE JUL 1     24                        39    -15        9

 COOLING
  YESTERDAY        3                         3      0        0
  MONTH TO DATE  156                       176    -20      276
  SINCE SEP 1    156                       176    -20      276
  SINCE JAN 1   1486                      1368    118     1772
..................................................................


WIND (MPH)
  RESULTANT WIND SPEED  14   RESULTANT WIND DIRECTION   S (170)
  HIGHEST WIND SPEED    28   HIGHEST WIND DIRECTION     S (160)
  HIGHEST GUST SPEED    34   HIGHEST GUST DIRECTION     S (170)
  AVERAGE WIND SPEED    14.7


SKY COVER
  AVERAGE SKY COVER 0.1


WEATHER CONDITIONS
 THE FOLLOWING WEATHER WAS RECORDED YESTERDAY.
  NO SIGNIFICANT WEATHER WAS OBSERVED.


RELATIVE HUMIDITY (PERCENT)
 HIGHEST    93           400 AM
 LOWEST     45           400 PM
 AVERAGE    69

..........................................................


THE AMARILLO CLIMATE NORMALS FOR TODAY
                         NORMAL    RECORD    YEAR
 MAXIMUM TEMPERATURE (F)   77        95      1977
 MINIMUM TEMPERATURE (F)   51        30      1984


SUNRISE AND SUNSET
SEPTEMBER 30 2014.....SUNRISE   741 AM CDT   SUNSET   732 PM CDT
OCTOBER  1 2014.......SUNRISE   742 AM CDT   SUNSET   731 PM CDT


-  INDICATES NEGATIVE NUMBERS.
R  INDICATES RECORD WAS SET OR TIED.
MM INDICATES DATA IS MISSING.
T  INDICATES TRACE AMOUNT.




$$
