000
CDUS44 KAMA 201416
CLIAMA


CLIMATE REPORT
NATIONAL WEATHER SERVICE AMARILLO TX
915 AM CDT WED AUG 20 2014


...................................

...THE AMARILLO CLIMATE SUMMARY FOR AUGUST 20 2014...
VALID AS OF 0900 AM LOCAL TIME.

CLIMATE NORMAL PERIOD 1981 TO 2010
CLIMATE RECORD PERIOD 1892 TO 2014


WEATHER ITEM   OBSERVED TIME   RECORD YEAR NORMAL DEPARTURE LAST
                VALUE   (LST)  VALUE       VALUE  FROM      YEAR
                                                  NORMAL
..................................................................
TEMPERATURE (F)
 TODAY
  MINIMUM         68    639 AM  51    1956  64      4       64
                                      1950

PRECIPITATION (IN)
  TODAY            0.00          1.53 2002   0.09  -0.09      T
  MONTH TO DATE    1.65                      2.02  -0.37     1.42
  SINCE JUN 1      8.87                      8.02   0.85     6.08
  SINCE JAN 1     13.58                     14.38  -0.80    12.37

SNOWFALL (IN)
  TODAY            0.0           0.0    MM   0.0    0.0      0.0
  MONTH TO DATE    0.0                       0.0    0.0      0.0
  SINCE JUN 1      0.0                       0.0    0.0      0.0
  SINCE JUL 1      0.0                       0.0    0.0      0.0
  SNOW DEPTH       0

..................................................................


WIND (MPH)
  RESULTANT WIND SPEED  14   RESULTANT WIND DIRECTION   S (170)
  HIGHEST WIND SPEED    22   HIGHEST WIND DIRECTION     S (180)
  HIGHEST GUST SPEED    28   HIGHEST GUST DIRECTION     S (180)
  AVERAGE WIND SPEED    14.5


SKY COVER
  AVERAGE SKY COVER 0.0


WEATHER CONDITIONS
 THE FOLLOWING WEATHER WAS RECORDED TODAY.
  NO SIGNIFICANT WEATHER WAS OBSERVED.


RELATIVE HUMIDITY (PERCENT)
 HIGHEST    84           500 AM
 LOWEST     69          1200 AM
 AVERAGE    77

..........................................................


THE AMARILLO CLIMATE NORMALS FOR TOMORROW
                         NORMAL    RECORD    YEAR
 MAXIMUM TEMPERATURE (F)   89       101      1983
                                             1911
 MINIMUM TEMPERATURE (F)   64        49      1956


SUNRISE AND SUNSET
AUGUST 20 2014........SUNRISE   710 AM CDT   SUNSET   829 PM CDT
AUGUST 21 2014........SUNRISE   711 AM CDT   SUNSET   828 PM CDT


-  INDICATES NEGATIVE NUMBERS.
R  INDICATES RECORD WAS SET OR TIED.
MM INDICATES DATA IS MISSING.
T  INDICATES TRACE AMOUNT.




$$
