000
CDUS44 KAMA 280627
CLIAMA


CLIMATE REPORT
NATIONAL WEATHER SERVICE AMARILLO TX
127 AM CDT SUN MAY 28 2017


...................................

...THE AMARILLO CLIMATE SUMMARY FOR MAY 27 2017...

CLIMATE NORMAL PERIOD 1981 TO 2010
CLIMATE RECORD PERIOD 1892 TO 2017


WEATHER ITEM   OBSERVED TIME   RECORD YEAR NORMAL DEPARTURE LAST
                VALUE   (LST)  VALUE       VALUE  FROM      YEAR
                                                  NORMAL
..................................................................
TEMPERATURE (F)
 YESTERDAY
  MAXIMUM         85    505 PM  99    1945  82      3       78
  MINIMUM         53    539 AM  38    1907  55     -2       48
  AVERAGE         69                        69      0       63

PRECIPITATION (IN)
  YESTERDAY        0.00          3.52 1902   0.10  -0.10     0.00
  MONTH TO DATE    1.14                      1.87  -0.73     0.81
  SINCE MAR 1      4.46                      4.66  -0.20     4.41
  SINCE JAN 1      8.14                      5.94   2.20     5.10

SNOWFALL (IN)
  YESTERDAY        0.0           T    2002   0.0    0.0      0.0
  MONTH TO DATE    0.0                       0.2   -0.2       T
  SINCE MAR 1      2.0                       3.8   -1.8      1.3
  SINCE JUL 1     10.0                      17.8   -7.8     13.4
  SNOW DEPTH       0

DEGREE DAYS
 HEATING
  YESTERDAY        0                         1     -1        2
  MONTH TO DATE   93                        79     14      126
  SINCE MAR 1    678                       890   -212      720
  SINCE JUL 1   3236                      4167   -931     3461

 COOLING
  YESTERDAY        4                         5     -1        0
  MONTH TO DATE   66                        81    -15       71
  SINCE MAR 1    115                       102     13       81
  SINCE JAN 1    120                       102     18       82
..................................................................


WIND (MPH)
  RESULTANT WIND SPEED   5   RESULTANT WIND DIRECTION   N (340)
  HIGHEST WIND SPEED    38   HIGHEST WIND DIRECTION     N (10)
  HIGHEST GUST SPEED    47   HIGHEST GUST DIRECTION     N (20)
  AVERAGE WIND SPEED    12.7


SKY COVER
  AVERAGE SKY COVER 0.0


WEATHER CONDITIONS
 THE FOLLOWING WEATHER WAS RECORDED YESTERDAY.
  NO SIGNIFICANT WEATHER WAS OBSERVED.


RELATIVE HUMIDITY (PERCENT)
 HIGHEST    77          1100 PM
 LOWEST     22           800 AM
 AVERAGE    50

..........................................................


THE AMARILLO CLIMATE NORMALS FOR TODAY
                         NORMAL    RECORD    YEAR
 MAXIMUM TEMPERATURE (F)   83       100      2011
 MINIMUM TEMPERATURE (F)   56        39      1992


SUNRISE AND SUNSET
MAY 28 2017...........SUNRISE   635 AM CDT   SUNSET   854 PM CDT
MAY 29 2017...........SUNRISE   634 AM CDT   SUNSET   854 PM CDT


-  INDICATES NEGATIVE NUMBERS.
R  INDICATES RECORD WAS SET OR TIED.
MM INDICATES DATA IS MISSING.
T  INDICATES TRACE AMOUNT.




$$
