220
CDUS44 KAMA 260726
CLIAMA


CLIMATE REPORT
NATIONAL WEATHER SERVICE AMARILLO TX
125 AM CST SUN FEB 26 2017


...................................

...THE AMARILLO CLIMATE SUMMARY FOR FEBRUARY 25 2017...

CLIMATE NORMAL PERIOD 1981 TO 2010
CLIMATE RECORD PERIOD 1892 TO 2017


WEATHER ITEM   OBSERVED TIME   RECORD YEAR NORMAL DEPARTURE LAST
                VALUE   (LST)  VALUE       VALUE  FROM      YEAR
                                                  NORMAL
..................................................................
TEMPERATURE (F)
 YESTERDAY
  MAXIMUM         53    438 PM  84    1904  57     -4       50
  MINIMUM         17    754 AM   2    1960  29    -12       23
  AVERAGE         35                        43     -8       37

PRECIPITATION (IN)
  YESTERDAY        0.00          1.48 2013   0.02  -0.02     0.00
  MONTH TO DATE    0.51                      0.50   0.01     0.50
  SINCE DEC 1      3.95                      1.93   2.02     1.47
  SINCE JAN 1      3.68                      1.22   2.46     0.69

SNOWFALL (IN)
  YESTERDAY        0.0          19.0  2013   0.0    0.0      0.0
  MONTH TO DATE    1.1                       2.7   -1.6      3.2
  SINCE DEC 1      8.0                      11.1   -3.1     10.8
  SINCE JUL 1      8.0                      13.8   -5.8     12.1
  SNOW DEPTH       0

DEGREE DAYS
 HEATING
  YESTERDAY       30                        22      8       28
  MONTH TO DATE  438                       626   -188      493
  SINCE DEC 1   2051                      2367   -316     2035
  SINCE JUL 1   2516                      3211   -695     2694

 COOLING
  YESTERDAY        0                         0      0        0
  MONTH TO DATE    5                         0      5        1
  SINCE DEC 1      5                         0      5        1
  SINCE JAN 1      5                         0      5        1
..................................................................


WIND (MPH)
  RESULTANT WIND SPEED   9   RESULTANT WIND DIRECTION   S (180)
  HIGHEST WIND SPEED    24   HIGHEST WIND DIRECTION     S (190)
  HIGHEST GUST SPEED    30   HIGHEST GUST DIRECTION    SW (210)
  AVERAGE WIND SPEED    11.9


SKY COVER
  AVERAGE SKY COVER 0.0


WEATHER CONDITIONS
 THE FOLLOWING WEATHER WAS RECORDED YESTERDAY.
  NO SIGNIFICANT WEATHER WAS OBSERVED.


RELATIVE HUMIDITY (PERCENT)
 HIGHEST    84           500 AM
 LOWEST     26           400 PM
 AVERAGE    55

..........................................................


THE AMARILLO CLIMATE NORMALS FOR TODAY
                         NORMAL    RECORD    YEAR
 MAXIMUM TEMPERATURE (F)   57        80      1981
                                             1918
 MINIMUM TEMPERATURE (F)   29         5      1934


SUNRISE AND SUNSET
FEBRUARY 26 2017......SUNRISE   720 AM CST   SUNSET   640 PM CST
FEBRUARY 27 2017......SUNRISE   719 AM CST   SUNSET   641 PM CST


-  INDICATES NEGATIVE NUMBERS.
R  INDICATES RECORD WAS SET OR TIED.
MM INDICATES DATA IS MISSING.
T  INDICATES TRACE AMOUNT.




$$
