000
CDUS44 KAMA 232126
CLIAMA


CLIMATE REPORT
NATIONAL WEATHER SERVICE AMARILLO TX
425 PM CDT SAT JUL 23 2016


...................................

...THE AMARILLO CLIMATE SUMMARY FOR JULY 23 2016...
VALID TODAY AS OF 0430 PM LOCAL TIME.

CLIMATE NORMAL PERIOD 1981 TO 2010
CLIMATE RECORD PERIOD 1892 TO 2016


WEATHER ITEM   OBSERVED TIME   RECORD YEAR NORMAL DEPARTURE LAST
                VALUE   (LST)  VALUE       VALUE  FROM      YEAR
                                                  NORMAL
..................................................................
TEMPERATURE (F)
 TODAY
  MAXIMUM         99    253 PM 102    2012  91      8       93
                                      2001
                                      1981
  MINIMUM         66    622 AM  57    2009  65      1       69
                                      1947
                                      1904
  AVERAGE         83                        78      5       81

PRECIPITATION (IN)
  TODAY            0.00          1.99 1962   0.09  -0.09     0.00
  MONTH TO DATE    1.54                      2.05  -0.51     5.20
  SINCE JUN 1      2.92                      5.21  -2.29     9.09
  SINCE JAN 1      8.81                     11.57  -2.76    23.64

SNOWFALL (IN)
  TODAY            0.0           0.0    MM   0.0    0.0      0.0
  MONTH TO DATE    T                         0.0    0.0      0.0
  SINCE JUN 1      T                         0.0    0.0      0.0
  SINCE JUL 1      T                         0.0    0.0      0.0
  SNOW DEPTH       0

DEGREE DAYS
 HEATING
  TODAY            0                         0      0        0
  MONTH TO DATE    0                         0      0        0
  SINCE JUN 1      0                         7     -7        0
  SINCE JUL 1      0                         0      0        0

 COOLING
  TODAY           18                        13      5       16
  MONTH TO DATE  438                       307    131      296
  SINCE JUN 1    814                       595    219      605
  SINCE JAN 1    902                       720    182      654
..................................................................


WIND (MPH)
  RESULTANT WIND SPEED  14   RESULTANT WIND DIRECTION   S (190)
  HIGHEST WIND SPEED    23   HIGHEST WIND DIRECTION     S (170)
  HIGHEST GUST SPEED    32   HIGHEST GUST DIRECTION    SW (220)
  AVERAGE WIND SPEED    14.8


SKY COVER
  AVERAGE SKY COVER 0.0


WEATHER CONDITIONS
 THE FOLLOWING WEATHER WAS RECORDED TODAY.
  NO SIGNIFICANT WEATHER WAS OBSERVED.


RELATIVE HUMIDITY (PERCENT)
 HIGHEST    59           600 AM
 LOWEST     20           200 PM
 AVERAGE    40

..........................................................


THE AMARILLO CLIMATE NORMALS FOR TOMORROW
                         NORMAL    RECORD    YEAR
 MAXIMUM TEMPERATURE (F)   91       101      2000
 MINIMUM TEMPERATURE (F)   65        56      1904


SUNRISE AND SUNSET
JULY 23 2016..........SUNRISE   649 AM CDT   SUNSET   857 PM CDT
JULY 24 2016..........SUNRISE   650 AM CDT   SUNSET   856 PM CDT


-  INDICATES NEGATIVE NUMBERS.
R  INDICATES RECORD WAS SET OR TIED.
MM INDICATES DATA IS MISSING.
T  INDICATES TRACE AMOUNT.




$$
