000
CDUS44 KAMA 182240
CLIAMA


CLIMATE REPORT
NATIONAL WEATHER SERVICE AMARILLO TX
439 PM CST WED JAN 18 2017


...................................

...THE AMARILLO CLIMATE SUMMARY FOR JANUARY 18 2017...
VALID TODAY AS OF 0400 PM LOCAL TIME.

CLIMATE NORMAL PERIOD 1981 TO 2010
CLIMATE RECORD PERIOD 1892 TO 2017


WEATHER ITEM   OBSERVED TIME   RECORD YEAR NORMAL DEPARTURE LAST
                VALUE   (LST)  VALUE       VALUE  FROM      YEAR
                                                  NORMAL
..................................................................
TEMPERATURE (F)
 TODAY
  MAXIMUM         58    259 PM  74    1914  51      7       52
  MINIMUM         35    429 AM -11    1984  23     12       20
  AVERAGE         47                        37     10       36

PRECIPITATION (IN)
  TODAY            T             0.94 1990   0.03  -0.03     0.00
  MONTH TO DATE    2.74                      0.37   2.37     0.19
  SINCE DEC 1      3.01                      1.08   1.93     0.97
  SINCE JAN 1      2.74                      0.37   2.37     0.19

SNOWFALL (IN)
  TODAY           MM             7.0  1990   0.2   MM        0.0
  MONTH TO DATE    6.4                       2.2    4.2      1.4
  SINCE DEC 1      6.9                       5.9    1.0      7.6
  SINCE JUL 1      6.9                       8.6   -1.7      8.9
  SNOW DEPTH       0

DEGREE DAYS
 HEATING
  TODAY           18                        28    -10       29
  MONTH TO DATE  501                       510     -9      541
  SINCE DEC 1   1327                      1383    -56     1276
  SINCE JUL 1   1792                      2227   -435     1935

 COOLING
  TODAY            0                         0      0        0
  MONTH TO DATE    0                         0      0        0
  SINCE DEC 1      0                         0      0        0
  SINCE JAN 1      0                         0      0        0
..................................................................


WIND (MPH)
  RESULTANT WIND SPEED  14   RESULTANT WIND DIRECTION  SW (210)
  HIGHEST WIND SPEED    22   HIGHEST WIND DIRECTION    SW (210)
  HIGHEST GUST SPEED    26   HIGHEST GUST DIRECTION    SW (220)
  AVERAGE WIND SPEED    14.1


SKY COVER
  AVERAGE SKY COVER 0.4


WEATHER CONDITIONS
 THE FOLLOWING WEATHER WAS RECORDED TODAY.
  NO SIGNIFICANT WEATHER WAS OBSERVED.


RELATIVE HUMIDITY (PERCENT)
 HIGHEST   100           200 AM
 LOWEST     51           300 PM
 AVERAGE    76

..........................................................


THE AMARILLO CLIMATE NORMALS FOR TOMORROW
                         NORMAL    RECORD    YEAR
 MAXIMUM TEMPERATURE (F)   51        75      1986
 MINIMUM TEMPERATURE (F)   23        -7      1984
                                             1943


SUNRISE AND SUNSET
JANUARY 18 2017.......SUNRISE   754 AM CST   SUNSET   601 PM CST
JANUARY 19 2017.......SUNRISE   753 AM CST   SUNSET   602 PM CST


-  INDICATES NEGATIVE NUMBERS.
R  INDICATES RECORD WAS SET OR TIED.
MM INDICATES DATA IS MISSING.
T  INDICATES TRACE AMOUNT.




$$
