000
CDUS44 KAMA 290633
CLIAMA


CLIMATE REPORT
NATIONAL WEATHER SERVICE AMARILLO TX
131 AM CDT WED MAR 29 2017


...................................

...THE AMARILLO CLIMATE SUMMARY FOR MARCH 28 2017...

CLIMATE NORMAL PERIOD 1981 TO 2010
CLIMATE RECORD PERIOD 1892 TO 2017


WEATHER ITEM   OBSERVED TIME   RECORD YEAR NORMAL DEPARTURE LAST
                VALUE   (LST)  VALUE       VALUE  FROM      YEAR
                                                  NORMAL
..................................................................
TEMPERATURE (F)
 YESTERDAY
  MAXIMUM         56    407 PM  90    1963  66    -10       76
  MINIMUM         44   1159 PM   7    1899  36      8       36
  AVERAGE         50                        51     -1       56

PRECIPITATION (IN)
  YESTERDAY        0.98R         0.78 1970   0.05   0.93     0.00
  MONTH TO DATE    1.09                      1.24  -0.15     0.27
  SINCE MAR 1      1.09                      1.24  -0.15     0.27
  SINCE JAN 1      4.77                      2.52   2.25     0.96

SNOWFALL (IN)
  YESTERDAY        0.0           5.0  1970   0.1   -0.1      0.0
  MONTH TO DATE    0.0                       2.7   -2.7      1.3
  SINCE MAR 1      0.0                       2.7   -2.7      1.3
  SINCE JUL 1      8.0                      16.7   -8.7     13.4
  SNOW DEPTH       0

DEGREE DAYS
 HEATING
  YESTERDAY       15                        14      1        9
  MONTH TO DATE  305                       492   -187      347
  SINCE MAR 1    305                       492   -187      347
  SINCE JUL 1   2863                      3769   -906     3088

 COOLING
  YESTERDAY        0                         0      0        0
  MONTH TO DATE   12                         0     12        2
  SINCE MAR 1     12                         0     12        2
  SINCE JAN 1     17                         0     17        3
..................................................................


WIND (MPH)
  RESULTANT WIND SPEED  14   RESULTANT WIND DIRECTION   E (100)
  HIGHEST WIND SPEED    33   HIGHEST WIND DIRECTION    SE (120)
  HIGHEST GUST SPEED    40   HIGHEST GUST DIRECTION    SE (120)
  AVERAGE WIND SPEED    17.3


SKY COVER
  AVERAGE SKY COVER 0.8


WEATHER CONDITIONS
 THE FOLLOWING WEATHER WAS RECORDED YESTERDAY.
  THUNDERSTORM
  HEAVY RAIN
  RAIN
  LIGHT RAIN
  FOG
  FOG W/VISIBILITY <= 1/4 MILE


RELATIVE HUMIDITY (PERCENT)
 HIGHEST   100           900 AM
 LOWEST     71          1200 AM
 AVERAGE    86

..........................................................


THE AMARILLO CLIMATE NORMALS FOR TODAY
                         NORMAL    RECORD    YEAR
 MAXIMUM TEMPERATURE (F)   66        87      2012
                                             1967
 MINIMUM TEMPERATURE (F)   36        13      1944


SUNRISE AND SUNSET
MARCH 29 2017.........SUNRISE   737 AM CDT   SUNSET   806 PM CDT
MARCH 30 2017.........SUNRISE   736 AM CDT   SUNSET   807 PM CDT


-  INDICATES NEGATIVE NUMBERS.
R  INDICATES RECORD WAS SET OR TIED.
MM INDICATES DATA IS MISSING.
T  INDICATES TRACE AMOUNT.




$$
