509
CDUS44 KAMA 222227
CLIAMA


CLIMATE REPORT
NATIONAL WEATHER SERVICE AMARILLO TX
426 PM CST WED NOV 22 2017


...................................

...THE AMARILLO CLIMATE SUMMARY FOR NOVEMBER 22 2017...
VALID TODAY AS OF 0400 PM LOCAL TIME.

CLIMATE NORMAL PERIOD 1981 TO 2010
CLIMATE RECORD PERIOD 1892 TO 2017


WEATHER ITEM   OBSERVED TIME   RECORD YEAR NORMAL DEPARTURE LAST
                VALUE   (LST)  VALUE       VALUE  FROM      YEAR
                                                  NORMAL
..................................................................
TEMPERATURE (F)
 TODAY
  MAXIMUM         61    425 PM  83    1998  57      4       67
  MINIMUM         26    603 AM   7    1929  30     -4       41
  AVERAGE         44                        43      1       54

PRECIPITATION (IN)
  TODAY            0.00          0.59 1902   0.02  -0.02     0.05
  MONTH TO DATE    T                         0.64  -0.64     1.10
  SINCE SEP 1      5.60                      4.22   1.38     2.05
  SINCE JAN 1     26.48                     19.49   6.99    16.93

SNOWFALL (IN)
  TODAY            0.0           3.1  1941   0.1   -0.1      0.0
  MONTH TO DATE    T                         1.6   -1.6      0.0
  SINCE SEP 1      T                         1.8   -1.8      0.0
  SINCE JUL 1      T                         1.8   -1.8       T
  SNOW DEPTH       0

DEGREE DAYS
 HEATING
  TODAY           21                        22     -1       11
  MONTH TO DATE  267                       374   -107      226
  SINCE SEP 1    535                       653   -118      312
  SINCE JUL 1    535                       654   -119      312

 COOLING
  TODAY            0                         0      0        0
  MONTH TO DATE    8                         0      8        3
  SINCE SEP 1    240                       206     34      320
  SINCE JAN 1   1487                      1398     89     1694
..................................................................


WIND (MPH)
  RESULTANT WIND SPEED   8   RESULTANT WIND DIRECTION  SW (220)
  HIGHEST WIND SPEED    20   HIGHEST WIND DIRECTION    SW (230)
  HIGHEST GUST SPEED    24   HIGHEST GUST DIRECTION    SW (230)
  AVERAGE WIND SPEED     8.9


SKY COVER
  AVERAGE SKY COVER 0.0


WEATHER CONDITIONS
 THE FOLLOWING WEATHER WAS RECORDED TODAY.
  NO SIGNIFICANT WEATHER WAS OBSERVED.


RELATIVE HUMIDITY (PERCENT)
 HIGHEST    85           700 AM
 LOWEST     28           200 PM
 AVERAGE    57

..........................................................


THE AMARILLO CLIMATE NORMALS FOR TOMORROW
                         NORMAL    RECORD    YEAR
 MAXIMUM TEMPERATURE (F)   56        79      1965
 MINIMUM TEMPERATURE (F)   29         3      1957


SUNRISE AND SUNSET
NOVEMBER 22 2017......SUNRISE   729 AM CST   SUNSET   537 PM CST
NOVEMBER 23 2017......SUNRISE   730 AM CST   SUNSET   537 PM CST


-  INDICATES NEGATIVE NUMBERS.
R  INDICATES RECORD WAS SET OR TIED.
MM INDICATES DATA IS MISSING.
T  INDICATES TRACE AMOUNT.




$$
