000
CDUS44 KAMA 312240
CLIAMA


CLIMATE REPORT
NATIONAL WEATHER SERVICE AMARILLO TX
440 PM CST SAT JAN 31 2015


...THE AMARILLO CLIMATE SUMMARY FOR JANUARY 31 2015...
VALID TODAY AS OF 400 PM LOCAL TIME.

CLIMATE NORMAL PERIOD 1981 TO 2010
CLIMATE RECORD PERIOD 1892 TO 2015


WEATHER ITEM   OBSERVED TIME   RECORD YEAR NORMAL DEPARTURE LAST
                VALUE   (LST)  VALUE       VALUE  FROM      YEAR
                                                  NORMAL
..................................................................
TEMPERATURE (F)
 TODAY
  MAXIMUM         40    409 PM  82    1911  52    -12       41
  MINIMUM         33    928 AM  -7    1951  24      9       26
  AVERAGE         37                        38     -1       34

PRECIPITATION (IN)
  TODAY            0.36          0.51 1983   0.03   0.33     0.00
  MONTH TO DATE    1.60                      0.72   0.88     0.03
  SINCE DEC 1      1.73                      1.43   0.30     0.35
  SINCE JAN 1      1.60                      0.72   0.88     0.03

SNOWFALL (IN)
  TODAY            0.0           9.2  1994   0.2   -0.2      0.0
  MONTH TO DATE   14.1                       4.7    9.4      0.9
  SINCE DEC 1     14.5                       8.4    6.1      3.1
  SINCE JUL 1     17.0                      11.1    5.9      7.4
  SNOW DEPTH       0

DEGREE DAYS
 HEATING
  TODAY           28                        27      1       31
  MONTH TO DATE  872                       868      4      857
  SINCE DEC 1   1647                      1741    -94     1760
  SINCE JUL 1   2441                      2585   -144     2598

 COOLING
  TODAY            0                         0      0        0
  MONTH TO DATE    0                         0      0        0
  SINCE DEC 1      0                         0      0        0
  SINCE JAN 1      0                         0      0        0
..................................................................


WIND (MPH)
  RESULTANT WIND SPEED  10   RESULTANT WIND DIRECTION   S (170)
  HIGHEST WIND SPEED    15   HIGHEST WIND DIRECTION     S (190)
  HIGHEST GUST SPEED    18   HIGHEST GUST DIRECTION     S (170)
  AVERAGE WIND SPEED   10.3


SKY COVER
  AVERAGE SKY COVER 1.0


WEATHER CONDITIONS
 THE FOLLOWING WEATHER WAS RECORDED TODAY.
  LIGHT RAIN
  FOG


RELATIVE HUMIDITY (PERCENT)
 HIGHEST   100          1100 AM
 LOWEST     89          1200 AM
 AVERAGE    95

..................................................................


THE AMARILLO CLIMATE NORMALS FOR TOMORROW
                         NORMAL    RECORD    YEAR
 MAXIMUM TEMPERATURE (F)   52        88      1963
 MINIMUM TEMPERATURE (F)   24       -14      1951


SUNRISE AND SUNSET
JANUARY 31 2015.......SUNRISE   747 AM CST   SUNSET   614 PM CST
FEBRUARY  1 2015......SUNRISE   746 AM CST   SUNSET   615 PM CST


-  INDICATES NEGATIVE NUMBERS.
R  INDICATES RECORD WAS SET OR TIED.
MM INDICATES DATA IS MISSING.
T  INDICATES TRACE AMOUNT.


$$
