000
CDUS44 KAMA 242246
CLIAMA


CLIMATE REPORT
NATIONAL WEATHER SERVICE AMARILLO TX
446 PM CST WED DEC 24 2014


...................................

...THE AMARILLO CLIMATE SUMMARY FOR DECEMBER 24 2014...
VALID TODAY AS OF 0400 PM LOCAL TIME.

CLIMATE NORMAL PERIOD 1981 TO 2010
CLIMATE RECORD PERIOD 1892 TO 2014


WEATHER ITEM   OBSERVED TIME   RECORD YEAR NORMAL DEPARTURE LAST
                VALUE   (LST)  VALUE       VALUE  FROM      YEAR
                                                  NORMAL
..................................................................
TEMPERATURE (F)
 TODAY
  MAXIMUM         48    425 PM  81    1955  49     -1       60
  MINIMUM         21    824 AM  -3    1983  23     -2       18
  AVERAGE         35                        36     -1       39

PRECIPITATION (IN)
  TODAY            0.00          0.69 1914   0.02  -0.02     0.00
  MONTH TO DATE    0.12                      0.55  -0.43     0.32
  SINCE DEC 1      0.12                      0.55  -0.43     0.32
  SINCE JAN 1     19.39                     20.20  -0.81    15.20

SNOWFALL (IN)
  TODAY            0.0           5.9  1914   0.2   -0.2      0.0
  MONTH TO DATE    T                         3.0   -3.0      2.2
  SINCE DEC 1      T                         3.0   -3.0      2.2
  SINCE JUL 1      2.5                       5.7   -3.2      6.5
  SNOW DEPTH       0

DEGREE DAYS
 HEATING
  TODAY           30                        29      1       26
  MONTH TO DATE  521                       670   -149      707
  SINCE DEC 1    521                       670   -149      707
  SINCE JUL 1   1315                      1514   -199     1545

 COOLING
  TODAY            0                         0      0        0
  MONTH TO DATE    0                         0      0        0
  SINCE DEC 1      0                         0      0        0
  SINCE JAN 1   1534                      1399    135     1806
..................................................................


WIND (MPH)
  RESULTANT WIND SPEED  12   RESULTANT WIND DIRECTION   W (290)
  HIGHEST WIND SPEED    23   HIGHEST WIND DIRECTION     N (350)
  HIGHEST GUST SPEED    29   HIGHEST GUST DIRECTION     W (250)
  AVERAGE WIND SPEED    13.8


SKY COVER
  AVERAGE SKY COVER 0.2


WEATHER CONDITIONS
 THE FOLLOWING WEATHER WAS RECORDED TODAY.
  NO SIGNIFICANT WEATHER WAS OBSERVED.


RELATIVE HUMIDITY (PERCENT)
 HIGHEST    81           600 AM
 LOWEST     21           400 PM
 AVERAGE    51

..........................................................


THE AMARILLO CLIMATE NORMALS FOR TOMORROW
                         NORMAL    RECORD    YEAR
 MAXIMUM TEMPERATURE (F)   49        73      1979
                                             1971
 MINIMUM TEMPERATURE (F)   23         2      1983


SUNRISE AND SUNSET
DECEMBER 24 2014......SUNRISE   753 AM CST   SUNSET   540 PM CST
DECEMBER 25 2014......SUNRISE   753 AM CST   SUNSET   541 PM CST


-  INDICATES NEGATIVE NUMBERS.
R  INDICATES RECORD WAS SET OR TIED.
MM INDICATES DATA IS MISSING.
T  INDICATES TRACE AMOUNT.




$$
