000
CDUS42 KJAX 182228
CLIAMG


CLIMATE REPORT
NATIONAL WEATHER SERVICE JACKSONVILLE FL
527 PM EST THU JAN 18 2018


...................................

...THE ALMA CLIMATE SUMMARY FOR JANUARY 18 2018...
VALID TODAY AS OF 0500 PM LOCAL TIME.

CLIMATE NORMAL PERIOD 1981 TO 2010
CLIMATE RECORD PERIOD 1948 TO 2018


WEATHER ITEM   OBSERVED TIME   RECORD YEAR NORMAL DEPARTURE LAST
                VALUE   (LST)  VALUE       VALUE  FROM      YEAR
                                                  NORMAL
..................................................................
TEMPERATURE (F)
 TODAY
  MAXIMUM         50    351 PM  79    1952  62    -12       77
  MINIMUM         22    801 AM  17    1959  40    -18       56
  AVERAGE         36                        51    -15       67

PRECIPITATION (IN)
  TODAY            0.00          2.04 1955   0.13  -0.13     0.00
  MONTH TO DATE    0.90                      2.37  -1.47     1.91
  SINCE DEC 1      2.76                      5.66  -2.90     6.63
  SINCE JAN 1      0.90                      2.37  -1.47     1.91

SNOWFALL (IN)
  TODAY            0.0           0.0    MM   0.0    0.0      0.0
  MONTH TO DATE    3.0                       0.0    3.0      0.0
  SINCE DEC 1      3.0                       0.1    2.9      0.0
  SINCE JUL 1      3.0                       0.1    2.9      0.0
  SNOW DEPTH       0

DEGREE DAYS
 HEATING
  TODAY           29                        15     14        0
  MONTH TO DATE  383                       270    113      146
  SINCE DEC 1    754                       666     88      414
  SINCE JUL 1    965                       910     55      602

 COOLING
  TODAY            0                         0      0        2
  MONTH TO DATE    5                         0      5       17
  SINCE DEC 1     18                        11      7       30
  SINCE JAN 1      5                         0      5       17
..................................................................


WIND (MPH)
  HIGHEST WIND SPEED    13   HIGHEST WIND DIRECTION    NW (310)
  HIGHEST GUST SPEED    18   HIGHEST GUST DIRECTION    NW (320)
  AVERAGE WIND SPEED     7.0


SKY COVER
  POSSIBLE SUNSHINE  MM
  AVERAGE SKY COVER 0.0


WEATHER CONDITIONS
 THE FOLLOWING WEATHER WAS RECORDED TODAY.
  NO SIGNIFICANT WEATHER WAS OBSERVED.


RELATIVE HUMIDITY (PERCENT)
 HIGHEST    68           800 AM
 LOWEST     19           300 PM
 AVERAGE    44

..........................................................


THE ALMA CLIMATE NORMALS FOR TOMORROW
                         NORMAL    RECORD    YEAR
 MAXIMUM TEMPERATURE (F)   62        81      2001
 MINIMUM TEMPERATURE (F)   40        14      1957


SUNRISE AND SUNSET
JANUARY 18 2018.......SUNRISE   729 AM EST   SUNSET   552 PM EST
JANUARY 19 2018.......SUNRISE   729 AM EST   SUNSET   553 PM EST


-  INDICATES NEGATIVE NUMBERS.
R  INDICATES RECORD WAS SET OR TIED.
MM INDICATES DATA IS MISSING.
T  INDICATES TRACE AMOUNT.




$$
