407
CDUS42 KJAX 270535
CLIAMG


CLIMATE REPORT
NATIONAL WEATHER SERVICE JACKSONVILLE FL
1235 AM EST MON FEB 27 2017


...................................

...THE ALMA CLIMATE SUMMARY FOR FEBRUARY 26 2017...

CLIMATE NORMAL PERIOD 1981 TO 2010
CLIMATE RECORD PERIOD 1948 TO 2017


WEATHER ITEM   OBSERVED TIME   RECORD YEAR NORMAL DEPARTURE LAST
                VALUE   (LST)  VALUE       VALUE  FROM      YEAR
                                                  NORMAL
..................................................................
TEMPERATURE (F)
 YESTERDAY
  MAXIMUM         68    512 PM  82    1996  68      0       56
  MINIMUM         35    718 AM  19    1967  45    -10       35
  AVERAGE         52                        56     -4       46

PRECIPITATION (IN)
  YESTERDAY        0.00          1.14 2013   0.14  -0.14     0.00
  MONTH TO DATE    1.01                      3.53  -2.52     4.66
  SINCE DEC 1     12.82                     11.08   1.74    11.22
  SINCE JAN 1      8.10                      7.79   0.31     9.25

SNOWFALL (IN)
  YESTERDAY        0.0           0.0    MM   0.0    0.0      0.0
  MONTH TO DATE    0.0                       0.0    0.0      0.0
  SINCE DEC 1      0.0                       0.1   -0.1      0.0
  SINCE JUL 1      0.0                       0.1   -0.1      0.0
  SNOW DEPTH       0

DEGREE DAYS
 HEATING
  YESTERDAY       13                         9      4       19
  MONTH TO DATE  142                       293   -151      298
  SINCE DEC 1    663                      1138   -475      939
  SINCE JUL 1    851                      1382   -531     1057

 COOLING
  YESTERDAY        0                         1     -1        0
  MONTH TO DATE   22                         2     20       13
  SINCE DEC 1     61                        18     43      110
  SINCE JAN 1     48                         7     41       13
..................................................................


WIND (MPH)
  HIGHEST WIND SPEED    13   HIGHEST WIND DIRECTION    NW (320)
  HIGHEST GUST SPEED    18   HIGHEST GUST DIRECTION    NW (320)
  AVERAGE WIND SPEED     1.9


SKY COVER
  POSSIBLE SUNSHINE  MM
  AVERAGE SKY COVER 0.0


WEATHER CONDITIONS
 THE FOLLOWING WEATHER WAS RECORDED YESTERDAY.
  NO SIGNIFICANT WEATHER WAS OBSERVED.


RELATIVE HUMIDITY (PERCENT)
 HIGHEST    89           700 AM
 LOWEST     16           200 PM
 AVERAGE    53

..........................................................


THE ALMA CLIMATE NORMALS FOR TODAY
                         NORMAL    RECORD    YEAR
 MAXIMUM TEMPERATURE (F)   68        84      2011
                                             1997
 MINIMUM TEMPERATURE (F)   45        22      1974


SUNRISE AND SUNSET
FEBRUARY 27 2017......SUNRISE   659 AM EST   SUNSET   627 PM EST
FEBRUARY 28 2017......SUNRISE   658 AM EST   SUNSET   628 PM EST


-  INDICATES NEGATIVE NUMBERS.
R  INDICATES RECORD WAS SET OR TIED.
MM INDICATES DATA IS MISSING.
T  INDICATES TRACE AMOUNT.




$$
