000
CDUS42 KJAX 180627
CLIAMG


CLIMATE REPORT
NATIONAL WEATHER SERVICE JACKSONVILLE FL
126 AM EST SAT NOV 18 2017


...................................

...THE ALMA CLIMATE SUMMARY FOR NOVEMBER 17 2017...

CLIMATE NORMAL PERIOD 1981 TO 2010
CLIMATE RECORD PERIOD 1948 TO 2017


WEATHER ITEM   OBSERVED TIME   RECORD YEAR NORMAL DEPARTURE LAST
                VALUE   (LST)  VALUE       VALUE  FROM      YEAR
                                                  NORMAL
..................................................................
TEMPERATURE (F)
 YESTERDAY
  MAXIMUM         71    413 PM  89    1957  71      0       78
  MINIMUM         41    648 AM  25    1970  48     -7       40
  AVERAGE         56                        59     -3       59

PRECIPITATION (IN)
  YESTERDAY        0.00          3.08 1986   0.09  -0.09     0.00
  MONTH TO DATE    0.66                      1.37  -0.71     0.00
  SINCE SEP 1     10.34                      8.04   2.30     7.49
  SINCE JAN 1     38.74                     42.25  -3.51    39.49

SNOWFALL (IN)
  YESTERDAY        0.0           0.0    MM   0.0    0.0      0.0
  MONTH TO DATE    0.0                       0.0    0.0      0.0
  SINCE SEP 1      0.0                       0.0    0.0      0.0
  SINCE JUL 1      0.0                       0.0    0.0      0.0
  SNOW DEPTH       0

DEGREE DAYS
 HEATING
  YESTERDAY        9                         7      2        6
  MONTH TO DATE   73                        87    -14       87
  SINCE SEP 1    124                       137    -13      103
  SINCE JUL 1    124                       137    -13      103

 COOLING
  YESTERDAY        0                         1     -1        0
  MONTH TO DATE   32                        29      3       22
  SINCE SEP 1    682                       547    135      603
  SINCE JAN 1   2853                      2454    399     2684
..................................................................


WIND (MPH)
  HIGHEST WIND SPEED     9   HIGHEST WIND DIRECTION     E (100)
  HIGHEST GUST SPEED    14   HIGHEST GUST DIRECTION    SE (130)
  AVERAGE WIND SPEED     2.6


SKY COVER
  POSSIBLE SUNSHINE  MM
  AVERAGE SKY COVER 0.1


WEATHER CONDITIONS
 THE FOLLOWING WEATHER WAS RECORDED YESTERDAY.
  FOG
  FOG W/VISIBILITY <= 1/4 MILE
  HAZE


RELATIVE HUMIDITY (PERCENT)
 HIGHEST   100           300 AM
 LOWEST     40           100 PM
 AVERAGE    70

..........................................................


THE ALMA CLIMATE NORMALS FOR TODAY
                         NORMAL    RECORD    YEAR
 MAXIMUM TEMPERATURE (F)   71        85      1958
 MINIMUM TEMPERATURE (F)   48        27      1951


SUNRISE AND SUNSET
NOVEMBER 18 2017......SUNRISE   701 AM EST   SUNSET   530 PM EST
NOVEMBER 19 2017......SUNRISE   702 AM EST   SUNSET   529 PM EST


-  INDICATES NEGATIVE NUMBERS.
R  INDICATES RECORD WAS SET OR TIED.
MM INDICATES DATA IS MISSING.
T  INDICATES TRACE AMOUNT.




$$
