000
CDUS42 KJAX 270526
CLIAMG


CLIMATE REPORT
NATIONAL WEATHER SERVICE JACKSONVILLE FL
126 AM EDT SAT MAY 27 2017


...................................

...THE ALMA CLIMATE SUMMARY FOR MAY 26 2017...

CLIMATE NORMAL PERIOD 1981 TO 2010
CLIMATE RECORD PERIOD 1948 TO 2017


WEATHER ITEM   OBSERVED TIME   RECORD YEAR NORMAL DEPARTURE LAST
                VALUE   (LST)  VALUE       VALUE  FROM      YEAR
                                                  NORMAL
..................................................................
TEMPERATURE (F)
 YESTERDAY
  MAXIMUM         87    416 PM  99    1962  88     -1       88
  MINIMUM         53    501 AM  47    1979  65    -12       61
  AVERAGE         70                        76     -6       75

PRECIPITATION (IN)
  YESTERDAY        0.00          1.43 1991   0.10  -0.10     0.00
  MONTH TO DATE    3.13                      1.94   1.19     3.34
  SINCE MAR 1      6.13                      9.50  -3.37     9.53
  SINCE JAN 1     14.26                     17.56  -3.30    18.78

SNOWFALL (IN)
  YESTERDAY        0.0           0.0    MM   0.0    0.0      0.0
  MONTH TO DATE    0.0                       0.0    0.0      0.0
  SINCE MAR 1      0.0                       0.0    0.0      0.0
  SINCE JUL 1      0.0                       0.1   -0.1      0.0
  SNOW DEPTH       0

DEGREE DAYS
 HEATING
  YESTERDAY        0                         0      0        0
  MONTH TO DATE    3                         3      0        7
  SINCE MAR 1    227                       255    -28      176
  SINCE JUL 1   1083                      1656   -573     1274

 COOLING
  YESTERDAY        5                        11     -6       10
  MONTH TO DATE  228                       215     13      207
  SINCE MAR 1    467                       353    114      380
  SINCE JAN 1    522                       369    153      393
..................................................................


WIND (MPH)
  HIGHEST WIND SPEED    15   HIGHEST WIND DIRECTION    NW (320)
  HIGHEST GUST SPEED    19   HIGHEST GUST DIRECTION    NW (330)
  AVERAGE WIND SPEED     3.3


SKY COVER
  POSSIBLE SUNSHINE  MM
  AVERAGE SKY COVER 0.0


WEATHER CONDITIONS
 THE FOLLOWING WEATHER WAS RECORDED YESTERDAY.
  NO SIGNIFICANT WEATHER WAS OBSERVED.


RELATIVE HUMIDITY (PERCENT)
 HIGHEST    93          1200 AM
 LOWEST     32           400 PM
 AVERAGE    63

..........................................................


THE ALMA CLIMATE NORMALS FOR TODAY
                         NORMAL    RECORD    YEAR
 MAXIMUM TEMPERATURE (F)   88        99      1967
 MINIMUM TEMPERATURE (F)   65        49      1979


SUNRISE AND SUNSET
MAY 27 2017...........SUNRISE   627 AM EDT   SUNSET   827 PM EDT
MAY 28 2017...........SUNRISE   627 AM EDT   SUNSET   828 PM EDT


-  INDICATES NEGATIVE NUMBERS.
R  INDICATES RECORD WAS SET OR TIED.
MM INDICATES DATA IS MISSING.
T  INDICATES TRACE AMOUNT.




$$
