000
CDUS42 KJAX 252128
CLIAMG


CLIMATE REPORT
NATIONAL WEATHER SERVICE JACKSONVILLE FL
528 PM EDT TUE APR 25 2017


...................................

...THE ALMA CLIMATE SUMMARY FOR APRIL 25 2017...
VALID TODAY AS OF 0500 PM LOCAL TIME.

CLIMATE NORMAL PERIOD 1981 TO 2010
CLIMATE RECORD PERIOD 1948 TO 2017


WEATHER ITEM   OBSERVED TIME   RECORD YEAR NORMAL DEPARTURE LAST
                VALUE   (LST)  VALUE       VALUE  FROM      YEAR
                                                  NORMAL
..................................................................
TEMPERATURE (F)
 TODAY
  MAXIMUM         82    410 PM  91    1958  81      1       84
  MINIMUM         57    634 AM  37    2005  56      1       55
  AVERAGE         70                        68      2       70

PRECIPITATION (IN)
  TODAY            0.00          2.15 1979   0.08  -0.08     0.00
  MONTH TO DATE    2.46                      2.44   0.02     3.31
  SINCE MAR 1      3.00                      7.19  -4.19     6.18
  SINCE JAN 1     11.13                     15.25  -4.12    15.43

SNOWFALL (IN)
  TODAY            0.0           0.0    MM   0.0    0.0      0.0
  MONTH TO DATE    0.0                       0.0    0.0      0.0
  SINCE MAR 1      0.0                       0.0    0.0      0.0
  SINCE JUL 1      0.0                       0.1   -0.1      0.0
  SNOW DEPTH       0

DEGREE DAYS
 HEATING
  TODAY            0                         1     -1        0
  MONTH TO DATE   27                        58    -31       56
  SINCE MAR 1    224                       246    -22      169
  SINCE JUL 1   1080                      1647   -567     1267

 COOLING
  TODAY            5                         4      1        5
  MONTH TO DATE  114                        75     39       37
  SINCE MAR 1    177                       113     64      117
  SINCE JAN 1    232                       129    103      130
..................................................................


WIND (MPH)
  HIGHEST WIND SPEED    15   HIGHEST WIND DIRECTION    NW (300)
  HIGHEST GUST SPEED    20   HIGHEST GUST DIRECTION     W (290)
  AVERAGE WIND SPEED     7.5


SKY COVER
  POSSIBLE SUNSHINE  MM
  AVERAGE SKY COVER 0.6


WEATHER CONDITIONS
 THE FOLLOWING WEATHER WAS RECORDED TODAY.
  NO SIGNIFICANT WEATHER WAS OBSERVED.


RELATIVE HUMIDITY (PERCENT)
 HIGHEST   100           700 AM
 LOWEST     40           400 PM
 AVERAGE    70

..........................................................


THE ALMA CLIMATE NORMALS FOR TOMORROW
                         NORMAL    RECORD    YEAR
 MAXIMUM TEMPERATURE (F)   81        93      1986
 MINIMUM TEMPERATURE (F)   56        43      1983


SUNRISE AND SUNSET
APRIL 25 2017.........SUNRISE   650 AM EDT   SUNSET   806 PM EDT
APRIL 26 2017.........SUNRISE   649 AM EDT   SUNSET   807 PM EDT


-  INDICATES NEGATIVE NUMBERS.
R  INDICATES RECORD WAS SET OR TIED.
MM INDICATES DATA IS MISSING.
T  INDICATES TRACE AMOUNT.




$$
