000
CDUS42 KJAX 242227
CLIAMG


CLIMATE REPORT
NATIONAL WEATHER SERVICE JACKSONVILLE FL
526 PM EST TUE JAN 24 2017


...................................

...THE ALMA CLIMATE SUMMARY FOR JANUARY 24 2017...
VALID TODAY AS OF 0500 PM LOCAL TIME.

CLIMATE NORMAL PERIOD 1981 TO 2010
CLIMATE RECORD PERIOD 1948 TO 2017


WEATHER ITEM   OBSERVED TIME   RECORD YEAR NORMAL DEPARTURE LAST
                VALUE   (LST)  VALUE       VALUE  FROM      YEAR
                                                  NORMAL
..................................................................
TEMPERATURE (F)
 TODAY
  MAXIMUM         68    415 PM  80    2002  62      6       52
  MINIMUM         49    753 AM  15    1963  40      9       26
  AVERAGE         59                        51      8       39

PRECIPITATION (IN)
  TODAY            0.00          2.63 1991   0.14  -0.14     0.00
  MONTH TO DATE    7.03                      3.23   3.80     4.39
  SINCE DEC 1     11.75                      6.52   5.23     6.36
  SINCE JAN 1      7.03                      3.23   3.80     4.39

SNOWFALL (IN)
  TODAY            0.0           0.0    MM   0.0    0.0      0.0
  MONTH TO DATE    0.0                       0.0    0.0      0.0
  SINCE DEC 1      0.0                       0.1   -0.1      0.0
  SINCE JUL 1      0.0                       0.1   -0.1      0.0
  SNOW DEPTH       0

DEGREE DAYS
 HEATING
  TODAY            6                        14     -8       26
  MONTH TO DATE  163                       354   -191      409
  SINCE DEC 1    431                       750   -319      550
  SINCE JUL 1    619                       994   -375      668

 COOLING
  TODAY            0                         0      0        0
  MONTH TO DATE   26                         0     26        0
  SINCE DEC 1     39                        11     28       97
  SINCE JAN 1     26                         0     26        0
..................................................................


WIND (MPH)
  HIGHEST WIND SPEED    16   HIGHEST WIND DIRECTION     W (290)
  HIGHEST GUST SPEED    22   HIGHEST GUST DIRECTION    NW (300)
  AVERAGE WIND SPEED     9.3


SKY COVER
  POSSIBLE SUNSHINE  MM
  AVERAGE SKY COVER 0.0


WEATHER CONDITIONS
 THE FOLLOWING WEATHER WAS RECORDED TODAY.
  NO SIGNIFICANT WEATHER WAS OBSERVED.


RELATIVE HUMIDITY (PERCENT)
 HIGHEST    93           800 AM
 LOWEST     39           400 PM
 AVERAGE    66

..........................................................


THE ALMA CLIMATE NORMALS FOR TOMORROW
                         NORMAL    RECORD    YEAR
 MAXIMUM TEMPERATURE (F)   62        81      1950
 MINIMUM TEMPERATURE (F)   40        15      1963


SUNRISE AND SUNSET
JANUARY 24 2017.......SUNRISE   727 AM EST   SUNSET   558 PM EST
JANUARY 25 2017.......SUNRISE   727 AM EST   SUNSET   559 PM EST


-  INDICATES NEGATIVE NUMBERS.
R  INDICATES RECORD WAS SET OR TIED.
MM INDICATES DATA IS MISSING.
T  INDICATES TRACE AMOUNT.




$$
