000
CDUS42 KJAX 190526
CLIAMG


CLIMATE REPORT
NATIONAL WEATHER SERVICE JACKSONVILLE FL
126 AM EDT TUE SEP 19 2017


...................................

...THE ALMA CLIMATE SUMMARY FOR SEPTEMBER 18 2017...

CLIMATE NORMAL PERIOD 1981 TO 2010
CLIMATE RECORD PERIOD 1948 TO 2017


WEATHER ITEM   OBSERVED TIME   RECORD YEAR NORMAL DEPARTURE LAST
                VALUE   (LST)  VALUE       VALUE  FROM      YEAR
                                                  NORMAL
..................................................................
TEMPERATURE (F)
 YESTERDAY
  MAXIMUM         91    443 PM  96    2005  87      4       90
                                      1972
  MINIMUM         65    639 AM  55    1981  67     -2       69
  AVERAGE         78                        77      1       80

PRECIPITATION (IN)
  YESTERDAY        0.00          1.13 2006   0.12  -0.12     0.00
  MONTH TO DATE    7.28                      2.33   4.95     4.26
  SINCE SEP 1      7.28                      2.33   4.95     4.26
  SINCE JAN 1     35.68                     36.54  -0.86    36.26

SNOWFALL (IN)
  YESTERDAY        0.0           0.0    MM   0.0    0.0      0.0
  MONTH TO DATE    0.0                       0.0    0.0      0.0
  SINCE SEP 1      0.0                       0.0    0.0      0.0
  SINCE JUL 1      0.0                       0.0    0.0      0.0
  SNOW DEPTH       0

DEGREE DAYS
 HEATING
  YESTERDAY        0                         0      0        0
  MONTH TO DATE    0                         0      0        0
  SINCE SEP 1      0                         0      0        0
  SINCE JUL 1      0                         0      0        0

 COOLING
  YESTERDAY       13                        12      1       15
  MONTH TO DATE  216                       242    -26      250
  SINCE SEP 1    216                       242    -26      250
  SINCE JAN 1   2387                      2149    238     2331
..................................................................


WIND (MPH)
  HIGHEST WIND SPEED    10   HIGHEST WIND DIRECTION     N (340)
  HIGHEST GUST SPEED    14   HIGHEST GUST DIRECTION     N (360)
  AVERAGE WIND SPEED     2.6


SKY COVER
  POSSIBLE SUNSHINE  MM
  AVERAGE SKY COVER 0.1


WEATHER CONDITIONS
 THE FOLLOWING WEATHER WAS RECORDED YESTERDAY.
  FOG


RELATIVE HUMIDITY (PERCENT)
 HIGHEST   100          1200 AM
 LOWEST     38           400 PM
 AVERAGE    69

..........................................................


THE ALMA CLIMATE NORMALS FOR TODAY
                         NORMAL    RECORD    YEAR
 MAXIMUM TEMPERATURE (F)   86        95      1972
 MINIMUM TEMPERATURE (F)   67        45      1981


SUNRISE AND SUNSET
SEPTEMBER 19 2017.....SUNRISE   717 AM EDT   SUNSET   730 PM EDT
SEPTEMBER 20 2017.....SUNRISE   717 AM EDT   SUNSET   729 PM EDT


-  INDICATES NEGATIVE NUMBERS.
R  INDICATES RECORD WAS SET OR TIED.
MM INDICATES DATA IS MISSING.
T  INDICATES TRACE AMOUNT.




$$
