000
CDUS42 KJAX 242226
CLIAMG


CLIMATE REPORT
NATIONAL WEATHER SERVICE JACKSONVILLE FL
526 PM EST MON NOV 24 2014


...................................

...THE ALMA CLIMATE SUMMARY FOR NOVEMBER 24 2014...
VALID TODAY AS OF 0500 PM LOCAL TIME.

CLIMATE NORMAL PERIOD 1981 TO 2010
CLIMATE RECORD PERIOD 1948 TO 2014


WEATHER ITEM   OBSERVED TIME   RECORD YEAR NORMAL DEPARTURE LAST
                VALUE   (LST)  VALUE       VALUE  FROM      YEAR
                                                  NORMAL
..................................................................
TEMPERATURE (F)
 TODAY
  MAXIMUM         75   1046 AM  83    1986  69      6       57
  MINIMUM         65    459 PM  20    1970  46     19       36
  AVERAGE         70                        58     12       47

PRECIPITATION (IN)
  TODAY            0.88          1.97 1983   0.08   0.80     0.00
  MONTH TO DATE    3.72                      1.94   1.78     1.15
  SINCE SEP 1      8.76                      8.61   0.15     3.99
  SINCE JAN 1     36.62                     42.82  -6.20    46.86

SNOWFALL (IN)
  TODAY            0.0           0.0    MM   0.0    0.0      0.0
  MONTH TO DATE    0.0                       0.0    0.0      0.0
  SINCE SEP 1      0.0                       0.0    0.0      0.0
  SINCE JUL 1      0.0                       0.0    0.0      0.0
  SNOW DEPTH       0

DEGREE DAYS
 HEATING
  TODAY            0                         8     -8       18
  MONTH TO DATE  259                       140    119      138
  SINCE SEP 1    307                       190    117      182
  SINCE JUL 1    307                       190    117      182

 COOLING
  TODAY            5                         1      4        0
  MONTH TO DATE    9                        36    -27       24
  SINCE SEP 1    533                       554    -21      543
  SINCE JAN 1   2440                      2461    -21     2320
..................................................................


WIND (MPH)
  HIGHEST WIND SPEED    22   HIGHEST WIND DIRECTION    NW (300)
  HIGHEST GUST SPEED    34   HIGHEST GUST DIRECTION    NW (300)
  AVERAGE WIND SPEED     7.8


SKY COVER
  POSSIBLE SUNSHINE  MM
  AVERAGE SKY COVER 0.9


WEATHER CONDITIONS
 THE FOLLOWING WEATHER WAS RECORDED TODAY.
  THUNDERSTORM
  HEAVY RAIN
  RAIN
  LIGHT RAIN
  FOG


RELATIVE HUMIDITY (PERCENT)
 HIGHEST    97           400 AM
 LOWEST     87           900 AM
 AVERAGE    92

..........................................................


THE ALMA CLIMATE NORMALS FOR TOMORROW
                         NORMAL    RECORD    YEAR
 MAXIMUM TEMPERATURE (F)   69        83      1986
 MINIMUM TEMPERATURE (F)   46        15      1950


SUNRISE AND SUNSET
NOVEMBER 24 2014......SUNRISE   706 AM EST   SUNSET   528 PM EST
NOVEMBER 25 2014......SUNRISE   707 AM EST   SUNSET   527 PM EST


-  INDICATES NEGATIVE NUMBERS.
R  INDICATES RECORD WAS SET OR TIED.
MM INDICATES DATA IS MISSING.
T  INDICATES TRACE AMOUNT.




$$
