000
CDUS44 KBMX 010630
CLIANB


CLIMATE REPORT
NATIONAL WEATHER SERVICE BIRMINGHAM, AL
129 AM CDT WED JUL 1 2015


...................................

...THE ANNISTON CLIMATE SUMMARY FOR JUNE 30 2015...

CLIMATE NORMAL PERIOD 1981 TO 2010
CLIMATE RECORD PERIOD 1903 TO 2015


WEATHER ITEM   OBSERVED TIME   RECORD YEAR NORMAL DEPARTURE LAST
                VALUE   (LST)  VALUE       VALUE  FROM      YEAR
                                                  NORMAL
..................................................................
TEMPERATURE (F)
 YESTERDAY
  MAXIMUM         85    145 PM 104    2012  89     -4       89
  MINIMUM         68    222 AM  55    1974  69     -1       70
  AVERAGE         77                        79     -2       80

PRECIPITATION (IN)
  YESTERDAY        0.05          1.15 1931   0.14  -0.09     1.00
  MONTH TO DATE    2.63                      4.08  -1.45     5.11
  SINCE JUN 1      2.63                      4.08  -1.45     5.11
  SINCE JAN 1     27.15                     27.01   0.14    28.63

..................................................................


WIND (MPH)
  HIGHEST WIND SPEED    20   HIGHEST WIND DIRECTION     W (250)
  HIGHEST GUST SPEED    27   HIGHEST GUST DIRECTION    SW (240)
  AVERAGE WIND SPEED     7.3


SKY COVER
  AVERAGE SKY COVER 0.4


WEATHER CONDITIONS
 THE FOLLOWING WEATHER WAS RECORDED YESTERDAY.
  LIGHT RAIN
  FOG
  HAZE


RELATIVE HUMIDITY (PERCENT)
 HIGHEST    90
 LOWEST     51
 AVERAGE    71

..........................................................


THE ANNISTON CLIMATE NORMALS FOR TODAY
                         NORMAL    RECORD    YEAR
 MAXIMUM TEMPERATURE (F)   89       104      2012
 MINIMUM TEMPERATURE (F)   69        51      1950


SUNRISE AND SUNSET
JULY  1 2015..........SUNRISE   537 AM CDT   SUNSET   758 PM CDT
JULY  2 2015..........SUNRISE   537 AM CDT   SUNSET   757 PM CDT


-  INDICATES NEGATIVE NUMBERS.
R  INDICATES RECORD WAS SET OR TIED.
MM INDICATES DATA IS MISSING.
T  INDICATES TRACE AMOUNT.




$$
