000
CDUS44 KBMX 240127
CLIANB


CLIMATE REPORT
NATIONAL WEATHER SERVICE BIRMINGHAM, AL
827 PM CDT SUN JUL 23 2017


...................................

...THE ANNISTON CLIMATE SUMMARY FOR JULY 23 2017...
VALID TODAY AS OF 0700 PM LOCAL TIME.

CLIMATE NORMAL PERIOD 1981 TO 2010
CLIMATE RECORD PERIOD 1903 TO 2017


WEATHER ITEM   OBSERVED RECORD YEAR NORMAL DEPARTURE LAST
                VALUE   VALUE       VALUE  FROM      YEAR
                                           NORMAL
...........................................................
TEMPERATURE (F)
 TODAY
  MAXIMUM         92    104    1952  90      2       92
  MINIMUM         72     54    1947  70      2       75
  AVERAGE         82

PRECIPITATION (IN)
  TODAY            0.00   2.13 2013   0.15  -0.15     0.13
  MONTH TO DATE    3.11               3.46  -0.35     2.12
  SINCE JUN 1     10.84               7.54   3.30     3.68
  SINCE JAN 1     36.76              30.47   6.29    23.40

DEGREE DAYS
 COOLING
  TODAY           17                 15      2       19
  MONTH TO DATE  364                342     22      414
  SINCE JUN 1    690                701    -11      850
  SINCE JAN 1   1010                941     69     1130
...........................................................


WIND (MPH)
  HIGHEST WIND SPEED    14   HIGHEST WIND DIRECTION    SW (220)
  HIGHEST GUST SPEED    17   HIGHEST GUST DIRECTION    SW (220)
  AVERAGE WIND SPEED     5.5


SKY COVER
  AVERAGE SKY COVER 0.1


WEATHER CONDITIONS
 THE FOLLOWING WEATHER WAS RECORDED TODAY.
  NO SIGNIFICANT WEATHER WAS OBSERVED.


RELATIVE HUMIDITY (PERCENT)
 HIGHEST   100
 LOWEST     52
 AVERAGE    76

..........................................................


THE ANNISTON CLIMATE NORMALS FOR TOMORROW
                         NORMAL    RECORD    YEAR
 MAXIMUM TEMPERATURE (F)   90       104      1952
 MINIMUM TEMPERATURE (F)   70        58      1904


SUNRISE AND SUNSET
JULY 23 2017..........SUNRISE   550 AM CDT   SUNSET   750 PM CDT
JULY 24 2017..........SUNRISE   550 AM CDT   SUNSET   749 PM CDT


-  INDICATES NEGATIVE NUMBERS.
R  INDICATES RECORD WAS SET OR TIED.
MM INDICATES DATA IS MISSING.
T  INDICATES TRACE AMOUNT.




$$
