000
CDUS44 KBMX 280016
CLIANB


CLIMATE REPORT
NATIONAL WEATHER SERVICE BIRMINGHAM, AL
716 PM CDT MON JUL 27 2015


...................................

...THE ANNISTON CLIMATE SUMMARY FOR JULY 27 2015...
VALID TODAY AS OF 0700 PM LOCAL TIME.

CLIMATE NORMAL PERIOD 1981 TO 2010
CLIMATE RECORD PERIOD 1903 TO 2015


WEATHER ITEM   OBSERVED RECORD YEAR NORMAL DEPARTURE LAST
                VALUE   VALUE       VALUE  FROM      YEAR
                                           NORMAL
...........................................................
TEMPERATURE (F)
 TODAY
  MAXIMUM         94    100    1993  90      4       96
                               1952
  MINIMUM         72     57    1905  70      2       69
  AVERAGE         83

PRECIPITATION (IN)
  TODAY            0.55   3.33 1985   0.15   0.40     0.00
  MONTH TO DATE    4.58               4.05   0.53     0.47
  SINCE JUN 1      7.21               8.13  -0.92     5.58
  SINCE JAN 1     31.73              31.06   0.67    29.10

DEGREE DAYS
 COOLING
  TODAY           18                 15      3       18
  MONTH TO DATE  443                402     41      365
  SINCE JUN 1    867                761    106      758
  SINCE JAN 1   1184               1001    183     1002
...........................................................


WIND (MPH)
  HIGHEST WIND SPEED    22   HIGHEST WIND DIRECTION    NE (50)
  HIGHEST GUST SPEED    29   HIGHEST GUST DIRECTION    NE (50)
  AVERAGE WIND SPEED     2.0


SKY COVER
  AVERAGE SKY COVER 0.2


WEATHER CONDITIONS
 THE FOLLOWING WEATHER WAS RECORDED TODAY.
  HEAVY RAIN
  LIGHT RAIN


RELATIVE HUMIDITY (PERCENT)
 HIGHEST    93
 LOWEST     46
 AVERAGE    70

..........................................................


THE ANNISTON CLIMATE NORMALS FOR TOMORROW
                         NORMAL    RECORD    YEAR
 MAXIMUM TEMPERATURE (F)   90       103      1952
 MINIMUM TEMPERATURE (F)   70        57      1905


SUNRISE AND SUNSET
JULY 27 2015..........SUNRISE   552 AM CDT   SUNSET   747 PM CDT
JULY 28 2015..........SUNRISE   553 AM CDT   SUNSET   747 PM CDT


-  INDICATES NEGATIVE NUMBERS.
R  INDICATES RECORD WAS SET OR TIED.
MM INDICATES DATA IS MISSING.
T  INDICATES TRACE AMOUNT.




$$
