000
CDUS44 KBMX 280824
CLIANB


CLIMATE REPORT
NATIONAL WEATHER SERVICE BIRMINGHAM, AL
221 AM CST WED JAN 28 2015


...................................

...THE ANNISTON CLIMATE SUMMARY FOR JANUARY 27 2015...

CLIMATE NORMAL PERIOD 1981 TO 2010
CLIMATE RECORD PERIOD 1903 TO 2015


WEATHER ITEM   OBSERVED TIME   RECORD YEAR NORMAL DEPARTURE LAST
                VALUE   (LST)  VALUE       VALUE  FROM      YEAR
                                                  NORMAL
..................................................................
TEMPERATURE (F)
 YESTERDAY
  MAXIMUM         55    243 PM  77    1975  54      1       58
  MINIMUM         33    702 AM   8    1986  33      0       27
  AVERAGE         44                        44      0       43

PRECIPITATION (IN)
  YESTERDAY        0.00          1.22 1962   0.16  -0.16     0.00
  MONTH TO DATE    5.50                      3.86   1.64     3.08
  SINCE DEC 1     11.72                      7.98   3.74    12.30
  SINCE JAN 1      5.50                      3.86   1.64     3.08

SNOWFALL (IN)
  YESTERDAY        0.0                       0.1             0.0
  MONTH TO DATE    0.0                       0.6             0.0
  SINCE DEC 1      0.0                       0.6             0.0
  SINCE JUL 1      0.0                       0.6             0.0

DEGREE DAYS
 HEATING
  YESTERDAY       21
  MONTH TO DATE  609
  SINCE DEC 1   1119
  SINCE JUL 1   1747
..................................................................


WIND (MPH)
  HIGHEST WIND SPEED    21   HIGHEST WIND DIRECTION     N (340)
  HIGHEST GUST SPEED    29   HIGHEST GUST DIRECTION    NW (300)
  AVERAGE WIND SPEED     7.2


SKY COVER
  AVERAGE SKY COVER 0.2


WEATHER CONDITIONS
 THE FOLLOWING WEATHER WAS RECORDED YESTERDAY.
  NO SIGNIFICANT WEATHER WAS OBSERVED.


RELATIVE HUMIDITY (PERCENT)
 HIGHEST    89
 LOWEST     35
 AVERAGE    62

..........................................................


THE ANNISTON CLIMATE NORMALS FOR TODAY
                         NORMAL    RECORD    YEAR
 MAXIMUM TEMPERATURE (F)   55        76      1975
 MINIMUM TEMPERATURE (F)   33         8      1986


SUNRISE AND SUNSET
JANUARY 28 2015.......SUNRISE   642 AM CST   SUNSET   511 PM CST
JANUARY 29 2015.......SUNRISE   642 AM CST   SUNSET   512 PM CST


-  INDICATES NEGATIVE NUMBERS.
R  INDICATES RECORD WAS SET OR TIED.
MM INDICATES DATA IS MISSING.
T  INDICATES TRACE AMOUNT.




$$
