000
CDUS44 KBMX 300810
CLIANB


CLIMATE REPORT
NATIONAL WEATHER SERVICE BIRMINGHAM, AL
302 AM CDT TUE MAY 30 2017


...................................

...THE ANNISTON CLIMATE SUMMARY FOR MAY 29 2017...

CLIMATE NORMAL PERIOD 1981 TO 2010
CLIMATE RECORD PERIOD 1903 TO 2017


WEATHER ITEM   OBSERVED TIME   RECORD YEAR NORMAL DEPARTURE LAST
                VALUE   (LST)  VALUE       VALUE  FROM      YEAR
                                                  NORMAL
..................................................................
TEMPERATURE (F)
 YESTERDAY
  MAXIMUM         79   1127 AM  94    1904  84     -5       90
  MINIMUM         67    450 AM  48    1961  63      4       65
                                      1951
  AVERAGE         73                        73      0       78

PRECIPITATION (IN)
  YESTERDAY       MM             1.67 2005   0.13  MM        0.00
  MONTH TO DATE    4.95                      4.00   0.95     4.49
  SINCE MAR 1     15.19                     13.07   2.12    10.88
  SINCE JAN 1     25.71                     22.67   3.04    19.72

..................................................................


WIND (MPH)
  HIGHEST WIND SPEED    13   HIGHEST WIND DIRECTION     W (280)
  HIGHEST GUST SPEED    16   HIGHEST GUST DIRECTION     W (280)
  AVERAGE WIND SPEED     3.2


SKY COVER
  AVERAGE SKY COVER 0.2


WEATHER CONDITIONS
 THE FOLLOWING WEATHER WAS RECORDED YESTERDAY.
  THUNDERSTORM
  HEAVY RAIN
  RAIN
  LIGHT RAIN
  FOG


RELATIVE HUMIDITY (PERCENT)
 HIGHEST    93
 LOWEST     74
 AVERAGE    84

..........................................................


THE ANNISTON CLIMATE NORMALS FOR TODAY
                         NORMAL    RECORD    YEAR
 MAXIMUM TEMPERATURE (F)   84        95      2011
 MINIMUM TEMPERATURE (F)   63        47      1984
                                             1971


SUNRISE AND SUNSET
MAY 30 2017...........SUNRISE   535 AM CDT   SUNSET   747 PM CDT
MAY 31 2017...........SUNRISE   534 AM CDT   SUNSET   748 PM CDT


-  INDICATES NEGATIVE NUMBERS.
R  INDICATES RECORD WAS SET OR TIED.
MM INDICATES DATA IS MISSING.
T  INDICATES TRACE AMOUNT.




$$
