000
CDUS44 KBMX 302221
CLIANB


CLIMATE REPORT
NATIONAL WEATHER SERVICE BIRMINGHAM, AL
521 PM CDT TUE AUG 30 2016


...................................

...THE ANNISTON CLIMATE SUMMARY FOR AUGUST 30 2016...
VALID AS OF 0400 PM LOCAL TIME.

CLIMATE NORMAL PERIOD 1981 TO 2010
CLIMATE RECORD PERIOD 1903 TO 2016


WEATHER ITEM   OBSERVED TIME   RECORD YEAR NORMAL DEPARTURE LAST
                VALUE   (LST)  VALUE       VALUE  FROM      YEAR
                                                  NORMAL
..................................................................
TEMPERATURE (F)
 TODAY
  MAXIMUM         93    259 PM  98    1948  88      5       79
  MINIMUM         72    548 AM  51    1968  68      4       69
  AVERAGE         83

PRECIPITATION (IN)
  TODAY            0.00          2.36 1989   0.10  -0.10     0.86
  MONTH TO DATE    1.56                      3.19  -1.63     5.16
  SINCE JUN 1      6.14                     11.89  -5.75    12.64
  SINCE JAN 1     25.86                     34.82  -8.96    37.16

..................................................................


WIND (MPH)
  HIGHEST WIND SPEED    14   HIGHEST WIND DIRECTION     E (70)
  HIGHEST GUST SPEED    18   HIGHEST GUST DIRECTION     E (100)
  AVERAGE WIND SPEED     5.4


SKY COVER
  AVERAGE SKY COVER 0.1


WEATHER CONDITIONS
 THE FOLLOWING WEATHER WAS RECORDED TODAY.
  NO SIGNIFICANT WEATHER WAS OBSERVED.


RELATIVE HUMIDITY (PERCENT)
 HIGHEST    79
 LOWEST     33
 AVERAGE    56

..........................................................


THE ANNISTON CLIMATE NORMALS FOR TOMORROW
                         NORMAL    RECORD    YEAR
 MAXIMUM TEMPERATURE (F)   88        97      1951
 MINIMUM TEMPERATURE (F)   68        54      1946


SUNRISE AND SUNSET
AUGUST 30 2016........SUNRISE   616 AM CDT   SUNSET   711 PM CDT
AUGUST 31 2016........SUNRISE   617 AM CDT   SUNSET   709 PM CDT


-  INDICATES NEGATIVE NUMBERS.
R  INDICATES RECORD WAS SET OR TIED.
MM INDICATES DATA IS MISSING.
T  INDICATES TRACE AMOUNT.




$$
