000
CDUS44 KBMX 240233
CLIANB


CLIMATE REPORT
NATIONAL WEATHER SERVICE BIRMINGHAM, AL
832 PM CST MON JAN 23 2017


...................................

...THE ANNISTON CLIMATE SUMMARY FOR JANUARY 23 2017...
VALID TODAY AS OF 0700 PM LOCAL TIME.

CLIMATE NORMAL PERIOD 1981 TO 2010
CLIMATE RECORD PERIOD 1903 TO 2017


WEATHER ITEM   OBSERVED RECORD YEAR NORMAL DEPARTURE LAST
                VALUE   VALUE       VALUE  FROM      YEAR
                                           NORMAL
...........................................................
TEMPERATURE (F)
 TODAY
  MAXIMUM         62     74    2002  54      8       32
  MINIMUM         50      5    1963  33     17       26
  AVERAGE         56

PRECIPITATION (IN)
  TODAY            0.23   1.72 2006   0.16   0.07     0.00
  MONTH TO DATE    7.36               3.22   4.14     2.44
  SINCE DEC 1     10.00               7.34   2.66    11.73
  SINCE JAN 1      7.36               3.22   4.14     2.44

SNOWFALL (IN)
  TODAY            0.0                0.0             0.0
  MONTH TO DATE    0.0                0.4              T
  SINCE DEC 1      0.0                0.4              T
  SINCE JUL 1      0.0                0.4              T

...........................................................


WIND (MPH)
  HIGHEST WIND SPEED    24   HIGHEST WIND DIRECTION     W (280)
  HIGHEST GUST SPEED    36   HIGHEST GUST DIRECTION     W (280)
  AVERAGE WIND SPEED    13.0


SKY COVER
  AVERAGE SKY COVER 0.6


WEATHER CONDITIONS
 THE FOLLOWING WEATHER WAS RECORDED TODAY.
  RAIN
  LIGHT RAIN
  FOG
  HAZE


RELATIVE HUMIDITY (PERCENT)
 HIGHEST    93
 LOWEST     55
 AVERAGE    74

..........................................................


THE ANNISTON CLIMATE NORMALS FOR TOMORROW
                         NORMAL    RECORD    YEAR
 MAXIMUM TEMPERATURE (F)   54        76      1972
                                             1950
 MINIMUM TEMPERATURE (F)   33        -1      1963


SUNRISE AND SUNSET
JANUARY 23 2017.......SUNRISE   645 AM CST   SUNSET   506 PM CST
JANUARY 24 2017.......SUNRISE   644 AM CST   SUNSET   507 PM CST


-  INDICATES NEGATIVE NUMBERS.
R  INDICATES RECORD WAS SET OR TIED.
MM INDICATES DATA IS MISSING.
T  INDICATES TRACE AMOUNT.




$$
