000
CDUS44 KBMX 220834
CLIANB


CLIMATE REPORT
NATIONAL WEATHER SERVICE BIRMINGHAM, AL
333 AM CDT FRI SEP 22 2017


...................................

...THE ANNISTON CLIMATE SUMMARY FOR SEPTEMBER 21 2017...

CLIMATE NORMAL PERIOD 1981 TO 2010
CLIMATE RECORD PERIOD 1903 TO 2017


WEATHER ITEM   OBSERVED TIME   RECORD YEAR NORMAL DEPARTURE LAST
                VALUE   (LST)  VALUE       VALUE  FROM      YEAR
                                                  NORMAL
..................................................................
TEMPERATURE (F)
 YESTERDAY
  MAXIMUM         88   1103 AM  97    1955  83      5       95
  MINIMUM         66    603 AM  40    1903  61      5       65
  AVERAGE         77                        72      5       80

PRECIPITATION (IN)
  YESTERDAY        0.00          3.99 1995   0.09  -0.09     0.00
  MONTH TO DATE    3.94                      2.04   1.90     0.60
  SINCE SEP 1      3.94                      2.04   1.90     0.60
  SINCE JAN 1     48.24                     36.96  11.28    26.46

DEGREE DAYS
 HEATING
  YESTERDAY        0
  MONTH TO DATE    9
  SINCE SEP 1      9
  SINCE JUL 1      9
..................................................................


WIND (MPH)
  HIGHEST WIND SPEED    13   HIGHEST WIND DIRECTION    SE (120)
  HIGHEST GUST SPEED    17   HIGHEST GUST DIRECTION    SE (130)
  AVERAGE WIND SPEED     2.3


SKY COVER
  AVERAGE SKY COVER 0.1


WEATHER CONDITIONS
 THE FOLLOWING WEATHER WAS RECORDED YESTERDAY.
  THUNDERSTORM
  FOG


RELATIVE HUMIDITY (PERCENT)
 HIGHEST    97
 LOWEST     51
 AVERAGE    74

..........................................................


THE ANNISTON CLIMATE NORMALS FOR TODAY
                         NORMAL    RECORD    YEAR
 MAXIMUM TEMPERATURE (F)   82        98      1955
 MINIMUM TEMPERATURE (F)   61        36      1903


SUNRISE AND SUNSET
SEPTEMBER 22 2017.....SUNRISE   632 AM CDT   SUNSET   640 PM CDT
SEPTEMBER 23 2017.....SUNRISE   632 AM CDT   SUNSET   638 PM CDT


-  INDICATES NEGATIVE NUMBERS.
R  INDICATES RECORD WAS SET OR TIED.
MM INDICATES DATA IS MISSING.
T  INDICATES TRACE AMOUNT.




$$
