000
CDAK48 PAFC 290039
CLIANC

CLIMATE REPORT
NATIONAL WEATHER SERVICE ANCHORAGE, AK
438 PM AKDT THU AUG 28 2014


...................................

...THE ANCHORAGE AK CLIMATE SUMMARY FOR AUGUST 28 2014...
VALID TODAY AS OF 0400 PM LOCAL TIME.

CLIMATE NORMAL PERIOD 1981 TO 2010
CLIMATE RECORD PERIOD 1915 TO 2014


WEATHER ITEM   OBSERVED RECORD YEAR NORMAL DEPARTURE LAST
                VALUE   VALUE       VALUE  FROM      YEAR
                                           NORMAL
...........................................................
TEMPERATURE (F)
 TODAY
  MAXIMUM         57     76    1949  61     -4       62
  MINIMUM         52     31    1984  47      5       51
  AVERAGE         55                 54              57

PRECIPITATION (IN)
  TODAY            0.02   1.22 2010   0.11  -0.09     0.48
  MONTH TO DATE    1.99               2.91  -0.92     5.11
  SINCE JUN 1      8.55               5.71   2.84     6.67
  SINCE JAN 1     11.78               8.95   2.83    13.05

SNOWFALL (IN)
  TODAY            0.0    0.0    MM   0.0    0.0      0.0
  MONTH TO DATE    0.0                0.0    0.0      0.0
  SINCE JUN 1      0.0                0.0    0.0      0.0
  SINCE JUL 1      0.0                0.0    0.0      0.0
  SNOW DEPTH       0

DEGREE DAYS
 HEATING
  TODAY           10                 11     -1        8
  MONTH TO DATE  161                222    -61      198
  SINCE JUN 1    643                709    -66      493
  SINCE JUL 1    315                416   -101      309

 COOLING
  TODAY            0                  0      0        0
  MONTH TO DATE    0                  0      0        0
  SINCE JUN 1      3                  2      1       21
  SINCE JAN 1      3                  2      1       21
...........................................................


WIND (MPH)
  RESULTANT WIND SPEED   4   RESULTANT WIND DIRECTION  NW (330)
  HIGHEST WIND SPEED     8   HIGHEST WIND DIRECTION    NW (320)
  HIGHEST GUST SPEED    MM   HIGHEST GUST DIRECTION    MM
  AVERAGE WIND SPEED     4.7


SKY COVER
  POSSIBLE SUNSHINE  MM
  AVERAGE SKY COVER 1.0


WEATHER CONDITIONS
 THE FOLLOWING WEATHER WAS RECORDED TODAY.
  LIGHT RAIN


RELATIVE HUMIDITY (PERCENT)
 HIGHEST    89           300 AM
 LOWEST     77           200 AM
 AVERAGE    83

..........................................................


THE ANCHORAGE AK CLIMATE NORMALS FOR TOMORROW
                         NORMAL    RECORD    YEAR
 MAXIMUM TEMPERATURE (F)   61        77      1930
 MINIMUM TEMPERATURE (F)   47        33      1984


SUNRISE AND SUNSET
AUGUST 28 2014........SUNRISE   642 AM AKDT  SUNSET   918 PM AKDT
AUGUST 29 2014........SUNRISE   645 AM AKDT  SUNSET   915 PM AKDT

CIVIL TWILIGHT
AUGUST 28 2014          START   554 AM AKDT     END  1007 PM AKDT
AUGUST 29 2014          START   557 AM AKDT     END  1003 PM AKDT



-  INDICATES NEGATIVE NUMBERS.
R  INDICATES RECORD WAS SET OR TIED.
MM INDICATES DATA IS MISSING.
T  INDICATES TRACE AMOUNT.




$$
&&
------------------------------------------------------
AMOUNT OF DAYLIGHT TODAY  (HOUR:MIN)........14:36
GAIN/LOSS SINCE YESTERDAY (HOUR:MIN:SEC)....-0:05:38
