000
CDAK48 PAFC 121246
CLIANC

CLIMATE REPORT
NATIONAL WEATHER SERVICE ANCHORAGE, AK
445 AM AKDT SAT JUL 12 2014


...................................

...THE ANCHORAGE AK CLIMATE SUMMARY FOR JULY 11 2014...

CLIMATE NORMAL PERIOD 1981 TO 2010
CLIMATE RECORD PERIOD 1915 TO 2014


WEATHER ITEM   OBSERVED RECORD YEAR NORMAL DEPARTURE LAST
                VALUE   VALUE       VALUE  FROM      YEAR
                                           NORMAL
...........................................................
TEMPERATURE (F)
 YESTERDAY
  MAXIMUM         65     81    2004  65      0       76
                               1977
  MINIMUM         52     35    1934  52      0       55
  AVERAGE         59                 59      0       66

PRECIPITATION (IN)
  YESTERDAY        0.02   1.11 1959   0.06  -0.04
  MONTH TO DATE    0.90               0.52   0.38
  SINCE JUN 1      4.23               1.49   2.74
  SINCE JAN 1      7.46               4.73   2.73

SNOWFALL (IN)
  YESTERDAY        0.0    0.0    MM   0.0    0.0
  MONTH TO DATE    0.0                0.0    0.0
  SINCE JUN 1      0.0                0.0    0.0
  SINCE JUL 1      0.0                0.0    0.0
  SNOW DEPTH       0

DEGREE DAYS
 HEATING
  YESTERDAY        6                         0
  MONTH TO DATE   50                       -25
  SINCE JUN 1    378                        10
  SINCE JUL 1     50                       -25

 COOLING
  YESTERDAY        0                         0
  MONTH TO DATE    3                         3
  SINCE JUN 1      3                         3
  SINCE JAN 1      3                         3
...........................................................


WIND (MPH)
  HIGHEST WIND SPEED    18   HIGHEST WIND DIRECTION    SE (150)
  HIGHEST GUST SPEED    33   HIGHEST GUST DIRECTION    SE (150)
  AVERAGE WIND SPEED    10.6




RELATIVE HUMIDITY (PERCENT)
 HIGHEST    93
 LOWEST     56
 AVERAGE    75

..........................................................


THE ANCHORAGE AK CLIMATE NORMALS FOR TODAY
                         NORMAL    RECORD    YEAR
 MAXIMUM TEMPERATURE (F)   65        81      1946
 MINIMUM TEMPERATURE (F)   52        38      1922


SUNRISE AND SUNSET
JULY 12 2014..........SUNRISE   447 AM AKDT  SUNSET  1124 PM AKDT
JULY 13 2014..........SUNRISE   449 AM AKDT  SUNSET  1122 PM AKDT

CIVIL TWILIGHT
JULY 12 2014            START   306 AM AKDT     END   102 AM AKDT
JULY 13 2014            START   311 AM AKDT     END  1257 AM AKDT



-  INDICATES NEGATIVE NUMBERS.
R  INDICATES RECORD WAS SET OR TIED.
MM INDICATES DATA IS MISSING.
T  INDICATES TRACE AMOUNT.




$$
&&
------------------------------------------------------
AMOUNT OF DAYLIGHT TODAY  (HOUR:MIN)........18:37
GAIN/LOSS SINCE YESTERDAY (HOUR:MIN:SEC)....-0:03:41
