000
CDAK48 PAFC 010041
CLIANC

CLIMATE REPORT
NATIONAL WEATHER SERVICE ANCHORAGE, AK
440 PM AKDT TUE MAY 31 2016


...................................

...THE ANCHORAGE AK CLIMATE SUMMARY FOR MAY 31 2016...
VALID TODAY AS OF 0400 PM LOCAL TIME.

CLIMATE NORMAL PERIOD 1981 TO 2010
CLIMATE RECORD PERIOD 1952 TO 2016


WEATHER ITEM   OBSERVED TIME   RECORD YEAR NORMAL DEPARTURE LAST
                VALUE   (LST)  VALUE       VALUE  FROM      YEAR
                                                  NORMAL
..................................................................
TEMPERATURE (F)
 TODAY
  MAXIMUM         63        MM  75    1964  60      3       72
  MINIMUM         45        MM  36    1999  44      1       47
                                      1995
  AVERAGE         54                        52      2       60

PRECIPITATION (IN)
  TODAY            0.00          0.60 1967   0.03  -0.03     0.00
  MONTH TO DATE    0.33                      0.72  -0.39     0.55
  SINCE MAR 1      1.58                      1.79  -0.21     1.98
  SINCE JAN 1      2.16                      3.24  -1.08     3.06

SNOWFALL (IN)
  TODAY            0.0           0.0    MM   0.0    0.0      0.0
  MONTH TO DATE    0.0                       0.3   -0.3      0.0
  SINCE MAR 1     10.7                      14.2   -3.5      4.6
  SINCE JUL 1     38.3                      74.5  -36.2     25.1
  SNOW DEPTH       0

DEGREE DAYS
 HEATING
  TODAY           11                        13     -2        5
  MONTH TO DATE  396                       533   -137      450
  SINCE MAR 1   2005                      2571   -566     2262
  SINCE JUL 1   8341                      9900  -1559     8614

 COOLING
  TODAY            0                         0      0        0
  MONTH TO DATE    0                         0      0        0
  SINCE MAR 1      0                         0      0        0
  SINCE JAN 1      0                         0      0        0
..................................................................


WIND (MPH)
  RESULTANT WIND SPEED   5   RESULTANT WIND DIRECTION   S (160)
  HIGHEST WIND SPEED    15   HIGHEST WIND DIRECTION    SE (150)
  HIGHEST GUST SPEED    32   HIGHEST GUST DIRECTION    SE (150)
  AVERAGE WIND SPEED     6.0


SKY COVER
  POSSIBLE SUNSHINE  MM
  AVERAGE SKY COVER 0.4


WEATHER CONDITIONS
 THE FOLLOWING WEATHER WAS RECORDED TODAY.
  NO SIGNIFICANT WEATHER WAS OBSERVED.


RELATIVE HUMIDITY (PERCENT)
 HIGHEST    80           400 AM
 LOWEST     46           300 PM
 AVERAGE    63

..........................................................


THE ANCHORAGE AK CLIMATE NORMALS FOR TOMORROW
                         NORMAL    RECORD    YEAR
 MAXIMUM TEMPERATURE (F)   60        77      1996
 MINIMUM TEMPERATURE (F)   44        37      1994
                                             1961


SUNRISE AND SUNSET
MAY 31 2016...........SUNRISE   438 AM AKDT  SUNSET  1120 PM AKDT
JUNE  1 2016..........SUNRISE   436 AM AKDT  SUNSET  1122 PM AKDT

CIVIL TWILIGHT
MAY 31 2016             START   256 AM AKDT     END   105 AM AKDT
JUNE 1 2016             START   251 AM AKDT     END   110 AM AKDT



-  INDICATES NEGATIVE NUMBERS.
R  INDICATES RECORD WAS SET OR TIED.
MM INDICATES DATA IS MISSING.
T  INDICATES TRACE AMOUNT.




$$
&&
------------------------------------------------------
AMOUNT OF DAYLIGHT TODAY  (HOUR:MIN)........18:42
GAIN/LOSS SINCE YESTERDAY (HOUR:MIN:SEC)....+0:03:39

-
