000
CDAK48 PAFC 301246
CLIANC

CLIMATE REPORT
NATIONAL WEATHER SERVICE ANCHORAGE, AK
446 AM AKDT TUE JUN 30 2015


...................................

...THE ANCHORAGE AK CLIMATE SUMMARY FOR JUNE 29 2015...

CLIMATE NORMAL PERIOD 1981 TO 2010
CLIMATE RECORD PERIOD 1952 TO 2015


WEATHER ITEM   OBSERVED RECORD YEAR NORMAL DEPARTURE LAST
                VALUE   VALUE       VALUE  FROM      YEAR
                                           NORMAL
...........................................................
TEMPERATURE (F)
 YESTERDAY
  MAXIMUM         67     77    1990  65      2       72
                               1989
                               1968
  MINIMUM         55     43    1981  50      5       55
  AVERAGE         61                 58      3       64

PRECIPITATION (IN)
  YESTERDAY        0.09   0.62 2000   0.04   0.05
  MONTH TO DATE    0.93               0.93   0.00
  SINCE JUN 1      0.93               0.93   0.00
  SINCE JAN 1      3.99               4.17  -0.18

SNOWFALL (IN)
  YESTERDAY        0.0    0.0    MM   0.0    0.0
  MONTH TO DATE    0.0                0.0    0.0
  SINCE JUN 1      0.0                0.0    0.0
  SINCE JUL 1     25.1               74.5  -49.4
  SNOW DEPTH       0

DEGREE DAYS
 HEATING
  YESTERDAY        4                        -4
  MONTH TO DATE  168                      -119
  SINCE JUN 1    168                      -119
  SINCE JUL 1   8782                     -1405

 COOLING
  YESTERDAY        0                         0
  MONTH TO DATE   16                        16
  SINCE JUN 1     16                        16
  SINCE JAN 1     16                        16
...........................................................


WIND (MPH)
  HIGHEST WIND SPEED    16   HIGHEST WIND DIRECTION    SE (150)
  HIGHEST GUST SPEED    32   HIGHEST GUST DIRECTION    SE (150)
  AVERAGE WIND SPEED     8.0




RELATIVE HUMIDITY (PERCENT)
 HIGHEST    77
 LOWEST     45
 AVERAGE    61

..........................................................


THE ANCHORAGE AK CLIMATE NORMALS FOR TODAY
                         NORMAL    RECORD    YEAR
 MAXIMUM TEMPERATURE (F)   65        77      1974
 MINIMUM TEMPERATURE (F)   51        41      1987


SUNRISE AND SUNSET
JUNE 30 2015..........SUNRISE   427 AM AKDT  SUNSET  1140 PM AKDT
JULY  1 2015..........SUNRISE   428 AM AKDT  SUNSET  1139 PM AKDT

CIVIL TWILIGHT
JUNE 30 2015            START    **.** AKDT     END    **.** AKDT
JULY 1 2015             START    **.** AKDT     END    **.** AKDT



-  INDICATES NEGATIVE NUMBERS.
R  INDICATES RECORD WAS SET OR TIED.
MM INDICATES DATA IS MISSING.
T  INDICATES TRACE AMOUNT.




$$
&&
------------------------------------------------------
AMOUNT OF DAYLIGHT TODAY  (HOUR:MIN)........19:12
GAIN/LOSS SINCE YESTERDAY (HOUR:MIN:SEC)....-0:01:46

-
