000
CDAK48 PAFC 061309
CLIANC


CLIMATE REPORT
NATIONAL WEATHER SERVICE ANCHORAGE, AK
509 AM AKDT FRI MAY 6 2016


...................................

...THE ANCHORAGE AK CLIMATE SUMMARY FOR MAY 5 2016...

CLIMATE NORMAL PERIOD 1981 TO 2010
CLIMATE RECORD PERIOD 1952 TO 2016


WEATHER ITEM   OBSERVED TIME   RECORD YEAR NORMAL DEPARTURE LAST
                VALUE   (LST)  VALUE       VALUE  FROM      YEAR
                                                  NORMAL
..................................................................
TEMPERATURE (F)
 YESTERDAY
  MAXIMUM         48        MM  65    2004  53     -5       52
                                      1996
  MINIMUM         34        MM  27    2001  36     -2       37
  AVERAGE         41                        44     -3       45

PRECIPITATION (IN)
  YESTERDAY        T             0.46 1999   0.02  -0.02
  MONTH TO DATE    T                         0.09  -0.09
  SINCE MAR 1      1.25                      1.16   0.09
  SINCE JAN 1      1.83                      2.61  -0.78

SNOWFALL (IN)
  YESTERDAY        0.0           0.7  2001   0.0    0.0      0.0
  MONTH TO DATE    0.0                       0.1   -0.1      0.0
  SINCE MAR 1     10.7                      14.0   -3.3      4.6
  SINCE JUL 1     38.3                      74.3  -36.0     25.1
  SNOW DEPTH       0

DEGREE DAYS
 HEATING
  YESTERDAY       24                                3
  MONTH TO DATE  102                               -5
  SINCE MAR 1   1711                             -434
  SINCE JUL 1   8047                            -1427

 COOLING
  YESTERDAY        0                                0
  MONTH TO DATE    0                                0
  SINCE MAR 1      0                                0
  SINCE JAN 1      0                                0
..................................................................


WIND (MPH)
  HIGHEST WIND SPEED     9   HIGHEST WIND DIRECTION     S (190)
  HIGHEST GUST SPEED    MM   HIGHEST GUST DIRECTION    MM
  AVERAGE WIND SPEED     4.5




RELATIVE HUMIDITY (PERCENT)
 HIGHEST    92
 LOWEST     56
 AVERAGE    74

..........................................................


THE ANCHORAGE AK CLIMATE NORMALS FOR TODAY
                         NORMAL    RECORD    YEAR
 MAXIMUM TEMPERATURE (F)   53        66      2004
                                             1961
 MINIMUM TEMPERATURE (F)   37        29      1974
                                             1956


SUNRISE AND SUNSET
MAY  6 2016...........SUNRISE   535 AM AKDT  SUNSET  1020 PM AKDT
MAY  7 2016...........SUNRISE   533 AM AKDT  SUNSET  1022 PM AKDT


-  INDICATES NEGATIVE NUMBERS.
R  INDICATES RECORD WAS SET OR TIED.
MM INDICATES DATA IS MISSING.
T  INDICATES TRACE AMOUNT.




$$
