000
CDAK48 PAFC 190057
CLIANC

CLIMATE REPORT
NATIONAL WEATHER SERVICE ANCHORAGE, AK
456 PM AKDT THU SEP 18 2014


...................................

...THE ANCHORAGE AK CLIMATE SUMMARY FOR SEPTEMBER 18 2014...
VALID TODAY AS OF 0400 PM LOCAL TIME.

CLIMATE NORMAL PERIOD 1981 TO 2010
CLIMATE RECORD PERIOD 1915 TO 2014


WEATHER ITEM   OBSERVED RECORD YEAR NORMAL DEPARTURE LAST
                VALUE   VALUE       VALUE  FROM      YEAR
                                           NORMAL
...........................................................
TEMPERATURE (F)
 TODAY
  MAXIMUM         50     64    1995  54     -4       51
  MINIMUM         48     26    1930  41      7       42
  AVERAGE         49                 48              47

PRECIPITATION (IN)
  TODAY            0.18   1.50 1927   0.10   0.08     0.35
  MONTH TO DATE    3.06               1.81   1.25     4.57
  SINCE JUN 1     12.14               7.86   4.28    11.55
  SINCE JAN 1     15.37              11.10   4.27    17.93

SNOWFALL (IN)
  TODAY            0.0    0.0    MM   0.1   -0.1      0.0
  MONTH TO DATE    0.0                0.1   -0.1      0.0
  SINCE JUN 1      0.0                0.1   -0.1      0.0
  SINCE JUL 1      0.0                0.1   -0.1      0.0
  SNOW DEPTH       0

DEGREE DAYS
 HEATING
  TODAY           16                 17     -1       18
  MONTH TO DATE  208                257    -49      229
  SINCE SEP 1    208                257    -49      229
  SINCE JUL 1    557                707   -150      570

 COOLING
  TODAY            0                  0      0        0
  MONTH TO DATE    0                  0      0        0
  SINCE SEP 1      0                  0      0        0
  SINCE JAN 1      3                  2      1       21
...........................................................


WIND (MPH)
  RESULTANT WIND SPEED   6   RESULTANT WIND DIRECTION   N (0)
  HIGHEST WIND SPEED    12   HIGHEST WIND DIRECTION     N (360)
  HIGHEST GUST SPEED    16   HIGHEST GUST DIRECTION     N (360)
  AVERAGE WIND SPEED     6.4


SKY COVER
  POSSIBLE SUNSHINE  MM
  AVERAGE SKY COVER 0.9


WEATHER CONDITIONS
 THE FOLLOWING WEATHER WAS RECORDED TODAY.
  LIGHT RAIN


RELATIVE HUMIDITY (PERCENT)
 HIGHEST    93           100 AM
 LOWEST     80           100 PM
 AVERAGE    87

..........................................................


THE ANCHORAGE AK CLIMATE NORMALS FOR TOMORROW
                         NORMAL    RECORD    YEAR
 MAXIMUM TEMPERATURE (F)   54        63      1979
 MINIMUM TEMPERATURE (F)   41        26      1948
                                             1945
                                             1922


SUNRISE AND SUNSET
SEPTEMBER 18 2014.....SUNRISE   735 AM AKDT  SUNSET   812 PM AKDT
SEPTEMBER 19 2014.....SUNRISE   737 AM AKDT  SUNSET   809 PM AKDT

CIVIL TWILIGHT
SEPTEMBER 18 2014       START   651 AM AKDT     END   856 PM AKDT
SEPTEMBER 19 2014       START   654 AM AKDT     END   852 PM AKDT



-  INDICATES NEGATIVE NUMBERS.
R  INDICATES RECORD WAS SET OR TIED.
MM INDICATES DATA IS MISSING.
T  INDICATES TRACE AMOUNT.




$$
&&
------------------------------------------------------
AMOUNT OF DAYLIGHT TODAY  (HOUR:MIN)........12:37
GAIN/LOSS SINCE YESTERDAY (HOUR:MIN:SEC)....-0:05:39

$$
