000
CDAK48 PAFC 210100
CLIANC


CLIMATE REPORT
NATIONAL WEATHER SERVICE ANCHORAGE, AK
400 PM AKST MON FEB 20 2017


...................................

...THE ANCHORAGE AK CLIMATE SUMMARY FOR FEBRUARY 20 2017...
VALID TODAY AS OF 0400 PM LOCAL TIME.

CLIMATE NORMAL PERIOD 1981 TO 2010
CLIMATE RECORD PERIOD 1952 TO 2017


WEATHER ITEM   OBSERVED TIME   RECORD YEAR NORMAL DEPARTURE LAST
                VALUE   (LST)  VALUE       VALUE  FROM      YEAR
                                                  NORMAL
..................................................................
TEMPERATURE (F)
 TODAY
  MAXIMUM         20        MM  43    2010  28     -8       30
                                      1977
  MINIMUM         16        MM -14    1990  15      1       20
                                      1954
  AVERAGE         18                        21     -3       25

PRECIPITATION (IN)
  TODAY            0.01          0.56 1962   0.02  -0.01      T
  MONTH TO DATE    0.76                      0.54   0.22     0.09
  SINCE DEC 1      3.94                      2.38   1.56     0.60
  SINCE JAN 1      2.47                      1.27   1.20     0.37

SNOWFALL (IN)
  TODAY            0.8           4.3  1968   0.3    0.5       T
  MONTH TO DATE   17.3                       8.1    9.2       T
  SINCE DEC 1     65.9                      36.1   29.8      6.1
  SINCE JUL 1     69.8                      57.5   12.3     25.8
  SNOW DEPTH      26

DEGREE DAYS
 HEATING
  TODAY           47                        44      3       40
  MONTH TO DATE  924                       912     12      754
  SINCE DEC 1   4020                      3823    197     3265
  SINCE JUL 1   6673                      6987   -314     6079

 COOLING
  TODAY            0                         0      0        0
  MONTH TO DATE    0                         0      0        0
  SINCE DEC 1      0                         0      0        0
  SINCE JAN 1      0                         0      0        0
..................................................................


WIND (MPH)
  RESULTANT WIND SPEED   1   RESULTANT WIND DIRECTION  NW (330)
  HIGHEST WIND SPEED     9   HIGHEST WIND DIRECTION     N (360)
  HIGHEST GUST SPEED    MM   HIGHEST GUST DIRECTION    MM
  AVERAGE WIND SPEED     4.1


SKY COVER
  POSSIBLE SUNSHINE  MM
  AVERAGE SKY COVER 1.0


WEATHER CONDITIONS
 THE FOLLOWING WEATHER WAS RECORDED TODAY.
  SNOW
  LIGHT SNOW
  FOG


RELATIVE HUMIDITY (PERCENT)
 HIGHEST    88           100 PM
 LOWEST     73           300 AM
 AVERAGE    81

..........................................................


THE ANCHORAGE AK CLIMATE NORMALS FOR TOMORROW
                         NORMAL    RECORD    YEAR
 MAXIMUM TEMPERATURE (F)   28        44      1977
 MINIMUM TEMPERATURE (F)   15       -16      1965
                                             1956


SUNRISE AND SUNSET
FEBRUARY 20 2017......SUNRISE   826 AM AKST  SUNSET   602 PM AKST
FEBRUARY 21 2017......SUNRISE   823 AM AKST  SUNSET   605 PM AKST


-  INDICATES NEGATIVE NUMBERS.
R  INDICATES RECORD WAS SET OR TIED.
MM INDICATES DATA IS MISSING.
T  INDICATES TRACE AMOUNT.




$$
