103
CDAK48 PAFC 221309
CLIANC

CLIMATE REPORT
NATIONAL WEATHER SERVICE ANCHORAGE, AK
408 AM AKST SUN JAN 22 2017


...................................

...THE ANCHORAGE AK CLIMATE SUMMARY FOR JANUARY 21 2017...

CLIMATE NORMAL PERIOD 1981 TO 2010
CLIMATE RECORD PERIOD 1952 TO 2017


WEATHER ITEM   OBSERVED TIME   RECORD YEAR NORMAL DEPARTURE LAST
                VALUE   (LST)  VALUE       VALUE  FROM      YEAR
                                                  NORMAL
..................................................................
TEMPERATURE (F)
 YESTERDAY
  MAXIMUM         15   1144 PM  45    2014  23     -8       27
                                      1980
  MINIMUM         11   1214 AM -23    1989  11      0       17
  AVERAGE         13                        17     -4       22

PRECIPITATION (IN)
  YESTERDAY        0.35          0.84 1961   0.02   0.33
  MONTH TO DATE    1.31                      0.49   0.82
  SINCE DEC 1      2.78                      1.60   1.18
  SINCE JAN 1      1.31                      0.49   0.82

SNOWFALL (IN)
  YESTERDAY       10.3 R         3.8  1981   0.3   10.0      0.0
  MONTH TO DATE   23.3                       7.6   15.7      3.5
  SINCE DEC 1     40.2                      24.3   15.9      6.1
  SINCE JUL 1     44.1                      45.7   -1.6     25.8
  SNOW DEPTH      27

DEGREE DAYS
 HEATING
  YESTERDAY       52                                4
  MONTH TO DATE 1181                              176
  SINCE DEC 1   2690                              259
  SINCE JUL 1   5343                             -252

 COOLING
  YESTERDAY        0                                0
  MONTH TO DATE    0                                0
  SINCE DEC 1      0                                0
  SINCE JAN 1      0                                0
..................................................................


WIND (MPH)
  HIGHEST WIND SPEED    10   HIGHEST WIND DIRECTION     N (360)
  HIGHEST GUST SPEED    15   HIGHEST GUST DIRECTION     N (360)
  AVERAGE WIND SPEED     5.4




RELATIVE HUMIDITY (PERCENT)
 HIGHEST    88
 LOWEST     76
 AVERAGE    82

..........................................................


THE ANCHORAGE AK CLIMATE NORMALS FOR TODAY
                         NORMAL    RECORD    YEAR
 MAXIMUM TEMPERATURE (F)   23        44      1991
 MINIMUM TEMPERATURE (F)   11       -25      1989


SUNRISE AND SUNSET
JANUARY 22 2017.......SUNRISE   942 AM AKST  SUNSET   442 PM AKST
JANUARY 23 2017.......SUNRISE   940 AM AKST  SUNSET   445 PM AKST

CIVIL TWILIGHT
JANUARY 22 2017         START    850 AM GMT     END    535 PM GMT
JANUARY 23 2017         START    848 AM GMT     END    538 PM GMT



-  INDICATES NEGATIVE NUMBERS.
R  INDICATES RECORD WAS SET OR TIED.
MM INDICATES DATA IS MISSING.
T  INDICATES TRACE AMOUNT.




$$
&&
-----------------------------------------------------
AMOUNT OF DAYLIGHT TODAY  (HOUR:MIN)........ 7:00
GAIN/LOSS SINCE YESTERDAY (HOUR:MIN:SEC)....+0:04:46

$$
