000
CDAK48 PAFC 281238
CLIANC

CLIMATE REPORT
NATIONAL WEATHER SERVICE ANCHORAGE, AK
437 AM AKDT FRI AUG 28 2015


...................................

...THE ANCHORAGE AK CLIMATE SUMMARY FOR AUGUST 27 2015...

CLIMATE NORMAL PERIOD 1981 TO 2010
CLIMATE RECORD PERIOD 1952 TO 2015


WEATHER ITEM   OBSERVED RECORD YEAR NORMAL DEPARTURE LAST
                VALUE   VALUE       VALUE  FROM      YEAR
                                           NORMAL
...........................................................
TEMPERATURE (F)
 YESTERDAY
  MAXIMUM         66     69    1993  62      4       61
  MINIMUM         48     36    1952  48      0       53
  AVERAGE         57                 55      2       57

PRECIPITATION (IN)
  YESTERDAY        T      1.11 1960   0.11  -0.11
  MONTH TO DATE    0.97               2.80  -1.83
  SINCE JUN 1      4.24               5.60  -1.36
  SINCE JAN 1      7.30               8.84  -1.54

SNOWFALL (IN)
  YESTERDAY        0.0    0.0    MM   0.0    0.0
  MONTH TO DATE    0.0                0.0    0.0
  SINCE JUN 1      0.0                0.0    0.0
  SINCE JUL 1      0.0                0.0    0.0
  SNOW DEPTH       0

DEGREE DAYS
 HEATING
  YESTERDAY        8                        -2
  MONTH TO DATE  128                       -83
  SINCE JUN 1    394                      -304
  SINCE JUL 1    221                      -184

 COOLING
  YESTERDAY        0                         0
  MONTH TO DATE    8                         8
  SINCE JUN 1     34                        32
  SINCE JAN 1     34                        32
...........................................................


WIND (MPH)
  HIGHEST WIND SPEED    24   HIGHEST WIND DIRECTION     N (340)
  HIGHEST GUST SPEED    44   HIGHEST GUST DIRECTION     N (340)
  AVERAGE WIND SPEED    13.7




RELATIVE HUMIDITY (PERCENT)
 HIGHEST    83
 LOWEST     36
 AVERAGE    60

..........................................................


THE ANCHORAGE AK CLIMATE NORMALS FOR TODAY
                         NORMAL    RECORD    YEAR
 MAXIMUM TEMPERATURE (F)   61        70      1974
                                             1967
                                             1962
 MINIMUM TEMPERATURE (F)   47        31      1984


SUNRISE AND SUNSET
AUGUST 28 2015........SUNRISE   642 AM AKDT  SUNSET   919 PM AKDT
AUGUST 29 2015........SUNRISE   644 AM AKDT  SUNSET   916 PM AKDT

CIVIL TWILIGHT
AUGUST 28 2015          START   554 AM AKDT     END  1007 PM AKDT
AUGUST 29 2015          START   557 AM AKDT     END  1004 PM AKDT



-  INDICATES NEGATIVE NUMBERS.
R  INDICATES RECORD WAS SET OR TIED.
MM INDICATES DATA IS MISSING.
T  INDICATES TRACE AMOUNT.




$$
&&
------------------------------------------------------
AMOUNT OF DAYLIGHT TODAY  (HOUR:MIN)........14:37
GAIN/LOSS SINCE YESTERDAY (HOUR:MIN:SEC)....-0:05:38
