289
CDAK48 PAFC 071235
CLIANC


CLIMATE REPORT
NATIONAL WEATHER SERVICE ANCHORAGE, AK
335 AM AKST WED DEC 7 2016


...................................

...THE ANCHORAGE AK CLIMATE SUMMARY FOR DECEMBER 6 2016...

CLIMATE NORMAL PERIOD 1981 TO 2010
CLIMATE RECORD PERIOD 1952 TO 2016


WEATHER ITEM   OBSERVED TIME   RECORD YEAR NORMAL DEPARTURE LAST
                VALUE   (LST)  VALUE       VALUE  FROM      YEAR
                                                  NORMAL
..................................................................
TEMPERATURE (F)
 YESTERDAY
  MAXIMUM         17   1107 PM  41    1969  25     -8       17
                                      1960
  MINIMUM         12    737 AM -20    1975  14     -2        4
  AVERAGE         15                        20     -5       11

PRECIPITATION (IN)
  YESTERDAY        0.00          0.58 1991   0.03  -0.03
  MONTH TO DATE    0.50                      0.22   0.28
  SINCE DEC 1      0.50                      0.22   0.28
  SINCE JAN 1     15.49                     15.69  -0.20

SNOWFALL (IN)
  YESTERDAY        0.0           6.8  1991   0.6   -0.6      0.0
  MONTH TO DATE    8.4                       3.3    5.1      1.2
  SINCE DEC 1      8.4                       3.3    5.1      1.2
  SINCE JUL 1     12.3                      24.7  -12.4     20.9
  SNOW DEPTH       6

DEGREE DAYS
 HEATING
  YESTERDAY       50                                5
  MONTH TO DATE  313                               43
  SINCE DEC 1    313                               43
  SINCE JUL 1   2966                             -468

 COOLING
  YESTERDAY        0                                0
  MONTH TO DATE    0                                0
  SINCE DEC 1      0                                0
  SINCE JAN 1     13                               11
..................................................................


WIND (MPH)
  HIGHEST WIND SPEED    15   HIGHEST WIND DIRECTION     N (360)
  HIGHEST GUST SPEED    18   HIGHEST GUST DIRECTION     N (360)
  AVERAGE WIND SPEED     9.9




RELATIVE HUMIDITY (PERCENT)
 HIGHEST    59
 LOWEST     53
 AVERAGE    56

..........................................................


THE ANCHORAGE AK CLIMATE NORMALS FOR TODAY
                         NORMAL    RECORD    YEAR
 MAXIMUM TEMPERATURE (F)   25        43      1982
                                             1960
 MINIMUM TEMPERATURE (F)   14       -20      1975


SUNRISE AND SUNSET
DECEMBER  7 2016......SUNRISE   959 AM AKST  SUNSET   345 PM AKST
DECEMBER  8 2016......SUNRISE  1000 AM AKST  SUNSET   344 PM AKST


-  INDICATES NEGATIVE NUMBERS.
R  INDICATES RECORD WAS SET OR TIED.
MM INDICATES DATA IS MISSING.
T  INDICATES TRACE AMOUNT.




$$
