119
CDUS43 KAPX 070528
CLIANJ


CLIMATE REPORT
NATIONAL WEATHER SERVICE GAYLORD MI
1227 AM EST SUN FEB 7 2016


...................................

...THE SAULT STE MARIE MI CLIMATE SUMMARY FOR FEBRUARY 6 2016...

CLIMATE NORMAL PERIOD 1981 TO 2010
CLIMATE RECORD PERIOD 1888 TO 2016


WEATHER ITEM   OBSERVED TIME   RECORD YEAR NORMAL DEPARTURE LAST
                VALUE   (LST)  VALUE       VALUE  FROM      YEAR
                                                  NORMAL
..................................................................
TEMPERATURE (F)
 YESTERDAY
  MAXIMUM         29    535 PM  44    2005  24      5       20
  MINIMUM         20    102 AM -28    1895   8     12       14
  AVERAGE         25                        16      9       17

PRECIPITATION (IN)
  YESTERDAY        0.07          0.86 1953   0.05   0.02     0.10
  MONTH TO DATE    0.35                      0.31   0.04     0.23
  SINCE DEC 1      7.31                      5.29   2.02     5.57
  SINCE JAN 1      1.90                      2.50  -0.60     2.23

SNOWFALL (IN)
  YESTERDAY        1.9           5.1  2006   0.8    1.1      2.7
                                      1908
  MONTH TO DATE    6.4                       4.9    1.5      5.0
  SINCE OCT 1     45.4                      86.5  -41.1    134.0
  SINCE JUL 1     45.4                      86.5  -41.1    134.0
  SNOW DEPTH      15

DEGREE DAYS
 HEATING
  YESTERDAY       40                        49     -9       48
  MONTH TO DATE  244                       296    -52      351
  SINCE DEC 1   2609                      3164   -555     3238
  SINCE JUL 1   4100                      5096   -996     5400
..................................................................


WIND (MPH)
  HIGHEST WIND SPEED    15   HIGHEST WIND DIRECTION    SW (240)
  HIGHEST GUST SPEED    22   HIGHEST GUST DIRECTION    SW (230)
  AVERAGE WIND SPEED     7.5




RELATIVE HUMIDITY (PERCENT)
 HIGHEST    88
 LOWEST     73
 AVERAGE    81

..........................................................


THE SAULT STE MARIE MI CLIMATE NORMALS FOR TODAY
                         NORMAL    RECORD    YEAR
 MAXIMUM TEMPERATURE (F)   24        41      1965
 MINIMUM TEMPERATURE (F)    8       -26      1899


SUNRISE AND SUNSET
FEBRUARY  7 2016......SUNRISE   754 AM EST   SUNSET   550 PM EST
FEBRUARY  8 2016......SUNRISE   752 AM EST   SUNSET   552 PM EST


-  INDICATES NEGATIVE NUMBERS.
R  INDICATES RECORD WAS SET OR TIED.
MM INDICATES DATA IS MISSING.
T  INDICATES TRACE AMOUNT.




$$
