000
CDUS43 KAPX 010626
CLIANJ


CLIMATE REPORT
NATIONAL WEATHER SERVICE GAYLORD MI
226 AM EDT TUE SEP 1 2015


...................................

...THE SAULT STE MARIE MI CLIMATE SUMMARY FOR AUGUST 31 2015...

CLIMATE NORMAL PERIOD 1981 TO 2010
CLIMATE RECORD PERIOD 1888 TO 2015


WEATHER ITEM   OBSERVED TIME   RECORD YEAR NORMAL DEPARTURE LAST
                VALUE   (LST)  VALUE       VALUE  FROM      YEAR
                                                  NORMAL
..................................................................
TEMPERATURE (F)
 YESTERDAY
  MAXIMUM         77    445 PM  89    2000  72      5       72
  MINIMUM         63   1154 PM  37    1978  52     11       59
                                      1967
  AVERAGE         70                        62      8       66

PRECIPITATION (IN)
  YESTERDAY        0.00          1.06 1938   0.11  -0.11     0.00
  MONTH TO DATE    2.77                      3.17  -0.40     2.48
  SINCE JUN 1      8.55                      8.73  -0.18     6.88
  SINCE JAN 1     17.25                     19.17  -1.92    18.92

DEGREE DAYS
 HEATING
  YESTERDAY        0                         4     -4        0
  MONTH TO DATE   47                        77    -30       70
  SINCE JUN 1    289                       327    -38      290
  SINCE JUL 1    101                       147    -46      181

 COOLING
  YESTERDAY        5                         1      4        1
  MONTH TO DATE   91                        65     26       48
  SINCE JUN 1    190                       173     17      106
  SINCE JAN 1    192                       178     14      108
..................................................................


WIND (MPH)
  HIGHEST WIND SPEED    12   HIGHEST WIND DIRECTION    SW (210)
  HIGHEST GUST SPEED    15   HIGHEST GUST DIRECTION     S (200)
  AVERAGE WIND SPEED     4.6




RELATIVE HUMIDITY (PERCENT)
 HIGHEST    93
 LOWEST     68
 AVERAGE    81

..........................................................


THE SAULT STE MARIE MI CLIMATE NORMALS FOR TODAY
                         NORMAL    RECORD    YEAR
 MAXIMUM TEMPERATURE (F)   72        93      1953
 MINIMUM TEMPERATURE (F)   52        36      1974


SUNRISE AND SUNSET
SEPTEMBER  1 2015.....SUNRISE   657 AM EDT   SUNSET   817 PM EDT
SEPTEMBER  2 2015.....SUNRISE   658 AM EDT   SUNSET   815 PM EDT


-  INDICATES NEGATIVE NUMBERS.
R  INDICATES RECORD WAS SET OR TIED.
MM INDICATES DATA IS MISSING.
T  INDICATES TRACE AMOUNT.




$$
