000
CDUS43 KAPX 030550
CLIANJ


CLIMATE REPORT
NATIONAL WEATHER SERVICE GAYLORD MI
1250 AM EST TUE MAR 3 2015


...................................

...THE SAULT STE MARIE MI CLIMATE SUMMARY FOR MARCH 2 2015...

CLIMATE NORMAL PERIOD 1981 TO 2010
CLIMATE RECORD PERIOD 1888 TO 2015


WEATHER ITEM   OBSERVED TIME   RECORD YEAR NORMAL DEPARTURE LAST
                VALUE   (LST)  VALUE       VALUE  FROM      YEAR
                                                  NORMAL
..................................................................
TEMPERATURE (F)
 YESTERDAY
  MAXIMUM         20    309 PM  46    1964  30    -10        2
  MINIMUM          3   1159 PM -17    1962  13    -10      -16
                                      1943
  AVERAGE         12                        21     -9       -7

PRECIPITATION (IN)
  YESTERDAY        T             0.64 1991   0.06  -0.06      T
  MONTH TO DATE    0.02                      0.11  -0.09      T
  SINCE MAR 1      0.02                      0.11  -0.09      T
  SINCE JAN 1      3.39                      3.64  -0.25     3.36

SNOWFALL (IN)
  YESTERDAY        T             7.8  2007   0.5   -0.5       T
  MONTH TO DATE    0.7                       1.1   -0.4      0.1
  SINCE OCT 1    149.4                     101.3   48.1    106.2
  SINCE JUL 1    149.4                     101.3   48.1    106.2
  SNOW DEPTH      28

DEGREE DAYS
 HEATING
  YESTERDAY       53                        44      9       72
  MONTH TO DATE  104                        88     16      135
  SINCE MAR 1    104                        88     16      135
  SINCE JUL 1   6883                      6214    669     6915

 COOLING
  YESTERDAY        0                         0      0        0
  MONTH TO DATE    0                         0      0        0
  SINCE MAR 1      0                         0      0        0
  SINCE JAN 1      0                         0      0        0
..................................................................


WIND (MPH)
  HIGHEST WIND SPEED    21   HIGHEST WIND DIRECTION    NW (310)
  HIGHEST GUST SPEED    28   HIGHEST GUST DIRECTION     W (290)
  AVERAGE WIND SPEED    10.2




RELATIVE HUMIDITY (PERCENT)
 HIGHEST    86
 LOWEST     56
 AVERAGE    71

..........................................................


THE SAULT STE MARIE MI CLIMATE NORMALS FOR TODAY
                         NORMAL    RECORD    YEAR
 MAXIMUM TEMPERATURE (F)   30        50      1974
 MINIMUM TEMPERATURE (F)   13       -24      1943


SUNRISE AND SUNSET
MARCH  3 2015.........SUNRISE   714 AM EST   SUNSET   626 PM EST
MARCH  4 2015.........SUNRISE   712 AM EST   SUNSET   627 PM EST


-  INDICATES NEGATIVE NUMBERS.
R  INDICATES RECORD WAS SET OR TIED.
MM INDICATES DATA IS MISSING.
T  INDICATES TRACE AMOUNT.




$$
