000
CDUS43 KAPX 280537
CLIANJ


CLIMATE REPORT
NATIONAL WEATHER SERVICE GAYLORD MI
137 AM EDT SAT MAR 28 2015


...................................

...THE SAULT STE MARIE MI CLIMATE SUMMARY FOR MARCH 27 2015...

CLIMATE NORMAL PERIOD 1981 TO 2010
CLIMATE RECORD PERIOD 1888 TO 2015


WEATHER ITEM   OBSERVED TIME   RECORD YEAR NORMAL DEPARTURE LAST
                VALUE   (LST)  VALUE       VALUE  FROM      YEAR
                                                  NORMAL
..................................................................
TEMPERATURE (F)
 YESTERDAY
  MAXIMUM         15    416 PM  69    1945  39    -24       33
  MINIMUM          4    809 AM  -6    1996  22    -18       19
  AVERAGE         10                        31    -21       26

PRECIPITATION (IN)
  YESTERDAY        0.00          0.88 1950   0.07  -0.07     0.53
  MONTH TO DATE    1.08                      1.66  -0.58     1.61
  SINCE MAR 1      1.08                      1.66  -0.58     1.61
  SINCE JAN 1      4.45                      5.19  -0.74     4.97

SNOWFALL (IN)
  YESTERDAY        0.0           4.4  2014   0.3   -0.3      4.4
  MONTH TO DATE   13.8                      12.1    1.7     17.2
  SINCE OCT 1    162.5                     112.3   50.2    123.3
  SINCE JUL 1    162.5                     112.3   50.2    123.3
  SNOW DEPTH      24

DEGREE DAYS
 HEATING
  YESTERDAY       55                        34     21       39
  MONTH TO DATE 1163                      1068     95     1361
  SINCE MAR 1   1163                      1068     95     1361
  SINCE JUL 1   7942                      7194    748     8141

 COOLING
  YESTERDAY        0                         0      0        0
  MONTH TO DATE    0                         0      0        0
  SINCE MAR 1      0                         0      0        0
  SINCE JAN 1      0                         0      0        0
..................................................................


WIND (MPH)
  HIGHEST WIND SPEED    20   HIGHEST WIND DIRECTION    NW (310)
  HIGHEST GUST SPEED    27   HIGHEST GUST DIRECTION    NW (300)
  AVERAGE WIND SPEED    10.8




RELATIVE HUMIDITY (PERCENT)
 HIGHEST    80
 LOWEST     48
 AVERAGE    64

..........................................................


THE SAULT STE MARIE MI CLIMATE NORMALS FOR TODAY
                         NORMAL    RECORD    YEAR
 MAXIMUM TEMPERATURE (F)   40        75      1946
 MINIMUM TEMPERATURE (F)   23       -11      1923


SUNRISE AND SUNSET
MARCH 28 2015.........SUNRISE   725 AM EDT   SUNSET   801 PM EDT
MARCH 29 2015.........SUNRISE   723 AM EDT   SUNSET   802 PM EDT


-  INDICATES NEGATIVE NUMBERS.
R  INDICATES RECORD WAS SET OR TIED.
MM INDICATES DATA IS MISSING.
T  INDICATES TRACE AMOUNT.




$$
