000
CDUS43 KAPX 190529
CLIANJ


CLIMATE REPORT
NATIONAL WEATHER SERVICE GAYLORD MI
128 AM EDT THU OCT 19 2017


...................................

...THE SAULT STE MARIE MI CLIMATE SUMMARY FOR OCTOBER 18 2017...

CLIMATE NORMAL PERIOD 1981 TO 2010
CLIMATE RECORD PERIOD 1888 TO 2017


WEATHER ITEM   OBSERVED TIME   RECORD YEAR NORMAL DEPARTURE LAST
                VALUE   (LST)  VALUE       VALUE  FROM      YEAR
                                                  NORMAL
..................................................................
TEMPERATURE (F)
 YESTERDAY
  MAXIMUM         69    340 PM  77    1910  52     17       69
  MINIMUM         44    418 AM  17    1974  37      7       46
  AVERAGE         57                        45     12       58

PRECIPITATION (IN)
  YESTERDAY        0.00          2.24 1923   0.12  -0.12     0.42
  MONTH TO DATE    2.46                      2.27   0.19     3.11
  SINCE SEP 1      3.51                      6.09  -2.58     7.93
  SINCE JAN 1     31.27                     25.26   6.01    28.01

SNOWFALL (IN)
  YESTERDAY        0.0           6.8  1972   0.1   -0.1      0.0
  MONTH TO DATE    0.0                       0.4   -0.4      0.0
  SINCE OCT 1      0.0                       0.4   -0.4      0.0
  SINCE JUL 1      0.0                       0.4   -0.4      0.0
  SNOW DEPTH       0

DEGREE DAYS
 HEATING
  YESTERDAY        8                        20    -12        7
  MONTH TO DATE  176                       308   -132      183
  SINCE SEP 1    313                       562   -249      260
  SINCE JUL 1    396                       709   -313      295

 COOLING
  YESTERDAY        0                         0      0        0
  MONTH TO DATE    4                         0      4        0
  SINCE SEP 1     86                        17     69       35
  SINCE JAN 1    214                       195     19      361
..................................................................


WIND (MPH)
  HIGHEST WIND SPEED    31   HIGHEST WIND DIRECTION     S (200)
  HIGHEST GUST SPEED    39   HIGHEST GUST DIRECTION     S (200)
  AVERAGE WIND SPEED    11.7




RELATIVE HUMIDITY (PERCENT)
 HIGHEST   100
 LOWEST     44
 AVERAGE    72

..........................................................


THE SAULT STE MARIE MI CLIMATE NORMALS FOR TODAY
                         NORMAL    RECORD    YEAR
 MAXIMUM TEMPERATURE (F)   52        78      1910
 MINIMUM TEMPERATURE (F)   37        21      1992


SUNRISE AND SUNSET
OCTOBER 19 2017.......SUNRISE   801 AM EDT   SUNSET   643 PM EDT
OCTOBER 20 2017.......SUNRISE   802 AM EDT   SUNSET   641 PM EDT


-  INDICATES NEGATIVE NUMBERS.
R  INDICATES RECORD WAS SET OR TIED.
MM INDICATES DATA IS MISSING.
T  INDICATES TRACE AMOUNT.




$$
