000
CDUS43 KAPX 250528
CLIANJ


CLIMATE REPORT
NATIONAL WEATHER SERVICE GAYLORD MI
127 AM EDT THU AUG 25 2016


...................................

...THE SAULT STE MARIE MI CLIMATE SUMMARY FOR AUGUST 24 2016...

CLIMATE NORMAL PERIOD 1981 TO 2010
CLIMATE RECORD PERIOD 1888 TO 2016


WEATHER ITEM   OBSERVED TIME   RECORD YEAR NORMAL DEPARTURE LAST
                VALUE   (LST)  VALUE       VALUE  FROM      YEAR
                                                  NORMAL
..................................................................
TEMPERATURE (F)
 YESTERDAY
  MAXIMUM         72    446 PM  92    1947  74     -2       64
  MINIMUM         61    617 AM  34    1940  54      7       52
  AVERAGE         67                        64      3       58

PRECIPITATION (IN)
  YESTERDAY        0.88          1.34 1962   0.10   0.78     0.25
  MONTH TO DATE    3.39                      2.43   0.96     2.39
  SINCE JUN 1      8.60                      7.99   0.61     8.17
  SINCE JAN 1     19.15                     18.43   0.72    16.87

DEGREE DAYS
 HEATING
  YESTERDAY        0                         3     -3        7
  MONTH TO DATE    8                        52    -44       23
  SINCE JUN 1    194                       301   -107      265
  SINCE JUL 1     31                       121    -90       77

 COOLING
  YESTERDAY        2                         2      0        0
  MONTH TO DATE  139                        59     80       82
  SINCE JUN 1    305                       167    138      181
  SINCE JAN 1    316                       172    144      183
..................................................................


WIND (MPH)
  HIGHEST WIND SPEED    16   HIGHEST WIND DIRECTION    SE (130)
  HIGHEST GUST SPEED    22   HIGHEST GUST DIRECTION    SE (130)
  AVERAGE WIND SPEED     6.2




RELATIVE HUMIDITY (PERCENT)
 HIGHEST   100
 LOWEST     84
 AVERAGE    92

..........................................................


THE SAULT STE MARIE MI CLIMATE NORMALS FOR TODAY
                         NORMAL    RECORD    YEAR
 MAXIMUM TEMPERATURE (F)   74        90      2012
                                             1948
 MINIMUM TEMPERATURE (F)   54        35      1977


SUNRISE AND SUNSET
AUGUST 25 2016........SUNRISE   649 AM EDT   SUNSET   829 PM EDT
AUGUST 26 2016........SUNRISE   650 AM EDT   SUNSET   827 PM EDT


-  INDICATES NEGATIVE NUMBERS.
R  INDICATES RECORD WAS SET OR TIED.
MM INDICATES DATA IS MISSING.
T  INDICATES TRACE AMOUNT.




$$
