000
CDUS43 KAPX 290542
CLIANJ


CLIMATE REPORT
NATIONAL WEATHER SERVICE GAYLORD MI
1241 AM EST MON DEC 29 2014


...................................

...THE SAULT STE MARIE MI CLIMATE SUMMARY FOR DECEMBER 28 2014...

CLIMATE NORMAL PERIOD 1981 TO 2010
CLIMATE RECORD PERIOD 1888 TO 2014


WEATHER ITEM   OBSERVED TIME   RECORD YEAR NORMAL DEPARTURE LAST
                VALUE   (LST)  VALUE       VALUE  FROM      YEAR
                                                  NORMAL
..................................................................
TEMPERATURE (F)
 YESTERDAY
  MAXIMUM         31   1239 AM  45    1982  25      6       33
  MINIMUM         19   1159 PM -19    1933  11      8       20
                                      1917
                                      1894
  AVERAGE         25                        18      7       27

PRECIPITATION (IN)
  YESTERDAY        0.10          0.87 1984   0.08   0.02     0.00
  MONTH TO DATE    2.82                      2.56   0.26     2.37
  SINCE DEC 1      2.82                      2.56   0.26     2.37
  SINCE JAN 1     40.00                     32.72   7.28    48.35

SNOWFALL (IN)
  YESTERDAY        1.9           7.6  1957   1.1    0.8      0.0
  MONTH TO DATE   24.3                      30.2   -5.9     27.4
  SINCE OCT 1     89.7                      46.9   42.8     49.1
  SINCE JUL 1     89.7                      46.9   42.8     49.1
  SNOW DEPTH       8

DEGREE DAYS
 HEATING
  YESTERDAY       40                        47     -7       38
  MONTH TO DATE 1070                      1185   -115     1435
  SINCE DEC 1   1070                      1185   -115     1435
  SINCE JUL 1   3232                      3117    115     3328
..................................................................


WIND (MPH)
  HIGHEST WIND SPEED    21   HIGHEST WIND DIRECTION     W (290)
  HIGHEST GUST SPEED    31   HIGHEST GUST DIRECTION    NW (300)
  AVERAGE WIND SPEED    12.0




RELATIVE HUMIDITY (PERCENT)
 HIGHEST    84
 LOWEST     59
 AVERAGE    72

..........................................................


THE SAULT STE MARIE MI CLIMATE NORMALS FOR TODAY
                         NORMAL    RECORD    YEAR
 MAXIMUM TEMPERATURE (F)   25        41      2003
 MINIMUM TEMPERATURE (F)   11       -24      1933


SUNRISE AND SUNSET
DECEMBER 29 2014......SUNRISE   821 AM EST   SUNSET   458 PM EST
DECEMBER 30 2014......SUNRISE   821 AM EST   SUNSET   459 PM EST


-  INDICATES NEGATIVE NUMBERS.
R  INDICATES RECORD WAS SET OR TIED.
MM INDICATES DATA IS MISSING.
T  INDICATES TRACE AMOUNT.




$$
