000
CDUS43 KAPX 132143
CLIANJ


CLIMATE REPORT
NATIONAL WEATHER SERVICE GAYLORD MI
542 PM EDT SUN JUL 13 2014


...................................

...THE SAULT STE MARIE MI CLIMATE SUMMARY FOR JULY 13 2014...
VALID TODAY AS OF 0500 PM LOCAL TIME.

CLIMATE NORMAL PERIOD 1981 TO 2010
CLIMATE RECORD PERIOD 1888 TO 2014


WEATHER ITEM   OBSERVED TIME   RECORD YEAR NORMAL DEPARTURE LAST
                VALUE   (LST)  VALUE       VALUE  FROM      YEAR
                                                  NORMAL
..................................................................
TEMPERATURE (F)
 TODAY
  MAXIMUM         66    338 PM  92    2006  76    -10       84
                                      1943
                                      1921
  MINIMUM         57   1205 PM  39    1982  54      3       56
  AVERAGE         62                        65     -3       70

PRECIPITATION (IN)
  TODAY            T             2.20 1956   0.08  -0.08     0.00
  MONTH TO DATE    0.52                      1.11  -0.59     0.24
  SINCE JUN 1      3.44                      3.81  -0.37     3.49
  SINCE JAN 1     15.48                     14.25   1.23    17.75

DEGREE DAYS
 HEATING
  TODAY            3                         2      1        0
  MONTH TO DATE   54                        36     18        7
  SINCE JUN 1    163                       216    -53      153
  SINCE JUL 1     54                        36     18        7

 COOLING
  TODAY            0                         3     -3        5
  MONTH TO DATE    7                        30    -23       46
  SINCE JUN 1     44                        60    -16       85
  SINCE JAN 1     46                        65    -19       94
..................................................................


WIND (MPH)
  RESULTANT WIND SPEED   9   RESULTANT WIND DIRECTION  NW (300)
  HIGHEST WIND SPEED    18   HIGHEST WIND DIRECTION    NW (300)
  HIGHEST GUST SPEED    27   HIGHEST GUST DIRECTION    NW (300)
  AVERAGE WIND SPEED    10.4


SKY COVER
  POSSIBLE SUNSHINE  MM
  AVERAGE SKY COVER 0.8


WEATHER CONDITIONS
 THE FOLLOWING WEATHER WAS RECORDED TODAY.
  LIGHT RAIN
  FOG
  FOG W/VISIBILITY <= 1/4 MILE


RELATIVE HUMIDITY (PERCENT)
 HIGHEST    93           100 AM
 LOWEST     52           300 PM
 AVERAGE    73

..........................................................


THE SAULT STE MARIE MI CLIMATE NORMALS FOR TOMORROW
                         NORMAL    RECORD    YEAR
 MAXIMUM TEMPERATURE (F)   76        92      1983
 MINIMUM TEMPERATURE (F)   54        36      1950


SUNRISE AND SUNSET
JULY 13 2014..........SUNRISE   558 AM EDT   SUNSET   928 PM EDT
JULY 14 2014..........SUNRISE   559 AM EDT   SUNSET   927 PM EDT


-  INDICATES NEGATIVE NUMBERS.
R  INDICATES RECORD WAS SET OR TIED.
MM INDICATES DATA IS MISSING.
T  INDICATES TRACE AMOUNT.




$$
