000
CDUS43 KAPX 280539
CLIANJ


CLIMATE REPORT
NATIONAL WEATHER SERVICE GAYLORD MI
138 AM EDT THU JUL 28 2016


...................................

...THE SAULT STE MARIE MI CLIMATE SUMMARY FOR JULY 27 2016...

CLIMATE NORMAL PERIOD 1981 TO 2010
CLIMATE RECORD PERIOD 1888 TO 2016


WEATHER ITEM   OBSERVED TIME   RECORD YEAR NORMAL DEPARTURE LAST
                VALUE   (LST)  VALUE       VALUE  FROM      YEAR
                                                  NORMAL
..................................................................
TEMPERATURE (F)
 YESTERDAY
  MAXIMUM         82    309 PM  92    2015  77      5       92
                                      1894
  MINIMUM         61   1052 PM  39    1971  55      6       60
  AVERAGE         72                        66      6       76

PRECIPITATION (IN)
  YESTERDAY        0.00          1.23 1901   0.10  -0.10     0.00
  MONTH TO DATE    3.33                      2.45   0.88     3.05
  SINCE JUN 1      5.21                      5.15   0.06     5.78
  SINCE JAN 1     15.76                     15.59   0.17    14.48

DEGREE DAYS
 HEATING
  YESTERDAY        0                         2     -2        0
  MONTH TO DATE   23                        64    -41       51
  SINCE JUN 1    186                       244    -58      239
  SINCE JUL 1     23                        64    -41       51

 COOLING
  YESTERDAY        7                         3      4       11
  MONTH TO DATE  112                        72     40       68
  SINCE JUN 1    148                       102     46       75
  SINCE JAN 1    159                       107     52       77
..................................................................


WIND (MPH)
  HIGHEST WIND SPEED    13   HIGHEST WIND DIRECTION    NW (320)
  HIGHEST GUST SPEED    17   HIGHEST GUST DIRECTION    NW (320)
  AVERAGE WIND SPEED     5.6




RELATIVE HUMIDITY (PERCENT)
 HIGHEST   100
 LOWEST     39
 AVERAGE    70

..........................................................


THE SAULT STE MARIE MI CLIMATE NORMALS FOR TODAY
                         NORMAL    RECORD    YEAR
 MAXIMUM TEMPERATURE (F)   77        95      2015
 MINIMUM TEMPERATURE (F)   55        39      1978


SUNRISE AND SUNSET
JULY 28 2016..........SUNRISE   614 AM EDT   SUNSET   913 PM EDT
JULY 29 2016..........SUNRISE   615 AM EDT   SUNSET   912 PM EDT


-  INDICATES NEGATIVE NUMBERS.
R  INDICATES RECORD WAS SET OR TIED.
MM INDICATES DATA IS MISSING.
T  INDICATES TRACE AMOUNT.




$$
