000
CDUS43 KAPX 230553
CLIANJ


CLIMATE REPORT
NATIONAL WEATHER SERVICE GAYLORD MI
1252 AM EST THU FEB 23 2017


...................................

...THE SAULT STE MARIE MI CLIMATE SUMMARY FOR FEBRUARY 22 2017...

CLIMATE NORMAL PERIOD 1981 TO 2010
CLIMATE RECORD PERIOD 1888 TO 2017


WEATHER ITEM   OBSERVED TIME   RECORD YEAR NORMAL DEPARTURE LAST
                VALUE   (LST)  VALUE       VALUE  FROM      YEAR
                                                  NORMAL
..................................................................
TEMPERATURE (F)
 YESTERDAY
  MAXIMUM         47R       MM  44    1984  28     19       26
                                      1930
  MINIMUM         35        MM -23    1907  11     24       14
  AVERAGE         41                        19     22       20

PRECIPITATION (IN)
  YESTERDAY        0.38          0.44 1928   0.04   0.34      T
  MONTH TO DATE    2.74                      1.04   1.70     1.47
  SINCE DEC 1      9.65                      6.02   3.63     8.43
  SINCE JAN 1      5.40                      3.23   2.17     3.02

SNOWFALL (IN)
  YESTERDAY        0.0           5.8  1965   0.6   -0.6      0.1
  MONTH TO DATE   32.7                      15.3   17.4     16.5
  SINCE OCT 1    117.7                      96.9   20.8     55.5
  SINCE JUL 1    117.7                      96.9   20.8     55.5
  SNOW DEPTH      17

DEGREE DAYS
 HEATING
  YESTERDAY       24                        46    -22       45
  MONTH TO DATE  884                      1056   -172     1015
  SINCE DEC 1   3382                      3924   -542     3380
  SINCE JUL 1   4652                      5856  -1204     4871
..................................................................


WIND (MPH)
  HIGHEST WIND SPEED     8   HIGHEST WIND DIRECTION     E (80)
  HIGHEST GUST SPEED    MM   HIGHEST GUST DIRECTION    MM
  AVERAGE WIND SPEED     4.4




RELATIVE HUMIDITY (PERCENT)
 HIGHEST   100
 LOWEST     71
 AVERAGE    86

..........................................................


THE SAULT STE MARIE MI CLIMATE NORMALS FOR TODAY
                         NORMAL    RECORD    YEAR
 MAXIMUM TEMPERATURE (F)   28        47      1984
 MINIMUM TEMPERATURE (F)   11       -24      1934


SUNRISE AND SUNSET
FEBRUARY 23 2017......SUNRISE   727 AM EST   SUNSET   615 PM EST
FEBRUARY 24 2017......SUNRISE   725 AM EST   SUNSET   617 PM EST


-  INDICATES NEGATIVE NUMBERS.
R  INDICATES RECORD WAS SET OR TIED.
MM INDICATES DATA IS MISSING.
T  INDICATES TRACE AMOUNT.




$$
