728
CDUS43 KAPX 160533
CLIANJ


CLIMATE REPORT
NATIONAL WEATHER SERVICE GAYLORD MI
1232 AM EST MON JAN 16 2017


...................................

...THE SAULT STE MARIE MI CLIMATE SUMMARY FOR JANUARY 15 2017...

CLIMATE NORMAL PERIOD 1981 TO 2010
CLIMATE RECORD PERIOD 1888 TO 2017


WEATHER ITEM   OBSERVED TIME   RECORD YEAR NORMAL DEPARTURE LAST
                VALUE   (LST)  VALUE       VALUE  FROM      YEAR
                                                  NORMAL
..................................................................
TEMPERATURE (F)
 YESTERDAY
  MAXIMUM         30    353 PM  41    1953  23      7       16
  MINIMUM         20   1145 PM -29    1994   7     13       10
  AVERAGE         25                        15     10       13

PRECIPITATION (IN)
  YESTERDAY        T             0.62 1953   0.07  -0.07     0.13
  MONTH TO DATE    1.65                      1.14   0.51     1.03
  SINCE DEC 1      5.90                      3.93   1.97     6.44
  SINCE JAN 1      1.65                      1.14   0.51     1.03

SNOWFALL (IN)
  YESTERDAY        T             5.8  1975   1.1   -1.1      0.8
  MONTH TO DATE   20.7                      15.8    4.9     11.5
  SINCE OCT 1     78.4                      66.0   12.4     30.9
  SINCE JUL 1     78.4                      66.0   12.4     30.9
  SNOW DEPTH      19

DEGREE DAYS
 HEATING
  YESTERDAY       40                        50    -10       52
  MONTH TO DATE  678                       738    -60      675
  SINCE DEC 1   1935                      2065   -130     1638
  SINCE JUL 1   3205                      3997   -792     3129
..................................................................


WIND (MPH)
  HIGHEST WIND SPEED    16   HIGHEST WIND DIRECTION    SW (210)
  HIGHEST GUST SPEED    22   HIGHEST GUST DIRECTION    SW (210)
  AVERAGE WIND SPEED     6.2




RELATIVE HUMIDITY (PERCENT)
 HIGHEST    88
 LOWEST     63
 AVERAGE    76

..........................................................


THE SAULT STE MARIE MI CLIMATE NORMALS FOR TODAY
                         NORMAL    RECORD    YEAR
 MAXIMUM TEMPERATURE (F)   23        43      1949
 MINIMUM TEMPERATURE (F)    7       -26      1994


SUNRISE AND SUNSET
JANUARY 16 2017.......SUNRISE   816 AM EST   SUNSET   519 PM EST
JANUARY 17 2017.......SUNRISE   815 AM EST   SUNSET   520 PM EST


-  INDICATES NEGATIVE NUMBERS.
R  INDICATES RECORD WAS SET OR TIED.
MM INDICATES DATA IS MISSING.
T  INDICATES TRACE AMOUNT.




$$
