000
CDUS43 KAPX 300528
CLIANJ


CLIMATE REPORT
NATIONAL WEATHER SERVICE GAYLORD MI
127 AM EDT FRI SEP 30 2016


...................................

...THE SAULT STE MARIE MI CLIMATE SUMMARY FOR SEPTEMBER 29 2016...

CLIMATE NORMAL PERIOD 1981 TO 2010
CLIMATE RECORD PERIOD 1888 TO 2016


WEATHER ITEM   OBSERVED TIME   RECORD YEAR NORMAL DEPARTURE LAST
                VALUE   (LST)  VALUE       VALUE  FROM      YEAR
                                                  NORMAL
..................................................................
TEMPERATURE (F)
 YESTERDAY
  MAXIMUM         74    405 PM  80    1905  61     13       58
  MINIMUM         53    709 AM  26    1993  43     10       44
  AVERAGE         64                        52     12       51

PRECIPITATION (IN)
  YESTERDAY        0.00          1.17 1966   0.12  -0.12     0.00
  MONTH TO DATE    4.82                      3.69   1.13     2.42
  SINCE SEP 1      4.82                      3.69   1.13     2.42
  SINCE JAN 1     24.90                     22.86   2.04    19.67

DEGREE DAYS
 HEATING
  YESTERDAY        1                        13    -12       14
  MONTH TO DATE   75                       241   -166       89
  SINCE SEP 1     75                       241   -166       89
  SINCE JUL 1    110                       388   -278      190

 COOLING
  YESTERDAY        0                         0      0        0
  MONTH TO DATE   35                        15     20       76
  SINCE SEP 1     35                        15     20       76
  SINCE JAN 1    361                       193    168      268
..................................................................


WIND (MPH)
  HIGHEST WIND SPEED    10   HIGHEST WIND DIRECTION    NE (60)
  HIGHEST GUST SPEED    15   HIGHEST GUST DIRECTION     E (70)
  AVERAGE WIND SPEED     4.8




RELATIVE HUMIDITY (PERCENT)
 HIGHEST    89
 LOWEST     38
 AVERAGE    64

..........................................................


THE SAULT STE MARIE MI CLIMATE NORMALS FOR TODAY
                         NORMAL    RECORD    YEAR
 MAXIMUM TEMPERATURE (F)   60        84      1897
 MINIMUM TEMPERATURE (F)   43        25      1993


SUNRISE AND SUNSET
SEPTEMBER 30 2016.....SUNRISE   735 AM EDT   SUNSET   718 PM EDT
OCTOBER  1 2016.......SUNRISE   737 AM EDT   SUNSET   716 PM EDT


-  INDICATES NEGATIVE NUMBERS.
R  INDICATES RECORD WAS SET OR TIED.
MM INDICATES DATA IS MISSING.
T  INDICATES TRACE AMOUNT.




$$
